000
CXUS55 KSEW 290930
CF6HQM
PRELIMINARY LOCAL CLIMATOLOGICAL DATA (WS FORM: F-6)

                                          STATION:   HOQUIAM WA AIRPORT
                                          MONTH:     AUGUST
                                          YEAR:      2015
                                          LATITUDE:   46 58 N
                                          LONGITUDE: 123 56 W

  TEMPERATURE IN F:       :PCPN:    SNOW:  WIND      :SUNSHINE: SKY     :PK WND
================================================================================
1   2   3   4   5  6A  6B    7    8   9   10  11  12  13   14  15   16   17  18
                                     12Z  AVG MX 2MIN
DY MAX MIN AVG DEP HDD CDD  WTR  SNW DPTH SPD SPD DIR MIN PSBL S-S WX    SPD DR
================================================================================

 1  76  55  66   5   0   1 0.00  0.0    0  6.4 20 230   M    M   4 12     21 230
 2  70  56  63   2   2   0 0.00  0.0    0  6.5 20 230   M    M   0 1      22 230
 3  70  55  63   2   2   0 0.00  0.0    0 10.9 21 240   M    M   3 1      26 270
 4  69  53  61   0   4   0 0.00  0.0    0 11.5 22 270   M    M   3 1      32 270
 5  70  55  63   2   2   0 0.00  0.0    0 11.2 21 270   M    M   4 1      25 270
 6  71  57  64   3   1   0 0.01  0.0    0  6.5 16 270   M    M   5 1      19 250
 7  71  52  62   1   3   0 0.00  0.0    0  7.9 20 240   M    M   4 12     23 250
 8  65  59  62   1   3   0 0.04  0.0    0  9.5 21 170   M    M  10 1      28 160
 9  76  58  67   6   0   2 0.00  0.0    0  7.2 18 240   M    M   4 1      22 240
10  74  59  67   6   0   2    T  0.0    0  7.5 20 250   M    M   5 1      24 260
11  76  53  65   4   0   0 0.00  0.0    0  5.5 14 240   M    M   1 12     16 230
12  74  56  65   4   0   0 0.00  0.0    0  6.6 17 230   M    M   2 1      20 260
13  72  60  66   5   0   1 0.00  0.0    0  7.4 15 260   M    M   9 1      19 270
14  67  58  63   2   2   0    T  0.0    0 10.5 18 230   M    M  10 1      20 230
15  73  56  65   4   0   0 0.00  0.0    0  7.8 18 270   M    M   4 1      23 260
16  71  50  61   0   4   0 0.00  0.0    0  5.3 16 260   M    M   0 1      19 270
17  74  50  62   1   3   0 0.00  0.0    0  5.8 16 230   M    M   1 12     19 230
18  82  53  68   7   0   3 0.00  0.0    0  6.1 15 250   M    M   0 1      18 250
19  79  56  68   7   0   3 0.00  0.0    0  8.5 22 290   M    M   2 1      31 290
20  67  58  63   2   2   0 0.00  0.0    0 12.0 18 270   M    M   8        23 270
21  67  52  60  -1   5   0 0.00  0.0    0  8.7 18 250   M    M   3 1      23 240
22  79  47  63   2   2   0 0.00  0.0    0  7.0 18 310   M    M   1 1      23 300
23  73  52  63   2   2   0 0.00  0.0    0  6.2 21 270   M    M   2 1      25 270
24  69  53  61   0   4   0 0.00  0.0    0 10.5 20 260   M    M   0 1      23 260
25  74  47  61   0   4   0 0.00  0.0    0  6.4 17 230   M    M   0 1      21 300
26  77  48  63   2   2   0 0.00  0.0    0  6.6 15 240   M    M   1 1      17 240
27  70  58  64   3   1   0 0.04  0.0    0  7.0 17 230   M    M   5 1      19 230
28  70  60  65   4   0   0 0.22  0.0    0  6.7 20  50   M    M   7 1      24  50
================================================================================
SM 2026 1526        48  12  0.31     0.0 219.7          M       98
================================================================================
AV 72.4 54.5                               7.8 FASTST   M    M   4    MAX(MPH)
                                 MISC ---->  # 22 270               # 32  270
================================================================================
NOTES:
# LAST OF SEVERAL OCCURRENCES

COLUMN 17 PEAK WIND IN M.P.H.

PRELIMINARY LOCAL CLIMATOLOGICAL DATA (WS FORM: F-6) , PAGE 2

                                          STATION:  HOQUIAM WA AIRPORT
                                          MONTH:    AUGUST
                                          YEAR:     2015
                                          LATITUDE:   46 58 N
                                          LONGITUDE: 123 56 W

[TEMPERATURE DATA]      [PRECIPITATION DATA]       SYMBOLS USED IN COLUMN 16

AVERAGE MONTHLY: 63.4   TOTAL FOR MONTH:   0.31    1 = FOG OR MIST
DPTR FM NORMAL:   2.4   DPTR FM NORMAL:   -0.81    2 = FOG REDUCING VISIBILITY
HIGHEST:    82 ON 18    GRTST 24HR  0.24 ON 27-28      TO 1/4 MILE OR LESS
LOWEST:     47 ON 25,22                            3 = THUNDER
                        SNOW, ICE PELLETS, HAIL    4 = ICE PELLETS
                        TOTAL MONTH:   0.0 INCH    5 = HAIL
                        GRTST 24HR     0.0         6 = FREEZING RAIN OR DRIZZLE
                        GRTST DEPTH:   0           7 = DUSTSTORM OR SANDSTORM:
                                                       VSBY 1/2 MILE OR LESS
                                                   8 = SMOKE OR HAZE
[NO. OF DAYS WITH]      [WEATHER - DAYS WITH]      9 = BLOWING SNOW
                                                   X = TORNADO
MAX 32 OR BELOW:   0    0.01 INCH OR MORE:   4
MAX 90 OR ABOVE:   0    0.10 INCH OR MORE:   1
MIN 32 OR BELOW:   0    0.50 INCH OR MORE:   0
MIN  0 OR BELOW:   0    1.00 INCH OR MORE:   0

[HDD (BASE 65) ]
TOTAL THIS MO.    48    CLEAR  (SCALE 0-3)  14
DPTR FM NORMAL   -64    PTCLDY (SCALE 4-7)  10
TOTAL FM JUL 1    91    CLOUDY (SCALE 8-10)  4
DPTR FM NORMAL  -185

[CDD (BASE 65) ]
TOTAL THIS MO.    12
DPTR FM NORMAL    12    [PRESSURE DATA]
TOTAL FM JAN 1    31    HIGHEST SLP M ON M
DPTR FM NORMAL    22    LOWEST  SLP 29.57 ON 28

[REMARKS]
