000
CXUS54 KBRO 300900
CF6HRL
PRELIMINARY LOCAL CLIMATOLOGICAL DATA (WS FORM: F-6)

                                          STATION:   HARLINGEN
                                          MONTH:     JULY
                                          YEAR:      2016
                                          LATITUDE:   26 13 N
                                          LONGITUDE:  97 40 W

  TEMPERATURE IN F:       :PCPN:    SNOW:  WIND      :SUNSHINE: SKY     :PK WND
================================================================================
1   2   3   4   5  6A  6B    7    8   9   10  11  12  13   14  15   16   17  18
                                     12Z  AVG MX 2MIN
DY MAX MIN AVG DEP HDD CDD  WTR  SNW DPTH SPD SPD DIR MIN PSBL S-S WX    SPD DR
================================================================================

 1 100  77  89   4   0  24 0.00  0.0    0 12.3 25 150   M    M   0        30 140
 2  98  79  89   4   0  24 0.00  0.0    0 15.2 26 160   M    M   2        32 150
 3  97  82  90   5   0  25 0.00  0.0    0 18.6 29 170   M    M   2        36 180
 4  99  82  91   6   0  26 0.00  0.0    0 19.5 30 180   M    M   1 1      38 180
 5  98  81  90   5   0  25 0.00  0.0    0 19.3 29 160   M    M   1 18     36 150
 6  99  81  90   5   0  25 0.00  0.0    0 19.7 31 170   M    M   1        39 150
 7  96  81  89   4   0  24 0.00  0.0    0 18.5 28 140   M    M   3 18     36 150
 8  97  79  88   3   0  23 0.00  0.0    0 17.8 29 150   M    M   2        38 150
 9  97  79  88   3   0  23 0.00  0.0    0 16.3 26 160   M    M   3        34 170
10  96  79  88   3   0  23 0.00  0.0    0 20.7 32 160   M    M   3 1      40 170
11  96  80  88   3   0  23 0.00  0.0    0 20.0 30 150   M    M   2        37 140
12  97  78  88   3   0  23 0.00  0.0    0 16.1 29 140   M    M   2        35 150
13  98  79  89   4   0  24 0.00  0.0    0 17.4 26 150   M    M   0        37 160
14  97  79  88   3   0  23 0.00  0.0    0 18.7 28 150   M    M   1        36 160
15  99  78  89   4   0  24 0.00  0.0    0 16.4 26 160   M    M   1 1      31 160
16  99  75  87   2   0  22 0.00  0.0    0 11.6 26 120   M    M   1        33 120
17  98  75  87   2   0  22 0.00  0.0    0 12.0 23 130   M    M   1        32 160
18  98  75  87   2   0  22 0.00  0.0    0 11.5 26 120   M    M   2        32 120
19  95  74  85   0   0  20 0.09  0.0    0  7.7 23  80   M    M   2 1      28  70
20  97  74  86   1   0  21 0.00  0.0    0  9.1 21  80   M    M   1        27  80
21  97  73  85   0   0  20 0.00  0.0    0  8.1 21  90   M    M   1        26  80
22  98  73  86   1   0  21 0.00  0.0    0  7.2 18 110   M    M   1        27  80
23  99  74  87   2   0  22    T  0.0    0  9.0 22 120   M    M   2 3      28 120
24   M   M   M   M   M   M 0.00  0.0    0 12.6 20 140   M    M   1         M  M
25 100  77  89   4   0  24 0.00  0.0    0 11.4 23 150   M    M   1        29 150
26 100  79  90   5   0  25 0.00  0.0    0 13.4 28 150   M    M   1        34 160
27  97  78  88   3   0  23 0.00  0.0    0 12.8 22 180   M    M   1        34 150
28 100  80  90   4   0  25 0.00  0.0    0 13.8 26 130   M    M   1        34 130
29  99  77  88   2   0  23    T  0.0    0 11.3 26 140   M    M   1 3      32 140
================================================================================
SM 2741 2178         0 649  0.09     0.0 418.0          M       41
================================================================================
AV 97.9 77.8                              14.4 FASTST   M    M   1    MAX(MPH)
                                 MISC ---->  # 32 160               # 40  170
================================================================================
NOTES:
# LAST OF SEVERAL OCCURRENCES

COLUMN 17 PEAK WIND IN M.P.H.

PRELIMINARY LOCAL CLIMATOLOGICAL DATA (WS FORM: F-6) , PAGE 2

                                          STATION:  HARLINGEN
                                          MONTH:    JULY
                                          YEAR:     2016
                                          LATITUDE:   26 13 N
                                          LONGITUDE:  97 40 W

[TEMPERATURE DATA]      [PRECIPITATION DATA]       SYMBOLS USED IN COLUMN 16

AVERAGE MONTHLY: 87.8   TOTAL FOR MONTH:   0.09    1 = FOG OR MIST
DPTR FM NORMAL:   2.8   DPTR FM NORMAL:   -1.75    2 = FOG REDUCING VISIBILITY
HIGHEST:   100 ON 28,26 GRTST 24HR  0.09 ON 19-19      TO 1/4 MILE OR LESS
LOWEST:     73 ON 22,21                            3 = THUNDER
                        SNOW, ICE PELLETS, HAIL    4 = ICE PELLETS
                        TOTAL MONTH:   0.0 INCH    5 = HAIL
                        GRTST 24HR     0.0         6 = FREEZING RAIN OR DRIZZLE
                        GRTST DEPTH:   0           7 = DUSTSTORM OR SANDSTORM:
                                                       VSBY 1/2 MILE OR LESS
                                                   8 = SMOKE OR HAZE
[NO. OF DAYS WITH]      [WEATHER - DAYS WITH]      9 = BLOWING SNOW
                                                   X = TORNADO
MAX 32 OR BELOW:   0    0.01 INCH OR MORE:   1
MAX 90 OR ABOVE:  28    0.10 INCH OR MORE:   0
MIN 32 OR BELOW:   0    0.50 INCH OR MORE:   0
MIN  0 OR BELOW:   0    1.00 INCH OR MORE:   0

[HDD (BASE 65) ]
TOTAL THIS MO.     0    CLEAR  (SCALE 0-3)  27
DPTR FM NORMAL     0    PTCLDY (SCALE 4-7)   2
TOTAL FM JUL 1     0    CLOUDY (SCALE 8-10)  0
DPTR FM NORMAL     0

[CDD (BASE 65) ]
TOTAL THIS MO.   649
DPTR FM NORMAL    69    [PRESSURE DATA]
TOTAL FM JAN 1  2595    HIGHEST SLP M ON M
DPTR FM NORMAL   346    LOWEST  SLP 29.82 ON 26

[REMARKS]
