000
CXUS53 KGID 190730
CF6HSI
PRELIMINARY LOCAL CLIMATOLOGICAL DATA (WS FORM: F-6)

                                          STATION:   HASTINGS NE
                                          MONTH:     FEBRUARY
                                          YEAR:      2018
                                          LATITUDE:   40 35 N
                                          LONGITUDE:  98 26 W

  TEMPERATURE IN F:       :PCPN:    SNOW:  WIND      :SUNSHINE: SKY     :PK WND
================================================================================
1   2   3   4   5  6A  6B    7    8   9   10  11  12  13   14  15   16   17  18
                                     12Z  AVG MX 2MIN
DY MAX MIN AVG DEP HDD CDD  WTR  SNW DPTH SPD SPD DIR MIN PSBL S-S WX    SPD DR
================================================================================

 1  36  13  25  -2  40   0 0.00  0.0    0 12.3 28  10   M    M   4        35 360
 2  43  13  28   1  37   0 0.00  0.0    0 11.7 25 200   M    M   3        38 200
 3  57  21  39  12  26   0    T    T    0 14.2 30 360   M    M   5        39 360
 4  21  -3   9 -19  56   0 0.21  2.6    T 15.2 30 360   M    M   5 9      39  10
 5  22  -2  10 -18  55   0    T    T    3 13.8 26 350   M    M   5        34 360
 6  11  -5   3 -25  62   0 0.12  2.0    2  5.8 12  20   M    M   6 1      15 350
 7  19   3  11 -17  54   0    T    T    4  7.8 14 350   M    M   6        19 360
 8  27  12  20  -8  45   0 0.00  0.0    4  8.5 18  20   M    M   2 18     23  20
 9  19   5  12 -16  53   0 0.08  1.3    3 18.7 31  20   M    M   9 18     40  30
10   9  -1   4 -25  61   0 0.03  0.9    4  9.2 18  10   M    M   7 1      23 360
11  24  -2  11 -18  54   0 0.00  0.0    4  6.4 13 280   M    M   0 1      17 280
12  19   0  10 -19  55   0    T    T    4 10.4 18 110   M    M   3        26 110
13  38  17  28  -1  37   0 0.00  0.0    3  8.5 17 200   M    M   0        26 190
14  44  20  32   2  33   0 0.00  0.0    3  4.9 15 180   M    M   0        24 180
15  43  21  32   2  33   0 0.00  0.0    T 13.5 31 360   M    M   3        42  10
16  34  12  23  -7  42   0    T    T    T 11.3 28 360   M    M   2        36  10
17  48  23  36   6  29   0 0.00  0.0    T 11.3 21 290   M    M   0        26 300
18  63  28  46  15  19   0 0.00  0.0    0 16.1 33  30   M    M   1        43 200
================================================================================
SM  577  175       791   0  0.44     6.8 199.6          M       61
================================================================================
AV 32.1  9.7                              11.1 FASTST   M    M   3    MAX(MPH)
                                 MISC ---->  # 33  30               # 43  200
================================================================================
NOTES:
# LAST OF SEVERAL OCCURRENCES

COLUMN 17 PEAK WIND IN M.P.H.

PRELIMINARY LOCAL CLIMATOLOGICAL DATA (WS FORM: F-6) , PAGE 2

                                          STATION:  HASTINGS NE
                                          MONTH:    FEBRUARY
                                          YEAR:     2018
                                          LATITUDE:   40 35 N
                                          LONGITUDE:  98 26 W

[TEMPERATURE DATA]      [PRECIPITATION DATA]       SYMBOLS USED IN COLUMN 16

AVERAGE MONTHLY: 20.9   TOTAL FOR MONTH:   0.44    1 = FOG OR MIST
DPTR FM NORMAL:  -7.8   DPTR FM NORMAL:    0.15    2 = FOG REDUCING VISIBILITY
HIGHEST:    63 ON 18    GRTST 24HR  0.21 ON  4- 4      TO 1/4 MILE OR LESS
LOWEST:     -5 ON  6                               3 = THUNDER
                        SNOW, ICE PELLETS, HAIL    4 = ICE PELLETS
                        TOTAL MONTH:   6.8 INCHES  5 = HAIL
                        GRTST 24HR   2.6 ON  4- 4  6 = FREEZING RAIN OR DRIZZLE
                        GRTST DEPTH:   4 ON 12,11  7 = DUSTSTORM OR SANDSTORM:
                                                       VSBY 1/2 MILE OR LESS
                                                   8 = SMOKE OR HAZE
[NO. OF DAYS WITH]      [WEATHER - DAYS WITH]      9 = BLOWING SNOW
                                                   X = TORNADO
MAX 32 OR BELOW:   9    0.01 INCH OR MORE:   4
MAX 90 OR ABOVE:   0    0.10 INCH OR MORE:   2
MIN 32 OR BELOW:  18    0.50 INCH OR MORE:   0
MIN  0 OR BELOW:   6    1.00 INCH OR MORE:   0

[HDD (BASE 65) ]
TOTAL THIS MO.   791    CLEAR  (SCALE 0-3)   8
DPTR FM NORMAL   137    PTCLDY (SCALE 4-7)   9
TOTAL FM JUL 1  4348    CLOUDY (SCALE 8-10)  1
DPTR FM NORMAL    45

[CDD (BASE 65) ]
TOTAL THIS MO.     0
DPTR FM NORMAL     0    [PRESSURE DATA]
TOTAL FM JAN 1     0    HIGHEST SLP M ON M
DPTR FM NORMAL     0    LOWEST  SLP 29.50 ON 18

[REMARKS]
