000
CXUS54 KHUN 171015
CF6HSV
PRELIMINARY LOCAL CLIMATOLOGICAL DATA (WS FORM: F-6)

                                          STATION:   HUNTSVILLE
                                          MONTH:     NOVEMBER
                                          YEAR:      2017
                                          LATITUDE:   34 39 N
                                          LONGITUDE:  86 46 W

  TEMPERATURE IN F:       :PCPN:    SNOW:  WIND      :SUNSHINE: SKY     :PK WND
================================================================================
1   2   3   4   5  6A  6B    7    8   9   10  11  12  13   14  15   16   17  18
                                     12Z  AVG MX 2MIN
DY MAX MIN AVG DEP HDD CDD  WTR  SNW DPTH SPD SPD DIR MIN PSBL S-S WX    SPD DR
================================================================================

 1  67  50  59   1   6   0    T  0.0    0  7.6 15 160   M    M   8        20 210
 2  72  61  67  10   0   2    T  0.0    0 10.0 16 170   M    M   9        19 170
 3  76  63  70  13   0   5 0.01  0.0    0  5.7 13 230   M    M   8 12     16 240
 4  81  63  72  15   0   7 0.00  0.0    0  5.8 14 230   M    M   7 12     16 250
 5  81  62  72  16   0   7 0.00  0.0    0  8.9 21 200   M    M   5 12     26 200
 6  78  68  73  17   0   8 0.05  0.0    0  6.9 15 230   M    M   9 13     19 240
 7  74  54  64   8   1   0 0.61  0.0    0  8.8 16  20   M    M   8 13     24 310
 8  55  49  52  -3  13   0 0.09  0.0    0  8.7 14  10   M    M   9 1      17  10
 9  65  44  55   0  10   0 0.02    M    0  7.6 15  30   M    M   4 1      18 350
10  60  38  49  -6  16   0 0.00  0.0    0  8.5 15 360   M    M   2        18  20
11  65  34  50  -4  15   0 0.00  0.0    0  7.9 20 130   M    M   4        25 130
12  61  51  56   2   9   0 0.00  0.0    0  5.7 15 140   M    M  10        18 130
13  57  39  48  -6  17   0 0.00  0.0    0  8.2 17  20   M    M   2 18     20  20
14  63  37  50  -3  15   0 0.00  0.0    0  3.6 10 110   M    M   1        12  70
15  61  42  52  -1  13   0    T    M    0  5.1 15 150   M    M   7        19 150
16  66  39  53   0  12   0 0.00  0.0    0  4.5 13  10   M    M   6 1      16  40
================================================================================
SM 1082  794       127  29  0.78     0.0 113.5          M       99
================================================================================
AV 67.6 49.6                               7.1 FASTST   M    M   6    MAX(MPH)
                                 MISC ---->  # 21 200               # 26  200
================================================================================
NOTES:
# LAST OF SEVERAL OCCURRENCES

COLUMN 17 PEAK WIND IN M.P.H.

PRELIMINARY LOCAL CLIMATOLOGICAL DATA (WS FORM: F-6) , PAGE 2

                                          STATION:  HUNTSVILLE
                                          MONTH:    NOVEMBER
                                          YEAR:     2017
                                          LATITUDE:   34 39 N
                                          LONGITUDE:  86 46 W

[TEMPERATURE DATA]      [PRECIPITATION DATA]       SYMBOLS USED IN COLUMN 16

AVERAGE MONTHLY: 58.6   TOTAL FOR MONTH:   0.78    1 = FOG OR MIST
DPTR FM NORMAL:   3.4   DPTR FM NORMAL:   -1.59    2 = FOG REDUCING VISIBILITY
HIGHEST:    81 ON  5, 4 GRTST 24HR  0.61 ON  7- 7      TO 1/4 MILE OR LESS
LOWEST:     34 ON 11                               3 = THUNDER
                        SNOW, ICE PELLETS, HAIL    4 = ICE PELLETS
                        TOTAL MONTH:   0.0 INCH    5 = HAIL
                        GRTST 24HR     0.0         6 = FREEZING RAIN OR DRIZZLE
                        GRTST DEPTH:   0           7 = DUSTSTORM OR SANDSTORM:
                                                       VSBY 1/2 MILE OR LESS
                                                   8 = SMOKE OR HAZE
[NO. OF DAYS WITH]      [WEATHER - DAYS WITH]      9 = BLOWING SNOW
                                                   X = TORNADO
MAX 32 OR BELOW:   0    0.01 INCH OR MORE:   5
MAX 90 OR ABOVE:   0    0.10 INCH OR MORE:   1
MIN 32 OR BELOW:   0    0.50 INCH OR MORE:   1
MIN  0 OR BELOW:   0    1.00 INCH OR MORE:   0

[HDD (BASE 65) ]
TOTAL THIS MO.   127    CLEAR  (SCALE 0-3)   3
DPTR FM NORMAL   -37    PTCLDY (SCALE 4-7)   6
TOTAL FM JUL 1   269    CLOUDY (SCALE 8-10)  7
DPTR FM NORMAL   -46

[CDD (BASE 65) ]
TOTAL THIS MO.    29
DPTR FM NORMAL    22    [PRESSURE DATA]
TOTAL FM JAN 1  2114    HIGHEST SLP M ON M
DPTR FM NORMAL   167    LOWEST  SLP 29.96 ON M

[REMARKS]
