000
CXUS56 KTFX 271205
CF6HVR
PRELIMINARY LOCAL CLIMATOLOGICAL DATA (WS FORM: F-6)

                                          STATION:   HAVRE MT
                                          MONTH:     FEBRUARY
                                          YEAR:      2015
                                          LATITUDE:   48 32 N
                                          LONGITUDE: 109 46 W

  TEMPERATURE IN F:       :PCPN:    SNOW:  WIND      :SUNSHINE: SKY     :PK WND
================================================================================
1   2   3   4   5  6A  6B    7    8   9   10  11  12  13   14  15   16   17  18
                                     12Z  AVG MX 2MIN
DY MAX MIN AVG DEP HDD CDD  WTR  SNW DPTH SPD SPD DIR MIN PSBL S-S WX    SPD DR
================================================================================

 1  11 -14  -1 -21  66   0 0.02  2.2    2  4.4 13  80   M    M   2 1      14  70
 2  19  10  15  -5  50   0 0.08  1.8    4  5.6 13  60   M    M   9 1      14  70
 3  16 -11   3 -17  62   0 0.12  1.0    5  8.1 17 320   M    M   9 18     22 320
 4   4 -19  -7 -27  72   0 0.00  0.0    5  3.9 12  70   M    M   0 18     13  60
 5  43   3  23   3  42   0 0.00  0.0    5  7.9 21 230   M    M   5        23 230
 6  52  24  38  18  27   0 0.00  0.0    5  8.9 20 240   M    M   1        26 240
 7  55  37  46  26  19   0    T  0.0    T 14.2 30 210   M    M   4        38 210
 8  56  30  43  22  22   0 0.00  0.0    0 11.4 24 210   M    M   1        28 210
 9  32  24  28   7  37   0 0.07  0.0    0 10.1 21  80   M    M   8 126    24  80
10  24  15  20  -1  45   0 0.02    T    T  9.8 20 310   M    M  10 1      24 320
11  24  20  22   1  43   0    T    T    T 11.6 24  90   M    M  10        28  90
12  49  19  34  13  31   0 0.00  0.0    T  8.0 18 230   M    M   1        21 230
13  57  34  46  24  19   0 0.00  0.0    0 10.6 22 220   M    M   1        27 220
14  38  28  33  11  32   0 0.00  0.0    0 14.2 28 310   M    M   5        32  80
15  47  28  38  16  27   0 0.00  0.0    0  9.9 22 290   M    M   7        27 300
16  39  21  30   8  35   0    T    T    0 12.2 26 330   M    M   8        34 330
17  31  20  26   4  39   0 0.00  0.0    T  7.5 16 320   M    M   9        18 320
18  42  21  32   9  33   0 0.00  0.0    0  6.7 14  70   M    M   6        17 220
19  52  25  39  16  26   0 0.00  0.0    0 10.9 23 300   M    M   3        27 280
20  40  20  30   7  35   0    T    T    0 11.6 24 340   M    M   8        29 350
21  23   4  14 -10  51   0    T    T    0 10.7 21 330   M    M   6        27 320
22  26   0  13 -11  52   0 0.00  0.0    0  5.9 14 230   M    M   0        18 200
23  49  12  31   7  34   0 0.00  0.0    0 16.1 31 230   M    M   4        38 220
24  53  30  42  18  23   0 0.01  0.0    0 15.7 29 220   M    M   4        36 220
25  34   9  22  -3  43   0 0.01  0.2    T 11.7 37 360   M    M   9 18     45 350
26  21  -1  10 -15  55   0 0.00  0.0    T  9.7 16  70   M    M   2        19  70
================================================================================
SM  937  389      1020   0  0.33     5.2 257.3          M      132
================================================================================
AV 36.0 15.0                               9.9 FASTST   M    M   5    MAX(MPH)
                                 MISC ---->  # 37 360               # 45  350
================================================================================
NOTES:
# LAST OF SEVERAL OCCURRENCES

COLUMN 17 PEAK WIND IN M.P.H.

PRELIMINARY LOCAL CLIMATOLOGICAL DATA (WS FORM: F-6) , PAGE 2

                                          STATION:  HAVRE MT
                                          MONTH:    FEBRUARY
                                          YEAR:     2015
                                          LATITUDE:   48 32 N
                                          LONGITUDE: 109 46 W

[TEMPERATURE DATA]      [PRECIPITATION DATA]       SYMBOLS USED IN COLUMN 16

AVERAGE MONTHLY: 25.5   TOTAL FOR MONTH:   0.33    1 = FOG OR MIST
DPTR FM NORMAL:   3.6   DPTR FM NORMAL:    0.07    2 = FOG REDUCING VISIBILITY
HIGHEST:    57 ON 13    GRTST 24HR  0.14 ON  2- 3      TO 1/4 MILE OR LESS
LOWEST:    -19 ON  4                               3 = THUNDER
                        SNOW, ICE PELLETS, HAIL    4 = ICE PELLETS
                        TOTAL MONTH:   5.2 INCHES  5 = HAIL
                        GRTST 24HR   2.2 ON   M    6 = FREEZING RAIN OR DRIZZLE
                        GRTST DEPTH:   5 ON  6, 5  7 = DUSTSTORM OR SANDSTORM:
                                                       VSBY 1/2 MILE OR LESS
                                                   8 = SMOKE OR HAZE
[NO. OF DAYS WITH]      [WEATHER - DAYS WITH]      9 = BLOWING SNOW
                                                   X = TORNADO
MAX 32 OR BELOW:  11    0.01 INCH OR MORE:   7
MAX 90 OR ABOVE:   0    0.10 INCH OR MORE:   1
MIN 32 OR BELOW:  24    0.50 INCH OR MORE:   0
MIN  0 OR BELOW:   5    1.00 INCH OR MORE:   0

[HDD (BASE 65) ]
TOTAL THIS MO.  1020    CLEAR  (SCALE 0-3)   9
DPTR FM NORMAL   -97    PTCLDY (SCALE 4-7)   9
TOTAL FM JUL 1  5569    CLOUDY (SCALE 8-10)  8
DPTR FM NORMAL  -471

[CDD (BASE 65) ]
TOTAL THIS MO.     0
DPTR FM NORMAL     0    [PRESSURE DATA]
TOTAL FM JAN 1     0    HIGHEST SLP M ON M
DPTR FM NORMAL     0    LOWEST  SLP 29.58 ON  7

[REMARKS]
