000
CXUS53 KICT 280800
CF6ICT
PRELIMINARY LOCAL CLIMATOLOGICAL DATA (WS FORM: F-6)

                                          STATION:   WICHITA EISENHOWER NATIONAL
                                          MONTH:     FEBRUARY
                                          YEAR:      2015
                                          LATITUDE:   37 39 N
                                          LONGITUDE:  97 25 W

  TEMPERATURE IN F:       :PCPN:    SNOW:  WIND      :SUNSHINE: SKY     :PK WND
================================================================================
1   2   3   4   5  6A  6B    7    8   9   10  11  12  13   14  15   16   17  18
                                     12Z  AVG MX 2MIN
DY MAX MIN AVG DEP HDD CDD  WTR  SNW DPTH SPD SPD DIR MIN PSBL S-S WX    SPD DR
================================================================================

 1  42  12  27  -7  38   0 0.02    T    0 24.3 38 330   M    M   9 1      49 330
 2  32   7  20 -14  45   0    T    T    0 10.3 20 180   M    M   2        24 180
 3  55  20  38   4  27   0 0.00  0.0    0 12.1 25 200   M    M   3        34 190
 4  38  17  28  -6  37   0 0.01  0.1    0 15.7 33  20   M    M   8 18     42  10
 5  36  12  24 -10  41   0 0.00  0.0    0  9.8 17 180   M    M   5        21 190
 6  62  27  45  10  20   0 0.00  0.0    0 14.9 24 190   M    M   3        29 200
 7  67  30  49  14  16   0 0.00  0.0    0  9.2 17 190   M    M   0 1      22 170
 8  74  36  55  20  10   0 0.00  0.0    0  8.7 20 340   M    M   1 1      25 340
 9  56  33  45  10  20   0 0.00  0.0    0  7.6 16 110   M    M   3 18     19 120
10  60  30  45   9  20   0 0.00  0.0    0  7.6 14 120   M    M   1 18     18 110
11  44  24  34  -2  31   0 0.00  0.0    0 13.8 29 360   M    M   5        38  10
12  34  22  28  -8  37   0 0.00  0.0    0  9.6 21  40   M    M   4        27  20
13  60  22  41   5  24   0 0.00  0.0    0  6.4 22 330   M    M   4        25 320
14  61  26  44   7  21   0 0.00  0.0    0 14.1 26  50   M    M   2        32  40
15  28  18  23 -14  42   0 0.00  0.0    0 14.4 21  50   M    M   6 8      26  50
16  39  17  28  -9  37   0 0.04  0.7    1  9.4 16 360   M    M   6 1      20  20
17  47  15  31  -7  34   0 0.01  0.1    0 10.2 35 340   M    M   5        47 300
18  36  12  24 -14  41   0 0.00  0.0    0  9.8 21 330   M    M   6        26 330
19  43  19  31  -7  34   0 0.00  0.0    0 12.0 23 160   M    M   6        33 180
20  45  23  34  -5  31   0 0.04  0.0    0  9.6 16 170   M    M   8 18     19 170
21  56  31  44   5  21   0 0.09    T    0 11.1 26  40   M    M   7 1      33  40
22  33  18  26 -13  39   0 0.02  1.6    2 18.6 26  20   M    M  10 1      35  20
23  24  15  20 -20  45   0 0.01  0.1    1  8.7 21  50   M    M  10        23  40
24  49  15  32  -8  33   0 0.00  0.0    0  8.1 16 260   M    M   2        21 240
25  57  21  39  -1  26   0 0.00  0.0    0 12.6 35 360   M    M   4 18     50  10
26  27  12  20 -21  45   0    T    T    0 17.9 32 360   M    M   6        44 350
27  17  11  14 -27  51   0 0.06  0.6    0  8.9 17  50   M    M   9 8      20  50
================================================================================
SM 1222  545       866   0  0.30     3.2 315.4          M      135
================================================================================
AV 45.3 20.2                              11.7 FASTST   M    M   5    MAX(MPH)
                                 MISC ---->  # 38 330               # 50   10
================================================================================
NOTES:
# LAST OF SEVERAL OCCURRENCES

COLUMN 17 PEAK WIND IN M.P.H.

PRELIMINARY LOCAL CLIMATOLOGICAL DATA (WS FORM: F-6) , PAGE 2

                                          STATION:  WICHITA EISENHOWER NATIONAL
                                          MONTH:    FEBRUARY
                                          YEAR:     2015
                                          LATITUDE:   37 39 N
                                          LONGITUDE:  97 25 W

[TEMPERATURE DATA]      [PRECIPITATION DATA]       SYMBOLS USED IN COLUMN 16

AVERAGE MONTHLY: 32.7   TOTAL FOR MONTH:   0.30    1 = FOG OR MIST
DPTR FM NORMAL:  -4.2   DPTR FM NORMAL:   -0.83    2 = FOG REDUCING VISIBILITY
HIGHEST:    74 ON  8    GRTST 24HR  0.69 ON 31- 1      TO 1/4 MILE OR LESS
LOWEST:      7 ON  2                               3 = THUNDER
                        SNOW, ICE PELLETS, HAIL    4 = ICE PELLETS
                        TOTAL MONTH:   3.2 INCHES  5 = HAIL
                        GRTST 24HR   1.6 ON   M    6 = FREEZING RAIN OR DRIZZLE
                        GRTST DEPTH:   2 ON 22     7 = DUSTSTORM OR SANDSTORM:
                                                       VSBY 1/2 MILE OR LESS
                                                   8 = SMOKE OR HAZE
[NO. OF DAYS WITH]      [WEATHER - DAYS WITH]      9 = BLOWING SNOW
                                                   X = TORNADO
MAX 32 OR BELOW:   5    0.01 INCH OR MORE:   9
MAX 90 OR ABOVE:   0    0.10 INCH OR MORE:   0
MIN 32 OR BELOW:  25    0.50 INCH OR MORE:   0
MIN  0 OR BELOW:   0    1.00 INCH OR MORE:   0

[HDD (BASE 65) ]
TOTAL THIS MO.   866    CLEAR  (SCALE 0-3)   9
DPTR FM NORMAL   111    PTCLDY (SCALE 4-7)  14
TOTAL FM JUL 1  3520    CLOUDY (SCALE 8-10)  4
DPTR FM NORMAL   -95

[CDD (BASE 65) ]
TOTAL THIS MO.     0
DPTR FM NORMAL     0    [PRESSURE DATA]
TOTAL FM JAN 1     0    HIGHEST SLP M ON M
DPTR FM NORMAL     0    LOWEST  SLP 29.69 ON  7

[REMARKS]
