000
CXUS55 KPIH 271200
CF6IDA

PRELIMINARY LOCAL CLIMATOLOGICAL DATA (WS FORM: F-6)

                                          STATION:   IDAHO FALLS ID
                                          MONTH:     MARCH
                                          YEAR:      2015
                                          LATITUDE:   43 31 N
                                          LONGITUDE: 112  4 W

  TEMPERATURE IN F:       :PCPN:    SNOW:  WIND      :SUNSHINE: SKY     :PK WND
================================================================================
1   2   3   4   5  6A  6B    7    8   9   10  11  12  13   14  15   16   17  18
                                     12Z  AVG MX 2MIN
DY MAX MIN AVG DEP HDD CDD  WTR  SNW DPTH SPD SPD DIR MIN PSBL S-S WX    SPD DR
================================================================================

 1  42  12  27  -3  38   0 0.00    M    M  8.1 18  20   M    M   0        24 360
 2  43  13  28  -2  37   0 0.00    M    M  6.9 18 200   M    M   4        23 200
 3  33  18  26  -5  39   0    T    M    M 10.5 28  20   M    M   5 1      33  20
 4  35   9  22  -9  43   0 0.00    M    M  6.1 13 210   M    M   0        17 200
 5  46  15  31  -1  34   0 0.00    M    M  6.0 17 220   M    M   0        21 210
 6  55  20  38   6  27   0 0.00    M    M  5.4 15 210   M    M   0 8      19 210
 7  58  23  41   9  24   0 0.00    M    M  4.6 17 220   M    M   1        23 200
 8  57  21  39   6  26   0 0.00    M    M  4.6 12 210   M    M   0        13 210
 9  58  21  40   7  25   0 0.00    M    M  7.9 16 200   M    M   1        19 250
10  62  21  42   8  23   0 0.00    M    M  3.9 14 230   M    M   0        20 210
11  63  30  47  13  18   0    T    M    M  9.8 26 190   M    M   6 8      36 200
12  61  34  48  13  17   0    T    M    M  9.0 22 240   M    M   7        30 230
13  63  24  44   9  21   0 0.00    M    M  2.3  9 340   M    M   0        13 350
14  66  31  49  13  16   0 0.00    M    M 12.1 26 210   M    M   4        32 210
15  70  42  56  20   9   0 0.00    M    M 10.0 26 200   M    M   5        33 190
16  67  41  54  18  11   0 0.00    M    M 11.7 24 210   M    M   6        30 210
17  67  46  57  20   8   0    T    M    M 12.5 23 240   M    M   7        29 230
18  59  34  47  10  18   0 0.00    M    M 12.1 21 220   M    M   4        26 220
19  57  22  40   3  25   0 0.00    M    M  5.2 13 230   M    M   0        16 220
20  67  23  45   7  20   0 0.00    M    M  5.3 17 240   M    M   0        27 220
21  65  30  48  10  17   0 0.00    M    M 12.0 30 240   M    M   3        37 240
22  63  30  47   9  18   0 0.00    M    M  5.2 16 220   M    M   2        22 230
23  55  27  41   2  24   0 0.01    M    M 19.5 37 210   M    M   5 17     48 230
24  49  32  41   2  24   0 0.06    M    M 13.8 32 230   M    M   8 1      41 250
25  50  24  37  -2  28   0 0.00    M    M 12.6 21 220   M    M   4        28 200
26  60  30  45   5  20   0 0.00    M    M 10.3 20 210   M    M   1        25 210
================================================================================
SM 1471  673       610   0  0.07    M    227.4          M       73
================================================================================
AV 56.6 25.9                               8.7 FASTST   M    M   3    MAX(MPH)
                                 MISC ---->  # 37 210               # 48  230
================================================================================
NOTES:
# LAST OF SEVERAL OCCURRENCES

COLUMN 17 PEAK WIND IN M.P.H.

PRELIMINARY LOCAL CLIMATOLOGICAL DATA (WS FORM: F-6) , PAGE 2

                                          STATION:  IDAHO FALLS ID
                                          MONTH:    MARCH
                                          YEAR:     2015
                                          LATITUDE:   43 31 N
                                          LONGITUDE: 112  4 W

[TEMPERATURE DATA]      [PRECIPITATION DATA]       SYMBOLS USED IN COLUMN 16

AVERAGE MONTHLY: 41.2   TOTAL FOR MONTH:   0.07    1 = FOG OR MIST
DPTR FM NORMAL:   6.2   DPTR FM NORMAL:   -0.65    2 = FOG REDUCING VISIBILITY
HIGHEST:    70 ON 15    GRTST 24HR  0.06 ON 24-24      TO 1/4 MILE OR LESS
LOWEST:      9 ON  4                               3 = THUNDER
                        SNOW, ICE PELLETS, HAIL    4 = ICE PELLETS
                        TOTAL MONTH:    M          5 = HAIL
                        GRTST 24HR    M  ON   M    6 = FREEZING RAIN OR DRIZZLE
                        GRTST DEPTH:  M  ON   M    7 = DUSTSTORM OR SANDSTORM:
                                                       VSBY 1/2 MILE OR LESS
                                                   8 = SMOKE OR HAZE
[NO. OF DAYS WITH]      [WEATHER - DAYS WITH]      9 = BLOWING SNOW
                                                   X = TORNADO
MAX 32 OR BELOW:   0    0.01 INCH OR MORE:   2
MAX 90 OR ABOVE:   0    0.10 INCH OR MORE:   0
MIN 32 OR BELOW:  21    0.50 INCH OR MORE:   0
MIN  0 OR BELOW:   0    1.00 INCH OR MORE:   0

[HDD (BASE 65) ]
TOTAL THIS MO.   610    CLEAR  (SCALE 0-3)  14
DPTR FM NORMAL  -169    PTCLDY (SCALE 4-7)  12
TOTAL FM JUL 1  5428    CLOUDY (SCALE 8-10)  0
DPTR FM NORMAL -1153

[CDD (BASE 65) ]
TOTAL THIS MO.     0
DPTR FM NORMAL     0    [PRESSURE DATA]
TOTAL FM JAN 1     0    HIGHEST SLP M ON M
DPTR FM NORMAL     0    LOWEST  SLP 29.68 ON  2

[REMARKS]
