000
CXUS53 KUNR 220945
CF6IEN
PRELIMINARY LOCAL CLIMATOLOGICAL DATA (WS FORM: F-6)

                                          STATION:   PINE RIDGE SD
                                          MONTH:     APRIL
                                          YEAR:      2014
                                          LATITUDE:   43  1 N
                                          LONGITUDE: 102 31 W

  TEMPERATURE IN F:       :PCPN:    SNOW:  WIND      :SUNSHINE: SKY     :PK WND
================================================================================
1   2   3   4   5  6A  6B    7    8   9   10  11  12  13   14  15   16   17  18
                                     12Z  AVG MX 2MIN
DY MAX MIN AVG DEP HDD CDD  WTR  SNW DPTH SPD SPD DIR MIN PSBL S-S WX    SPD DR
================================================================================

 1  32  -1  16 -26  49   0 0.07    M    M  7.7 17 140   M    M   7 12     20 140
 2  37  26  32 -10  33   0 0.01    M    M  9.0 20 110   M    M   8 1      23 110
 3  39  21  30 -12  35   0 0.00    M    M 10.2 29  10   M    M   3 12     37  20
 4  57  18  38  -4  27   0 0.00    M    M  5.4 21 180   M    M   3        26 180
 5  64  26  45   2  20   0 0.00    M    M  8.6 23 180   M    M   0        28 190
 6  58  26  42  -1  23   0    T    M    M  4.8 21  20   M    M   4        25 320
 7  54  23  39  -4  26   0 0.01    M    M  8.9 31 360   M    M   4        42 350
 8  68  20  44   1  21   0 0.00    M    M  4.5 21 270   M    M   0        24 270
 9  78  27  53   9  12   0    T    M    M 10.2 35  20   M    M   0        43  10
10  60  35  48   4  17   0 0.01    M    M  6.9 32 270   M    M   5 3      43 270
11  72  27  50   6  15   0 0.00    M    M  5.2 24 180   M    M   0 12     31 200
12  66  28  47   3  18   0 0.08    M    M  9.5 22  20   M    M   4 1      29  20
13  37  24  31 -14  34   0 0.14    M    M 15.4 26  20   M    M  10 1      35  20
14  43  15  29 -16  36   0 0.00    M    M  7.6 20 360   M    M   2 8      28 360
15  66  22  44  -1  21   0 0.00    M    M  9.5 23 350   M    M   2        30 360
16  47  29  38  -8  27   0 0.46    M    M 10.8 22 350   M    M   8 1      29 340
17  52  30  41  -5  24   0    T    M    M 12.4 25 170   M    M   6        36 160
18  80  42  61  15   4   0    T    M    M 16.1 49 220   M    M   1        62 230
19  65  37  51   5  14   0 0.00    M    M  8.2 28  10   M    M   0        32  10
20  78  46  62  15   3   0 0.00    M    M 11.0 28 360   M    M   1        35  10
21  68  30  49   2  16   0 0.00    M    M  4.4 18 150   M    M   1        27 160
================================================================================
SM 1221  551       475   0  0.78    M    186.3          M       69
================================================================================
AV 58.1 26.2                               8.9 FASTST   M    M   3    MAX(MPH)
                                 MISC ---->  # 49 220               # 62  230
================================================================================
NOTES:
# LAST OF SEVERAL OCCURRENCES

COLUMN 17 PEAK WIND IN M.P.H.

PRELIMINARY LOCAL CLIMATOLOGICAL DATA (WS FORM: F-6) , PAGE 2

                                          STATION:  PINE RIDGE SD
                                          MONTH:    APRIL
                                          YEAR:     2014
                                          LATITUDE:   43  1 N
                                          LONGITUDE: 102 31 W

[TEMPERATURE DATA]      [PRECIPITATION DATA]       SYMBOLS USED IN COLUMN 16

AVERAGE MONTHLY: 42.2   TOTAL FOR MONTH:   0.78    1 = FOG OR MIST
DPTR FM NORMAL:  -2.0   DPTR FM NORMAL:   -0.48    2 = FOG REDUCING VISIBILITY
HIGHEST:    80 ON 18    GRTST 24HR  0.46 ON 15-16      TO 1/4 MILE OR LESS
LOWEST:     -1 ON  1                               3 = THUNDER
                        SNOW, ICE PELLETS, HAIL    4 = ICE PELLETS
                        TOTAL MONTH:    M          5 = HAIL
                        GRTST 24HR    M  ON   M    6 = FREEZING RAIN OR DRIZZLE
                        GRTST DEPTH:  M  ON   M    7 = DUSTSTORM OR SANDSTORM:
                                                       VSBY 1/2 MILE OR LESS
                                                   8 = SMOKE OR HAZE
[NO. OF DAYS WITH]      [WEATHER - DAYS WITH]      9 = BLOWING SNOW
                                                   X = TORNADO
MAX 32 OR BELOW:   1    0.01 INCH OR MORE:   7
MAX 90 OR ABOVE:   0    0.10 INCH OR MORE:   2
MIN 32 OR BELOW:  17    0.50 INCH OR MORE:   0
MIN  0 OR BELOW:   1    1.00 INCH OR MORE:   0

[HDD (BASE 65) ]
TOTAL THIS MO.   475    CLEAR  (SCALE 0-3)  11
DPTR FM NORMAL    39    PTCLDY (SCALE 4-7)   8
TOTAL FM JUL 1  6890    CLOUDY (SCALE 8-10)  2
DPTR FM NORMAL   216

[CDD (BASE 65) ]
TOTAL THIS MO.     0
DPTR FM NORMAL     0    [PRESSURE DATA]
TOTAL FM JAN 1     0    HIGHEST SLP M ON M
DPTR FM NORMAL     0    LOWEST  SLP 29.51 ON 15

[REMARKS]
