000
CXUS54 KFWD 300730
CF6ILE
PRELIMINARY LOCAL CLIMATOLOGICAL DATA (WS FORM: F-6)

                                          STATION:   KILLEEN SKYLARK
                                          MONTH:     JANUARY
                                          YEAR:      2015
                                          LATITUDE:   31  4 N
                                          LONGITUDE:  97 41 W

  TEMPERATURE IN F:       :PCPN:    SNOW:  WIND      :SUNSHINE: SKY     :PK WND
================================================================================
1   2   3   4   5  6A  6B    7    8   9   10  11  12  13   14  15   16   17  18
                                     12Z  AVG MX 2MIN
DY MAX MIN AVG DEP HDD CDD  WTR  SNW DPTH SPD SPD DIR MIN PSBL S-S WX    SPD DR
================================================================================

 1  37  34  36 -11  29   0 0.13    M    0  7.4 10  20   M    M  10 3       M  M
 2  39  36  38  -9  27   0 0.20    M    0  7.5 10  10   M    M  10 3       M  M
 3  61  37  49   2  16   0 0.29    M    0  6.3 12 220   M    M   5 3       M  M
 4  45  30  38  -9  27   0 0.00  0.0    0  9.8 18 330   M    M   0        24 330
 5  50  25  38  -9  27   0 0.00  0.0    0  4.4  8 160   M    M   0         M  M
 6  64  34  49   2  16   0 0.00  0.0    0  3.7  8 280   M    M   0         M  M
 7  46  27  37 -10  28   0 0.00  0.0    0 14.3 25  10   M    M   0        33 350
 8  37  19  28 -19  37   0 0.00  0.0    0  6.7 16  10   M    M   1        20  10
 9  37  34  36 -11  29   0 0.14    T    0  6.5 14  10   M    M  10 4      20  20
10  36  30  33 -14  32   0 0.20  0.0    0  3.7  9  20   M    M  10 6       M  M
11  46  34  40  -7  25   0 0.16  0.0    0  2.1  9 180   M    M  10         M  M
12  46  36  41  -6  24   0 0.00  0.0    0 10.4 18  20   M    M  10        22  20
13  39  34  37 -10  28   0 0.00  0.0    0  9.0 13 340   M    M  10        17 340
14  41  36  39  -8  26   0 0.00  0.0    0  6.1  8 330   M    M  10         M  M
15  57  36  47   0  18   0 0.00  0.0    0  4.9 10 360   M    M   3        17 360
16  66  32  49   2  16   0 0.00  0.0    0  4.4 10 200   M    M   0         M  M
17  72  39  56   9   9   0 0.00  0.0    0 10.4 17 250   M    M   0        27 290
18  72  34  53   6  12   0 0.00  0.0    0  5.1 10 190   M    M   0        17 170
19  75  43  59  12   6   0 0.00  0.0    0  7.2 12 200   M    M   0        16 220
20  75  39  57   9   8   0 0.00  0.0    0  5.3 12  10   M    M   0         M  M
21  54  45  50   2  15   0 0.17  0.0    0  8.3 13  50   M    M   8         M  M
22  48  39  44  -4  21   0 1.19  0.0    0 14.5 25  20   M    M  10        31  20
23  52  37  45  -3  20   0 0.06  0.0    0 10.0 20  10   M    M   5        23  10
24  64  34  49   1  16   0 0.00  0.0    0  5.3  9 290   M    M   0         M  M
25  70  43  57   9   8   0 0.00  0.0    0  9.4 20 320   M    M   0        25 330
26  73  43  58  10   7   0 0.00  0.0    0  6.6 12 300   M    M   0        21 300
27  72  50  61  13   4   0 0.00  0.0    0  5.1  7 320   M    M   0         M  M
28  61  61  61  13   4   0 0.00  0.0    M  9.2  9 190   M    M   0         M  M
29  72  48  60  12   5   0 0.00  0.0    0  9.8 17  10   M    M   2        25  20
================================================================================
SM 1607 1069       540   0  2.54    T    213.4          M      114
================================================================================
AV 55.4 36.9                               7.4 FASTST   M    M   4    MAX(MPH)
                                 MISC ---->    25   M                 33    M
================================================================================
NOTES:
# LAST OF SEVERAL OCCURRENCES

COLUMN 17 PEAK WIND IN M.P.H.

PRELIMINARY LOCAL CLIMATOLOGICAL DATA (WS FORM: F-6) , PAGE 2

                                          STATION:  KILLEEN SKYLARK
                                          MONTH:    JANUARY
                                          YEAR:     2015
                                          LATITUDE:   31  4 N
                                          LONGITUDE:  97 41 W

[TEMPERATURE DATA]      [PRECIPITATION DATA]       SYMBOLS USED IN COLUMN 16

AVERAGE MONTHLY: 46.1   TOTAL FOR MONTH:   2.54    1 = FOG OR MIST
DPTR FM NORMAL:  -1.2   DPTR FM NORMAL:    0.73    2 = FOG REDUCING VISIBILITY
HIGHEST:    75 ON 20,19 GRTST 24HR  1.19 ON 22-22      TO 1/4 MILE OR LESS
LOWEST:     19 ON  8                               3 = THUNDER
                        SNOW, ICE PELLETS, HAIL    4 = ICE PELLETS
                        TOTAL MONTH:    T          5 = HAIL
                        GRTST 24HR    T  ON  9- 9  6 = FREEZING RAIN OR DRIZZLE
                        GRTST DEPTH:   0           7 = DUSTSTORM OR SANDSTORM:
                                                       VSBY 1/2 MILE OR LESS
                                                   8 = SMOKE OR HAZE
[NO. OF DAYS WITH]      [WEATHER - DAYS WITH]      9 = BLOWING SNOW
                                                   X = TORNADO
MAX 32 OR BELOW:   0    0.01 INCH OR MORE:   9
MAX 90 OR ABOVE:   0    0.10 INCH OR MORE:   8
MIN 32 OR BELOW:   6    0.50 INCH OR MORE:   1
MIN  0 OR BELOW:   0    1.00 INCH OR MORE:   1

[HDD (BASE 65) ]
TOTAL THIS MO.   540    CLEAR  (SCALE 0-3)  17
DPTR FM NORMAL    27    PTCLDY (SCALE 4-7)   3
TOTAL FM JUL 1  1268    CLOUDY (SCALE 8-10)  9
DPTR FM NORMAL   -96

[CDD (BASE 65) ]
TOTAL THIS MO.     0
DPTR FM NORMAL     0    [PRESSURE DATA]
TOTAL FM JAN 1     0    HIGHEST SLP M ON M
DPTR FM NORMAL     0    LOWEST  SLP M ON M

[REMARKS]
