000
CXUS54 KFWD 290730
CF6ILE
PRELIMINARY LOCAL CLIMATOLOGICAL DATA (WS FORM: F-6)

                                          STATION:   KILLEEN SKYLARK
                                          MONTH:     MAY
                                          YEAR:      2015
                                          LATITUDE:   31  4 N
                                          LONGITUDE:  97 41 W

  TEMPERATURE IN F:       :PCPN:    SNOW:  WIND      :SUNSHINE: SKY     :PK WND
================================================================================
1   2   3   4   5  6A  6B    7    8   9   10  11  12  13   14  15   16   17  18
                                     12Z  AVG MX 2MIN
DY MAX MIN AVG DEP HDD CDD  WTR  SNW DPTH SPD SPD DIR MIN PSBL S-S WX    SPD DR
================================================================================

 1  82  54  68  -1   0   3 0.00  0.0    0  4.0  8 130   M    M   1         M  M
 2  82  55  69   0   0   4 0.00  0.0    0  7.2 14 140   M    M   1        16 140
 3  82  55  69  -1   0   4 0.00  0.0    0  9.3 17 180   M    M   1        22 170
 4  82  66  74   4   0   9 0.00  0.0    0 12.6 18 140   M    M   6        23 160
 5  82  64  73   3   0   8 0.08  0.0    0 13.5 18 150   M    M   7        27 150
 6  86  66  76   6   0  11 0.44  0.0    0 12.0 20 130   M    M   6        23 130
 7  82  70  76   5   0  11 0.01  0.0    0 12.4 20 140   M    M   7        25 150
 8  79  72  76   5   0  11 0.33  0.0    0  9.7 15 150   M    M   6 3      23 150
 9  86  70  78   7   0  13 0.00  0.0    0 13.7 22 160   M    M   5        31 160
10  86  66  76   5   0  11 0.32  0.0    0 13.8 21 150   M    M   5 3      30 160
11  72  64  68  -4   0   3 1.83  0.0    0  9.7 14  10   M    M   6 3      20 300
12  66  59  63  -9   2   0 1.29  0.0    0  8.1 12  40   M    M   9         M  M
13  70  64  67  -5   0   2 0.72  0.0    0  7.5 15 160   M    M   7        22 190
14  86  64  75   3   0  10 0.00  0.0    0  6.6 14 130   M    M   7 3       M  M
15  77  68  73   0   0   8 0.04  0.0    0  8.7 14 160   M    M   6        18 160
16  86  66  76   3   0  11 0.00  0.0    0 14.0 21 160   M    M   7        31 160
17  84  66  75   2   0  10 0.30  0.0    0  8.5 17 160   M    M   3 3      23 170
18  88  70  79   5   0  14 1.20  0.0    0  5.6 16 180   M    M   6 3      21 180
19  88  72  80   6   0  15 0.16  0.0    0 11.1 17 140   M    M   6        25 160
20  90  70  80   6   0  15 0.00  0.0    0  7.2 15 180   M    M   6 3      20 170
21  72  61  67  -7   0   2 0.05  0.0    0 11.8 17 360   M    M   9 3      23 360
22  73  61  67  -8   0   2 0.01  0.0    0  8.0 13 130   M    M   9        16 110
23  84  66  75   0   0  10 2.05  0.0    0 11.2 16 160   M    M   8 3      23 170
24  82  64  73  -2   0   8 0.34  0.0    0  8.3 14 170   M    M   6 3      18 170
25  79  66  73  -3   0   8 0.92  0.0    0  8.4 16 160   M    M   7 3      21 160
26  90  64  77   1   0  12 0.00  0.0    0  9.9 17 200   M    M   7        23 200
27  88  64  76   0   0  11 2.12  0.0    0  9.6 16 160   M    M   4 3      22 190
28  84  72  78   2   0  13 0.05  0.0    0 10.1 18 160   M    M   6 3      23 160
================================================================================
SM 2288 1819         2 239 12.26     0.0 272.5          M      164
================================================================================
AV 81.7 65.0                               9.7 FASTST   M    M   6    MAX(MPH)
                                 MISC ---->    22   M                 31    M
================================================================================
NOTES:
# LAST OF SEVERAL OCCURRENCES

COLUMN 17 PEAK WIND IN M.P.H.

PRELIMINARY LOCAL CLIMATOLOGICAL DATA (WS FORM: F-6) , PAGE 2

                                          STATION:  KILLEEN SKYLARK
                                          MONTH:    MAY
                                          YEAR:     2015
                                          LATITUDE:   31  4 N
                                          LONGITUDE:  97 41 W

[TEMPERATURE DATA]      [PRECIPITATION DATA]       SYMBOLS USED IN COLUMN 16

AVERAGE MONTHLY: 73.3   TOTAL FOR MONTH:  12.26    1 = FOG OR MIST
DPTR FM NORMAL:   0.7   DPTR FM NORMAL:    8.67    2 = FOG REDUCING VISIBILITY
HIGHEST:    90 ON 26,20 GRTST 24HR  2.12 ON 27-27      TO 1/4 MILE OR LESS
LOWEST:     54 ON  1                               3 = THUNDER
                        SNOW, ICE PELLETS, HAIL    4 = ICE PELLETS
                        TOTAL MONTH:   0.0 INCH    5 = HAIL
                        GRTST 24HR     0.0         6 = FREEZING RAIN OR DRIZZLE
                        GRTST DEPTH:   0           7 = DUSTSTORM OR SANDSTORM:
                                                       VSBY 1/2 MILE OR LESS
                                                   8 = SMOKE OR HAZE
[NO. OF DAYS WITH]      [WEATHER - DAYS WITH]      9 = BLOWING SNOW
                                                   X = TORNADO
MAX 32 OR BELOW:   0    0.01 INCH OR MORE:  19
MAX 90 OR ABOVE:   2    0.10 INCH OR MORE:  13
MIN 32 OR BELOW:   0    0.50 INCH OR MORE:   7
MIN  0 OR BELOW:   0    1.00 INCH OR MORE:   5

[HDD (BASE 65) ]
TOTAL THIS MO.     2    CLEAR  (SCALE 0-3)   3
DPTR FM NORMAL    -6    PTCLDY (SCALE 4-7)  22
TOTAL FM JUL 1  2102    CLOUDY (SCALE 8-10)  3
DPTR FM NORMAL   -62

[CDD (BASE 65) ]
TOTAL THIS MO.   239
DPTR FM NORMAL    14    [PRESSURE DATA]
TOTAL FM JAN 1   437    HIGHEST SLP M ON M
DPTR FM NORMAL    83    LOWEST  SLP M ON M

[REMARKS]
