000
CXUS53 KIND 240730
CF6IND
PRELIMINARY LOCAL CLIMATOLOGICAL DATA (WS FORM: F-6)

                                          STATION:   INDIANAPOLIS IN
                                          MONTH:     MAY
                                          YEAR:      2017
                                          LATITUDE:   39 43 N
                                          LONGITUDE:  86 17 W

  TEMPERATURE IN F:       :PCPN:    SNOW:  WIND      :SUNSHINE: SKY     :PK WND
================================================================================
1   2   3   4   5  6A  6B    7    8   9   10  11  12  13   14  15   16   17  18
                                     12Z  AVG MX 2MIN
DY MAX MIN AVG DEP HDD CDD  WTR  SNW DPTH SPD SPD DIR MIN PSBL S-S WX    SPD DR
================================================================================

 1  67  46  57  -1   8   0 0.50  0.0    0 18.7 37 240   M    M   7 13     45 240
 2  63  44  54  -4  11   0 0.01  0.0    0 20.0 33 280   M    M   7        42 280
 3  53  40  47 -12  18   0 0.42  0.0    0  8.1 16  80   M    M   7 1      22  70
 4  48  46  47 -12  18   0 2.17  0.0    0 17.5 29  20   M    M  10 1      36  30
 5  57  44  51  -8  14   0 0.44  0.0    0 19.0 29 350   M    M   7 1      41  10
 6  62  40  51  -9  14   0    T  0.0    0 13.7 28 340   M    M   4        36 340
 7  61  38  50 -10  15   0 0.00  0.0    0 11.3 22 310   M    M   1        28 320
 8  65  35  50 -10  15   0 0.06  0.0    0  3.0 10  40   M    M   4        15 240
 9  71  49  60   0   5   0 0.82  0.0    0  7.5 17 140   M    M   8 13     21 140
10  82  54  68   7   0   3 0.23  0.0    0  6.5 35 220   M    M   6 138    39 220
11  65  57  61   0   4   0 0.01  0.0    0 10.0 15 360   M    M  10 1      19 270
12  69  52  61   0   4   0 0.00  0.0    0 10.4 18  50   M    M   5        23  40
13  75  47  61  -1   4   0 0.00  0.0    0  6.5 15 300   M    M   1        23 300
14  83  56  70   8   0   5 0.00  0.0    0 10.4 22 240   M    M   2        26 250
15  83  59  71   9   0   6 0.00  0.0    0  6.3 15 220   M    M   3        18 190
16  84  59  72   9   0   7 0.00  0.0    0 12.6 23 210   M    M   3        30 210
17  83  68  76  13   0  11 0.00  0.0    0 17.0 36 210   M    M   6        47 200
18  85  71  78  15   0  13 0.00  0.0    0 14.9 26 190   M    M   6        32 220
19  81  60  71   7   0   6 0.60  0.0    0  8.8 22 300   M    M   8 138    26 300
20  78  55  67   3   0   2 0.96  0.0    0 12.3 18 120   M    M  10 123    28 150
21  74  53  64   0   1   0 0.13  0.0    0 13.1 24 300   M    M   8 1      32 290
22  71  46  59  -5   6   0 0.00  0.0    0  6.4 13 190   M    M   5        21 260
23  73  56  65   0   0   0 0.00  0.0    0  4.5 12 120   M    M   9        16 140
================================================================================
SM 1633 1175       137  53  6.35     0.0 258.5          M      137
================================================================================
AV 71.0 51.1                              11.2 FASTST   M    M   6    MAX(MPH)
                                 MISC ---->  # 37 240               # 47  200
================================================================================
NOTES:
# LAST OF SEVERAL OCCURRENCES

COLUMN 17 PEAK WIND IN M.P.H.

PRELIMINARY LOCAL CLIMATOLOGICAL DATA (WS FORM: F-6) , PAGE 2

                                          STATION:  INDIANAPOLIS IN
                                          MONTH:    MAY
                                          YEAR:     2017
                                          LATITUDE:   39 43 N
                                          LONGITUDE:  86 17 W

[TEMPERATURE DATA]      [PRECIPITATION DATA]       SYMBOLS USED IN COLUMN 16

AVERAGE MONTHLY: 61.0   TOTAL FOR MONTH:   6.35    1 = FOG OR MIST
DPTR FM NORMAL:  -0.3   DPTR FM NORMAL:    2.57    2 = FOG REDUCING VISIBILITY
HIGHEST:    85 ON 18    GRTST 24HR  2.17 ON  4- 4      TO 1/4 MILE OR LESS
LOWEST:     35 ON  8                               3 = THUNDER
                        SNOW, ICE PELLETS, HAIL    4 = ICE PELLETS
                        TOTAL MONTH:   0.0 INCH    5 = HAIL
                        GRTST 24HR     0.0         6 = FREEZING RAIN OR DRIZZLE
                        GRTST DEPTH:   0           7 = DUSTSTORM OR SANDSTORM:
                                                       VSBY 1/2 MILE OR LESS
                                                   8 = SMOKE OR HAZE
[NO. OF DAYS WITH]      [WEATHER - DAYS WITH]      9 = BLOWING SNOW
                                                   X = TORNADO
MAX 32 OR BELOW:   0    0.01 INCH OR MORE:  12
MAX 90 OR ABOVE:   0    0.10 INCH OR MORE:   9
MIN 32 OR BELOW:   0    0.50 INCH OR MORE:   5
MIN  0 OR BELOW:   0    1.00 INCH OR MORE:   1

[HDD (BASE 65) ]
TOTAL THIS MO.   137    CLEAR  (SCALE 0-3)   5
DPTR FM NORMAL    16    PTCLDY (SCALE 4-7)  14
TOTAL FM JUL 1  4262    CLOUDY (SCALE 8-10)  4
DPTR FM NORMAL -1081

[CDD (BASE 65) ]
TOTAL THIS MO.    53
DPTR FM NORMAL    13    [PRESSURE DATA]
TOTAL FM JAN 1    85    HIGHEST SLP M ON M
DPTR FM NORMAL    30    LOWEST  SLP 29.52 ON  1

[REMARKS]
