000
CXUS53 KDLH 010627
CF6INL
PRELIMINARY LOCAL CLIMATOLOGICAL DATA (WS FORM: F-6)

                                          STATION:   INTERNATIONAL FALLS MN
                                          MONTH:     SEPTEMBER
                                          YEAR:      2014
                                          LATITUDE:   48 34 N
                                          LONGITUDE:  93 23 W

  TEMPERATURE IN F:       :PCPN:    SNOW:  WIND      :SUNSHINE: SKY     :PK WND
================================================================================
1   2   3   4   5  6A  6B    7    8   9   10  11  12  13   14  15   16   17  18
                                     12Z  AVG MX 2MIN
DY MAX MIN AVG DEP HDD CDD  WTR  SNW DPTH SPD SPD DIR MIN PSBL S-S WX    SPD DR
================================================================================

 1  70  47  59  -1   6   0 0.04  0.0    0  8.0 18 300   M    M   6 1      25 300
 2  73  46  60   1   5   0 0.39  0.0    0  6.2 21 330   M    M   2 138    25 320
 3  75  43  59   0   6   0 0.00  0.0    0  3.6 10  10   M    M   3 12     13  20
 4  76  55  66   8   0   1 0.24  0.0    0  7.6 21 280   M    M   7 18     29 270
 5  65  48  57  -1   8   0 0.06  0.0    0 10.4 20 310   M    M   6 1      25 260
 6  70  45  58   0   7   0 0.00  0.0    0  6.5 17 290   M    M   4 12     25 280
 7  75  39  57   0   8   0 0.00  0.0    0  3.0  9 190   M    M   0 12     17 190
 8  78  56  67  10   0   2 0.00  0.0    0  8.0 18 210   M    M   3        30 210
 9  63  44  54  -2  11   0 0.45  0.0    0  9.0 13  60   M    M  10 13     30  40
10  56  39  48  -8  17   0 0.01  0.0    0 12.4 21  40   M    M   6        30  60
11  53  38  46 -10  19   0    T  0.0    0  7.2 20 330   M    M   9        24 330
12  52  31  42 -13  23   0    T  0.0    0  2.4 13 290   M    M   9        16 300
13  57  25  41 -14  24   0 0.03  0.0    0  5.4 16 210   M    M   6 1      23 210
14  58  44  51  -3  14   0 0.10  0.0    0  7.6 20 300   M    M   8 18     27 290
15  61  36  49  -5  16   0 0.00  0.0    0  6.2 16 270   M    M   4        22 280
16  60  36  48  -5  17   0    T  0.0    0  5.2 15 270   M    M   7        21 270
17  55  31  43 -10  22   0    T  0.0    0  7.0 18 340   M    M   8        22 340
18  63  35  49  -4  16   0 0.00  0.0    0  7.9 14 140   M    M   6 1      23 150
19  64  54  59   7   6   0 1.13  0.0    0  7.0 20 310   M    M   8 13     30 320
20  61  50  56   4   9   0 0.24  0.0    0  8.5 17 340   M    M   8 1      23 330
21  64  40  52   1  13   0 0.01  0.0    0  6.3 16 330   M    M   5        20 330
22  74  39  57   6   8   0 0.00  0.0    0  5.3 15 250   M    M   1 12     22 250
23  74  38  56   6   9   0 0.00  0.0    0  4.9 16 210   M    M   0        24 200
24  63  51  57   7   8   0    T  0.0    0  3.5 10 190   M    M   9        17 210
25  70  53  62  12   3   0 0.00  0.0    0  3.4 10 130   M    M   7 1      13 140
26  80  54  67  18   0   2 0.00  0.0    0  5.0 13 150   M    M   1 1      19 150
27  83  56  70  21   0   5 0.00  0.0    0  5.8 17 220   M    M   0        25 220
28  63  45  54   6  11   0 0.40  0.0    0  8.0 18 350   M    M   7 1      22  30
29  48  40  44  -4  21   0    T  0.0    0  7.0 12 100   M    M  10 1      15 100
30  58  41  50   3  15   0 0.00  0.0    0  9.3 16 130   M    M   6        22 120
================================================================================
SM 1962 1299       322  10  3.10     0.0 197.6          M      166
================================================================================
AV 65.4 43.3                               6.6 FASTST   M    M   6    MAX(MPH)
                                 MISC ---->  # 21 330               # 30  210
================================================================================
NOTES:
# LAST OF SEVERAL OCCURRENCES

COLUMN 17 PEAK WIND IN M.P.H.

PRELIMINARY LOCAL CLIMATOLOGICAL DATA (WS FORM: F-6) , PAGE 2

                                          STATION:  INTERNATIONAL FALLS MN
                                          MONTH:    SEPTEMBER
                                          YEAR:     2014
                                          LATITUDE:   48 34 N
                                          LONGITUDE:  93 23 W

[TEMPERATURE DATA]      [PRECIPITATION DATA]       SYMBOLS USED IN COLUMN 16

AVERAGE MONTHLY: 54.3   TOTAL FOR MONTH:   3.10    1 = FOG OR MIST
DPTR FM NORMAL:   0.8   DPTR FM NORMAL:    0.11    2 = FOG REDUCING VISIBILITY
HIGHEST:    83 ON 27    GRTST 24HR  1.14 ON 19-20      TO 1/4 MILE OR LESS
LOWEST:     25 ON 13                               3 = THUNDER
                        SNOW, ICE PELLETS, HAIL    4 = ICE PELLETS
                        TOTAL MONTH:   0.0 INCH    5 = HAIL
                        GRTST 24HR     0.0         6 = FREEZING RAIN OR DRIZZLE
                        GRTST DEPTH:   0           7 = DUSTSTORM OR SANDSTORM:
                                                       VSBY 1/2 MILE OR LESS
                                                   8 = SMOKE OR HAZE
[NO. OF DAYS WITH]      [WEATHER - DAYS WITH]      9 = BLOWING SNOW
                                                   X = TORNADO
MAX 32 OR BELOW:   0    0.01 INCH OR MORE:  12
MAX 90 OR ABOVE:   0    0.10 INCH OR MORE:   7
MIN 32 OR BELOW:   3    0.50 INCH OR MORE:   1
MIN  0 OR BELOW:   0    1.00 INCH OR MORE:   1

[HDD (BASE 65) ]
TOTAL THIS MO.   322    CLEAR  (SCALE 0-3)   8
DPTR FM NORMAL   -31    PTCLDY (SCALE 4-7)  15
TOTAL FM JUL 1   536    CLOUDY (SCALE 8-10)  7
DPTR FM NORMAL     2

[CDD (BASE 65) ]
TOTAL THIS MO.    10
DPTR FM NORMAL    -1    [PRESSURE DATA]
TOTAL FM JAN 1   121    HIGHEST SLP M ON M
DPTR FM NORMAL   -71    LOWEST  SLP 29.58 ON 20

[REMARKS]
#FINAL-09-14#
