000
CXUS55 KCTP 011131
CF6IPT
PRELIMINARY LOCAL CLIMATOLOGICAL DATA (WS FORM: F-6)

                                          STATION:   WILLIAMSPORT PA
                                          MONTH:     SEPTEMBER
                                          YEAR:      2014
                                          LATITUDE:   41 15 N
                                          LONGITUDE:  76 55 W

  TEMPERATURE IN F:       :PCPN:    SNOW:  WIND      :SUNSHINE: SKY     :PK WND
================================================================================
1   2   3   4   5  6A  6B    7    8   9   10  11  12  13   14  15   16   17  18
                                     12Z  AVG MX 2MIN
DY MAX MIN AVG DEP HDD CDD  WTR  SNW DPTH SPD SPD DIR MIN PSBL S-S WX    SPD DR
================================================================================

 1  83  68  76   8   0  11    T  0.0    0  1.8  9 210   M    M   8 128    12 220
 2  89  65  77   9   0  12 0.05  0.0    0  6.3 29 180   M    M   6 123    40 180
 3  83  62  73   5   0   8 0.00  0.0    0  3.5  9 260   M    M   1        13 240
 4  84  60  72   4   0   7 0.00  0.0    0  4.7 16 170   M    M   4 12     22 190
 5  88  68  78  11   0  13 0.00  0.0    0  4.4 15 180   M    M   3 18     19 160
 6  89  64  77  10   0  12 0.05  0.0    0  5.2 22 330   M    M   8 18     30 320
 7  78  53  66  -1   0   1 0.00  0.0    0  4.1 13 310   M    M   1        16 310
 8  78  51  65  -1   0   0 0.00  0.0    0  5.7 21 140   M    M   4 128    30 150
 9  73  59  66   0   0   1 0.00  0.0    0  4.8 13  70   M    M  10        14  60
10  74  65  70   4   0   5 0.04  0.0    0  7.1 30 160   M    M   8        38 150
11  83  59  71   6   0   6 0.09  0.0    0  8.1 25 160   M    M   5        32 160
12  68  50  59  -6   6   0 0.00  0.0    0  6.3 13  10   M    M   8        18 340
13  68  48  58  -6   7   0 0.44  0.0    0  3.2 12 270   M    M   5 1      15 260
14  66  45  56  -8   9   0 0.00  0.0    0  4.0 14 260   M    M   1 1      17 270
15  69  47  58  -6   7   0 0.00  0.0    0  3.5 13 170   M    M   5 1      17 130
16  70  50  60  -3   5   0 0.02  0.0    0  3.3 15 340   M    M   8        20 360
17  72  47  60  -3   5   0 0.00  0.0    0  3.3 12 250   M    M   6 18     15 230
18  72  48  60  -2   5   0 0.00  0.0    0  3.8 12 250   M    M   6 1      15 240
19  70  45  58  -4   7   0 0.00  0.0    0  6.2 21 150   M    M   1        27 150
20  76  61  69   7   0   4 0.00  0.0    0 14.5 26 160   M    M   6        36 180
21  79  59  69   8   0   4 0.39  0.0    0  7.7 17 260   M    M   5 13     25 280
22  64  45  55  -6  10   0 0.00    M    0 10.1 20 270   M    M   8        25 310
23  71  40  56  -4   9   0 0.00  0.0    0  2.6  9 270   M    M   1        11 240
24  73  49  61   1   4   0 0.00  0.0    0  3.5 14 110   M    M   3 12     19 110
25  73  53  63   3   2   0    T  0.0    0  0.7  8 210   M    M   2 1      10 220
26  78  51  65   6   0   0 0.00  0.0    0  4.4 12  20   M    M   5 12     17  20
27  81  51  66   7   0   1 0.00  0.0    0  4.3  9 250   M    M   2 128    12 260
28  79  53  66   8   0   1 0.00  0.0    0  2.6  7 250   M    M   3 12     10 340
29  77  58  68  10   0   3 0.00  0.0    0  2.3  9 270   M    M   1 1      12 270
30  75  57  66   8   0   1 0.02  0.0    0  2.8 10 120   M    M   9 1238   13 140
================================================================================
SM 2283 1631        76  90  1.10     0.0 144.8          M      143
================================================================================
AV 76.1 54.4                               4.8 FASTST   M    M   5    MAX(MPH)
                                 MISC ---->  # 30 160               # 40  180
================================================================================
NOTES:
# LAST OF SEVERAL OCCURRENCES

COLUMN 17 PEAK WIND IN M.P.H.

PRELIMINARY LOCAL CLIMATOLOGICAL DATA (WS FORM: F-6) , PAGE 2

                                          STATION:  WILLIAMSPORT PA
                                          MONTH:    SEPTEMBER
                                          YEAR:     2014
                                          LATITUDE:   41 15 N
                                          LONGITUDE:  76 55 W

[TEMPERATURE DATA]      [PRECIPITATION DATA]       SYMBOLS USED IN COLUMN 16

AVERAGE MONTHLY: 65.2   TOTAL FOR MONTH:   1.10    1 = FOG OR MIST
DPTR FM NORMAL:   1.9   DPTR FM NORMAL:   -3.06    2 = FOG REDUCING VISIBILITY
HIGHEST:    89 ON  6, 2 GRTST 24HR  0.44 ON 12-13      TO 1/4 MILE OR LESS
LOWEST:     40 ON 23                               3 = THUNDER
                        SNOW, ICE PELLETS, HAIL    4 = ICE PELLETS
                        TOTAL MONTH:   0.0 INCH    5 = HAIL
                        GRTST 24HR     0.0         6 = FREEZING RAIN OR DRIZZLE
                        GRTST DEPTH:   0           7 = DUSTSTORM OR SANDSTORM:
                                                       VSBY 1/2 MILE OR LESS
                                                   8 = SMOKE OR HAZE
[NO. OF DAYS WITH]      [WEATHER - DAYS WITH]      9 = BLOWING SNOW
                                                   X = TORNADO
MAX 32 OR BELOW:   0    0.01 INCH OR MORE:   8
MAX 90 OR ABOVE:   0    0.10 INCH OR MORE:   2
MIN 32 OR BELOW:   0    0.50 INCH OR MORE:   0
MIN  0 OR BELOW:   0    1.00 INCH OR MORE:   0

[HDD (BASE 65) ]
TOTAL THIS MO.    76    CLEAR  (SCALE 0-3)  10
DPTR FM NORMAL   -38    PTCLDY (SCALE 4-7)  17
TOTAL FM JUL 1    81    CLOUDY (SCALE 8-10)  3
DPTR FM NORMAL   -47

[CDD (BASE 65) ]
TOTAL THIS MO.    90
DPTR FM NORMAL    27    [PRESSURE DATA]
TOTAL FM JAN 1   707    HIGHEST SLP 30.55 ON 24
DPTR FM NORMAL    10    LOWEST  SLP 29.56 ON 21

[REMARKS]
#FINAL-09-14#
