000
CXUS55 KEAX 280736
CF6IRK
PRELIMINARY LOCAL CLIMATOLOGICAL DATA (WS FORM: F-6)

                                          STATION:   KIRKSVILLE MO
                                          MONTH:     APRIL
                                          YEAR:      2017
                                          LATITUDE:   40  5 N
                                          LONGITUDE:  92 33 W

  TEMPERATURE IN F:       :PCPN:    SNOW:  WIND      :SUNSHINE: SKY     :PK WND
================================================================================
1   2   3   4   5  6A  6B    7    8   9   10  11  12  13   14  15   16   17  18
                                     12Z  AVG MX 2MIN
DY MAX MIN AVG DEP HDD CDD  WTR  SNW DPTH SPD SPD DIR MIN PSBL S-S WX    SPD DR
================================================================================

 1  57  35  46  -1  19   0 0.00    M    M  6.9 14 120   M    M   3        19 120
 2  61  46  54   7  11   0 0.03    M    M  9.6 16 140   M    M   8 18     19 140
 3  59  50  55   7  10   0 0.68    M    M  7.4 16  50   M    M  10 13     20  50
 4  57  48  53   5  12   0 0.58    M    M  8.7 21  60   M    M   9 1      28  70
 5  48  39  44  -4  21   0 1.11    M    M 18.0 32  30   M    M  10 1      43  30
 6  57  37  47  -2  18   0 0.00    M    M 12.8 24 310   M    M   1        36 320
 7  61  29  45  -4  20   0 0.00    M    M  5.9 12 210   M    M   0        14 220
 8  79  40  60  11   5   0 0.00    M    M 13.1 25 170   M    M   1        31 190
 9  80  59  70  20   0   5 0.00    M    M 15.1 26 200   M    M   3        35 210
10  72  45  59   9   6   0 0.28    M    M 12.6 28 320   M    M   5 13     36 330
11  64  40  52   2  13   0 0.00    M    M  7.6 17 320   M    M   3 8      31 320
12  74  38  56   5   9   0 0.00    M    M  8.7 16 200   M    M   0        24 170
13  80  52  66  15   0   1 0.00    M    M  7.6 15 200   M    M   2 8      21 240
14  76  57  67  16   0   2    T    M    M  9.9 29 190   M    M   2        38 190
15  82  63  73  21   0   8 0.00    M    M 15.6 28 190   M    M   1        38 180
16  74  57  66  14   0   1 0.01    M    M  9.1 20  30   M    M   4 3      24 360
17  73  44  59   7   6   0 0.00    M    M  4.8 14 160   M    M   1 8      15 160
18  77  47  62   9   3   0 0.00    M    M  9.3 20 200   M    M   2        27 180
19  84  60  72  19   0   7 0.00    M    M 11.5 26 170   M    M   3 3      31 170
20  74  46  60   7   5   0 0.11    M    M 11.4 20 220   M    M   3 1      28 210
21  58  41  50  -4  15   0 0.00    M    M 10.7 22  50   M    M   0        26  50
22  64  41  53  -1  12   0 0.00    M    M 12.1 25  40   M    M   0        31  10
23  72  33  53  -1  12   0 0.00    M    M  4.7 12  40   M    M   0        14  30
24  77  42  60   6   5   0 0.00    M    M 11.7 25 160   M    M   0        36 150
25  78  47  63   8   2   0 0.00    M    M  8.3 24 170   M    M   3 3      33 140
26  62  42  52  -3  13   0 0.61    M    M  9.2 16 310   M    M   9 13     22 300
27  60  40  50  -6  15   0 0.06    M    M  8.8 16 260   M    M   8        22 230
================================================================================
SM 1860 1218       232  24  3.47    M    271.1          M       91
================================================================================
AV 68.9 45.1                              10.0 FASTST   M    M   3    MAX(MPH)
                                 MISC ---->  # 32  30               # 43   30
================================================================================
NOTES:
# LAST OF SEVERAL OCCURRENCES

COLUMN 17 PEAK WIND IN M.P.H.

PRELIMINARY LOCAL CLIMATOLOGICAL DATA (WS FORM: F-6) , PAGE 2

                                          STATION:  KIRKSVILLE MO
                                          MONTH:    APRIL
                                          YEAR:     2017
                                          LATITUDE:   40  5 N
                                          LONGITUDE:  92 33 W

[TEMPERATURE DATA]      [PRECIPITATION DATA]       SYMBOLS USED IN COLUMN 16

AVERAGE MONTHLY: 57.0   TOTAL FOR MONTH:   3.47    1 = FOG OR MIST
DPTR FM NORMAL:   5.7   DPTR FM NORMAL:    0.17    2 = FOG REDUCING VISIBILITY
HIGHEST:    84 ON 19    GRTST 24HR  1.11 ON  5- 5      TO 1/4 MILE OR LESS
LOWEST:     29 ON  7                               3 = THUNDER
                        SNOW, ICE PELLETS, HAIL    4 = ICE PELLETS
                        TOTAL MONTH:    M          5 = HAIL
                        GRTST 24HR    M  ON   M    6 = FREEZING RAIN OR DRIZZLE
                        GRTST DEPTH:  M  ON   M    7 = DUSTSTORM OR SANDSTORM:
                                                       VSBY 1/2 MILE OR LESS
                                                   8 = SMOKE OR HAZE
[NO. OF DAYS WITH]      [WEATHER - DAYS WITH]      9 = BLOWING SNOW
                                                   X = TORNADO
MAX 32 OR BELOW:   0    0.01 INCH OR MORE:   9
MAX 90 OR ABOVE:   0    0.10 INCH OR MORE:   6
MIN 32 OR BELOW:   1    0.50 INCH OR MORE:   4
MIN  0 OR BELOW:   0    1.00 INCH OR MORE:   1

[HDD (BASE 65) ]
TOTAL THIS MO.   232    CLEAR  (SCALE 0-3)  15
DPTR FM NORMAL  -143    PTCLDY (SCALE 4-7)   8
TOTAL FM JUL 1  4403    CLOUDY (SCALE 8-10)  4
DPTR FM NORMAL -1259

[CDD (BASE 65) ]
TOTAL THIS MO.    24
DPTR FM NORMAL    24    [PRESSURE DATA]
TOTAL FM JAN 1    24    HIGHEST SLP  0.00 ON M
DPTR FM NORMAL    24    LOWEST  SLP  0.00 ON M

[REMARKS]
