000
CXUS53 KBIS 270746
CF6ISN
PRELIMINARY LOCAL CLIMATOLOGICAL DATA (WS FORM: F-6)

                                          STATION:   WILLISTON ND
                                          MONTH:     SEPTEMBER
                                          YEAR:      2016
                                          LATITUDE:   48 10 N
                                          LONGITUDE: 103 38 W

  TEMPERATURE IN F:       :PCPN:    SNOW:  WIND      :SUNSHINE: SKY     :PK WND
================================================================================
1   2   3   4   5  6A  6B    7    8   9   10  11  12  13   14  15   16   17  18
                                     12Z  AVG MX 2MIN
DY MAX MIN AVG DEP HDD CDD  WTR  SNW DPTH SPD SPD DIR MIN PSBL S-S WX    SPD DR
================================================================================

 1  92  68  80  16   0  15 0.00    M    M 15.3 29 150   M    M   0        39 150
 2  90  68  79  16   0  14 0.01    M    M 10.4 37 310   M    M   0        46 300
 3  77  57  67   4   0   2    T    M    M  6.7 17  20   M    M   1        23 340
 4  68  56  62   0   3   0 0.03    M    M  6.8 20  10   M    M   7        23 360
 5  56  51  54  -8  11   0 0.19    M    M  7.5 16  10   M    M  10 1      20  10
 6  70  50  60  -1   5   0 0.03    M    M  4.2 12 120   M    M   6 1      16 120
 7  70  49  60  -1   5   0 0.56    M    M  6.8 18 300   M    M   4 13     26 280
 8  74  44  59  -1   6   0    T    M    M  6.2 23 260   M    M   4        32 260
 9  71  49  60   0   5   0 0.04    M    M 11.1 22 270   M    M   3        31 280
10  77  41  59   0   6   0 0.00    M    M  5.5 21 210   M    M   0        27 200
11  81  48  65   6   0   0    T    M    M  9.7 26 340   M    M   2        32 340
12  58  44  51  -7  14   0    T    M    M 13.3 21 350   M    M   8        26 340
13  59  29  44 -14  21   0 0.00    M    M  4.3 13 230   M    M   1 8      16 240
14  74  36  55  -2  10   0 0.00    M    M  5.0 14 140   M    M   0        19 140
15  69  51  60   3   5   0 0.58    M    M  6.5 16 270   M    M   5 1      26 280
16  72  47  60   4   5   0 0.00    M    M  6.5 16 340   M    M   1        21 340
17  83  45  64   8   1   0    T    M    M  6.4 17 210   M    M   2        22 200
18  79  49  64   9   1   0    T    M    M 15.5 37 280   M    M   4        51 260
19  75  43  59   4   6   0 0.00    M    M  8.7 22 270   M    M   1        28 280
20  75  39  57   3   8   0    T    M    M  3.9 14 340   M    M   3        19 350
21  59  53  56   2   9   0 0.49    M    M  8.2 16  30   M    M  10 1      19  30
22  59  51  55   1  10   0 0.14    M    M 11.6 22  90   M    M   9 1      30  80
23  57  50  54   1  11   0 1.08    M    M  9.4 25 110   M    M  10 13     35 100
24  58  51  55   2  10   0 0.20    M    M 16.6 35 350   M    M  10 1      41 330
25  65  41  53   1  12   0 0.19    M    M 18.4 35 310   M    M   2 1      43 310
26  71  37  54   2  11   0 0.00    M    M  6.4 18 290   M    M   0        26 290
================================================================================
SM 1839 1247       175  31  3.54    M    230.9          M      103
================================================================================
AV 70.7 48.0                               8.9 FASTST   M    M   4    MAX(MPH)
                                 MISC ---->  # 37 310               # 51  260
================================================================================
NOTES:
# LAST OF SEVERAL OCCURRENCES

COLUMN 17 PEAK WIND IN M.P.H.

PRELIMINARY LOCAL CLIMATOLOGICAL DATA (WS FORM: F-6) , PAGE 2

                                          STATION:  WILLISTON ND
                                          MONTH:    SEPTEMBER
                                          YEAR:     2016
                                          LATITUDE:   48 10 N
                                          LONGITUDE: 103 38 W

[TEMPERATURE DATA]      [PRECIPITATION DATA]       SYMBOLS USED IN COLUMN 16

AVERAGE MONTHLY: 59.3   TOTAL FOR MONTH:   3.54    1 = FOG OR MIST
DPTR FM NORMAL:   1.7   DPTR FM NORMAL:    2.62    2 = FOG REDUCING VISIBILITY
HIGHEST:    92 ON  1    GRTST 24HR  1.21 ON 22-23      TO 1/4 MILE OR LESS
LOWEST:     29 ON 13                               3 = THUNDER
                        SNOW, ICE PELLETS, HAIL    4 = ICE PELLETS
                        TOTAL MONTH:    M          5 = HAIL
                        GRTST 24HR    M  ON   M    6 = FREEZING RAIN OR DRIZZLE
                        GRTST DEPTH:  M  ON   M    7 = DUSTSTORM OR SANDSTORM:
                                                       VSBY 1/2 MILE OR LESS
                                                   8 = SMOKE OR HAZE
[NO. OF DAYS WITH]      [WEATHER - DAYS WITH]      9 = BLOWING SNOW
                                                   X = TORNADO
MAX 32 OR BELOW:   0    0.01 INCH OR MORE:  12
MAX 90 OR ABOVE:   2    0.10 INCH OR MORE:   8
MIN 32 OR BELOW:   1    0.50 INCH OR MORE:   3
MIN  0 OR BELOW:   0    1.00 INCH OR MORE:   1

[HDD (BASE 65) ]
TOTAL THIS MO.   175    CLEAR  (SCALE 0-3)  12
DPTR FM NORMAL   -42    PTCLDY (SCALE 4-7)   9
TOTAL FM JUL 1   185    CLOUDY (SCALE 8-10)  5
DPTR FM NORMAL  -103

[CDD (BASE 65) ]
TOTAL THIS MO.    31
DPTR FM NORMAL     7    [PRESSURE DATA]
TOTAL FM JAN 1   521    HIGHEST SLP M ON M
DPTR FM NORMAL    68    LOWEST  SLP 29.60 ON 18

[REMARKS]
