000
CXUS53 KGRB 200655
CF6ISW
PRELIMINARY LOCAL CLIMATOLOGICAL DATA (WS FORM: F-6)

                                          STATION:   WISCONSIN RAPIDS ASOS
                                          MONTH:     JANUARY
                                          YEAR:      2018
                                          LATITUDE:   44 22 N
                                          LONGITUDE:  89 50 W

  TEMPERATURE IN F:       :PCPN:    SNOW:  WIND      :SUNSHINE: SKY     :PK WND
================================================================================
1   2   3   4   5  6A  6B    7    8   9   10  11  12  13   14  15   16   17  18
                                     12Z  AVG MX 2MIN
DY MAX MIN AVG DEP HDD CDD  WTR  SNW DPTH SPD SPD DIR MIN PSBL S-S WX    SPD DR
================================================================================

 1   1 -17  -8 -24  73   0 0.00  0.0    5  6.9 14 310   M    M   0        18 300
 2  13 -10   2 -14  63   0    T    T    5 10.5 21 240   M    M   0 8      27 230
 3  11  -6   3 -13  62   0    T  0.2    4 10.6 18 320   M    M   4        26 340
 4   6 -16  -5 -21  70   0 0.00  0.0    4  3.3 14 340   M    M   1        18 320
 5   6 -14  -4 -20  69   0 0.00  0.0    4  4.9 15 330   M    M   2        19 340
 6  10 -19  -4 -20  69   0 0.00  0.0    4  4.6 16 190   M    M   2 8      20 180
 7  30   8  19   3  46   0    T    T    4  9.9 17 220   M    M   7        23 200
 8  37  17  27  11  38   0 0.00  0.0    4  8.7 20 310   M    M   3 18     25 280
 9  39  18  29  13  36   0 0.00  0.0    4  5.2 13 150   M    M   4        17 160
10  38  31  35  19  30   0    T  0.0    4  8.4 17 200   M    M   8 128    24 190
11  42  12  27  11  38   0 0.09  1.0    3 10.4 21 320   M    M  10 16     29 320
12  13  -2   6 -10  59   0 0.00  0.0    M 12.0 22 350   M    M   3        26  30
13   5 -11  -3 -19  68   0 0.00  0.0    0  5.0 13 340   M    M   0        16 330
14  15 -16   0 -16  65   0    M    M    M  5.4 14 180   M    M   5 1      19 180
15  21   9  15  -1  50   0    T    M    M  6.2 12  40   M    M   9 18     15  50
16  22   2  12  -4  53   0 0.00  0.0    M  7.6 14 310   M    M   2        17  20
17  25  -2  12  -4  53   0 0.00  0.0    M 10.2 21 240   M    M   1        29 230
18  38  16  27  11  38   0 0.00  0.0    M  9.8 17 230   M    M   0        22 210
19  39  21  30  14  35   0 0.00  0.0    M  8.1 16 220   M    M   0        21 210
================================================================================
SM  411   21      1015   0  0.09     1.2 147.7          M       61
================================================================================
AV 21.6  1.1                               7.8 FASTST   M    M   3    MAX(MPH)
                                 MISC ---->  # 22 350               # 29  320
================================================================================
NOTES:
# LAST OF SEVERAL OCCURRENCES

COLUMN 17 PEAK WIND IN M.P.H.

PRELIMINARY LOCAL CLIMATOLOGICAL DATA (WS FORM: F-6) , PAGE 2

                                          STATION:  WISCONSIN RAPIDS ASOS
                                          MONTH:    JANUARY
                                          YEAR:     2018
                                          LATITUDE:   44 22 N
                                          LONGITUDE:  89 50 W

[TEMPERATURE DATA]      [PRECIPITATION DATA]       SYMBOLS USED IN COLUMN 16

AVERAGE MONTHLY: 11.4   TOTAL FOR MONTH:   0.09    1 = FOG OR MIST
DPTR FM NORMAL:  -4.6   DPTR FM NORMAL:   -0.40    2 = FOG REDUCING VISIBILITY
HIGHEST:    42 ON 11    GRTST 24HR  0.09 ON 11-11      TO 1/4 MILE OR LESS
LOWEST:    -19 ON  6                               3 = THUNDER
                        SNOW, ICE PELLETS, HAIL    4 = ICE PELLETS
                        TOTAL MONTH:   1.2 INCHES  5 = HAIL
                        GRTST 24HR   1.0 ON 11-11  6 = FREEZING RAIN OR DRIZZLE
                        GRTST DEPTH:   5 ON  2, 1  7 = DUSTSTORM OR SANDSTORM:
                                                       VSBY 1/2 MILE OR LESS
                                                   8 = SMOKE OR HAZE
[NO. OF DAYS WITH]      [WEATHER - DAYS WITH]      9 = BLOWING SNOW
                                                   X = TORNADO
MAX 32 OR BELOW:  13    0.01 INCH OR MORE:   1
MAX 90 OR ABOVE:   0    0.10 INCH OR MORE:   0
MIN 32 OR BELOW:  19    0.50 INCH OR MORE:   0
MIN  0 OR BELOW:  10    1.00 INCH OR MORE:   0

[HDD (BASE 65) ]
TOTAL THIS MO.  1015    CLEAR  (SCALE 0-3)  11
DPTR FM NORMAL    79    PTCLDY (SCALE 4-7)   5
TOTAL FM JUL 1  4042    CLOUDY (SCALE 8-10)  3
DPTR FM NORMAL   -70

[CDD (BASE 65) ]
TOTAL THIS MO.     0
DPTR FM NORMAL     0    [PRESSURE DATA]
TOTAL FM JAN 1     0    HIGHEST SLP M ON M
DPTR FM NORMAL     0    LOWEST  SLP 29.53 ON 19

[REMARKS]
