000
CXUS55 KRIW 220945
CF6JAC
PRELIMINARY LOCAL CLIMATOLOGICAL DATA (WS FORM: F-6)

                                          STATION:   JACKSON  WY
                                          MONTH:     JANUARY
                                          YEAR:      2018
                                          LATITUDE:   43 35 N
                                          LONGITUDE: 110 44 W

  TEMPERATURE IN F:       :PCPN:    SNOW:  WIND      :SUNSHINE: SKY     :PK WND
================================================================================
1   2   3   4   5  6A  6B    7    8   9   10  11  12  13   14  15   16   17  18
                                     12Z  AVG MX 2MIN
DY MAX MIN AVG DEP HDD CDD  WTR  SNW DPTH SPD SPD DIR MIN PSBL S-S WX    SPD DR
================================================================================

 1  25  -7   9  -4  56   0 0.00  0.0    M  4.7  8  90   M    M   0         M  M
 2  29  -9  10  -3  55   0 0.00  0.0    M  4.5 13  20   M    M   1 1       M  M
 3  31  -5  13   0  52   0 0.00  0.0    M  2.5  8  10   M    M   3         M  M
 4  33  -1  16   3  49   0 0.00  0.0    M  2.8  9  20   M    M   2         M  M
 5  34  10  22   9  43   0 0.00  0.0    M  2.0  6  70   M    M   8         M  M
 6  38  24  31  18  34   0    T    M    M  3.9 12 220   M    M   9 1       M  M
 7  35  14  25  12  40   0 0.01    M    M  9.0 15 200   M    M   5 1      21 210
 8  31   9  20   7  45   0 0.00    M    M  4.5  8  10   M    M   2         M  M
 9  35  20  28  15  37   0 0.12    M    M  6.1 13 230   M    M  10 1       M  M
10  35  23  29  16  36   0 0.15    M    M  7.5 15 200   M    M  10 1      21 210
11  30  17  24  10  41   0    T    M    M  9.4 15 200   M    M  10 1      22 210
12  35  29  32  18  33   0 0.04    M    M  8.7 15 170   M    M  10 1      18 230
13  36  10  23   9  42   0 0.01    M    M 11.5 17 180   M    M   8 1      24 210
14  35   8  22   8  43   0    T    M    M  3.0  8  10   M    M   6 12      M  M
15  33   3  18   4  47   0    T    M    M  2.7  7  10   M    M   9 128     M  M
16  28  -5  12  -2  53   0    T    M    M  2.8  9  20   M    M   5 1       M  M
17  33  -1  16   2  49   0 0.00  0.0    M  3.7  8  10   M    M   1         M  M
18  40   7  24  10  41   0 0.07    M    M  5.4 20 200   M    M   7 1       M  M
19  41  24  33  19  32   0    T    M    M 12.3 21 210   M    M  10 1      32 200
20  29  16  23   9  42   0    T    M    M  9.4 17  10   M    M   9         M  M
21  35  -1  17   3  48   0 0.00  0.0    M  5.9 12 340   M    M   2         M  M
================================================================================
SM  701  185       918   0  0.40     0.0 122.3          M      127
================================================================================
AV 33.4  8.8                               5.8 FASTST   M    M   6    MAX(MPH)
                                 MISC ---->  # 21 210               # 32  200
================================================================================
NOTES:
# LAST OF SEVERAL OCCURRENCES

COLUMN 17 PEAK WIND IN M.P.H.

PRELIMINARY LOCAL CLIMATOLOGICAL DATA (WS FORM: F-6) , PAGE 2

                                          STATION:  JACKSON  WY
                                          MONTH:    JANUARY
                                          YEAR:     2018
                                          LATITUDE:   43 35 N
                                          LONGITUDE: 110 44 W

[TEMPERATURE DATA]      [PRECIPITATION DATA]       SYMBOLS USED IN COLUMN 16

AVERAGE MONTHLY: 21.1   TOTAL FOR MONTH:   0.40    1 = FOG OR MIST
DPTR FM NORMAL:   7.6   DPTR FM NORMAL:   -1.45    2 = FOG REDUCING VISIBILITY
HIGHEST:    41 ON 19    GRTST 24HR  0.15 ON 10-10      TO 1/4 MILE OR LESS
LOWEST:     -9 ON  2                               3 = THUNDER
                        SNOW, ICE PELLETS, HAIL    4 = ICE PELLETS
                        TOTAL MONTH:   0.0 INCH    5 = HAIL
                        GRTST 24HR     0.0         6 = FREEZING RAIN OR DRIZZLE
                        GRTST DEPTH:  M  ON   M    7 = DUSTSTORM OR SANDSTORM:
                                                       VSBY 1/2 MILE OR LESS
                                                   8 = SMOKE OR HAZE
[NO. OF DAYS WITH]      [WEATHER - DAYS WITH]      9 = BLOWING SNOW
                                                   X = TORNADO
MAX 32 OR BELOW:   7    0.01 INCH OR MORE:   6
MAX 90 OR ABOVE:   0    0.10 INCH OR MORE:   2
MIN 32 OR BELOW:  21    0.50 INCH OR MORE:   0
MIN  0 OR BELOW:   7    1.00 INCH OR MORE:   0

[HDD (BASE 65) ]
TOTAL THIS MO.   918    CLEAR  (SCALE 0-3)   7
DPTR FM NORMAL  -164    PTCLDY (SCALE 4-7)   5
TOTAL FM JUL 1  4757    CLOUDY (SCALE 8-10)  9
DPTR FM NORMAL  -528

[CDD (BASE 65) ]
TOTAL THIS MO.     0
DPTR FM NORMAL     0    [PRESSURE DATA]
TOTAL FM JAN 1     0    HIGHEST SLP M ON M
DPTR FM NORMAL     0    LOWEST  SLP M ON M

[REMARKS]
