266
CXUS54 KJAN 231200
CF6JAN
PRELIMINARY LOCAL CLIMATOLOGICAL DATA (WS FORM: F-6)

                                          STATION:   JACKSON
                                          MONTH:     NOVEMBER
                                          YEAR:      2017
                                          LATITUDE:   32 19 N
                                          LONGITUDE:  90  5 W

  TEMPERATURE IN F:       :PCPN:    SNOW:  WIND      :SUNSHINE: SKY     :PK WND
================================================================================
1   2   3   4   5  6A  6B    7    8   9   10  11  12  13   14  15   16   17  18
                                     12Z  AVG MX 2MIN
DY MAX MIN AVG DEP HDD CDD  WTR  SNW DPTH SPD SPD DIR MIN PSBL S-S WX    SPD DR
================================================================================

 1  70  61  66   6   0   1 0.19  0.0    0 11.0 18 170   M    M   6 1      26 150
 2  84  70  77  17   0  12    T  0.0    0 11.8 18 170   M    M   7        24 170
 3  86  67  77  17   0  12 0.35  0.0    0  4.4 20 300   M    M   6 13     26 340
 4  82  67  75  16   0  10 0.03  0.0    0  6.2 13 100   M    M   7 1      17 100
 5  83  69  76  17   0  11 0.00  0.0    0  8.8 17 170   M    M   6 1      21 160
 6  86  71  79  20   0  14 0.00  0.0    0  8.0 13 200   M    M   6        17 220
 7  85  63  74  16   0   9 0.01  0.0    0  7.6 13 360   M    M   8 1      17 280
 8  63  54  59   1   6   0 0.08  0.0    0  9.3 15 360   M    M  10 1      19 360
 9  67  45  56  -2   9   0 0.15  0.0    0  6.9 15  20   M    M   5 1      19 340
10  69  44  57  -1   8   0 0.00  0.0    0  6.9 15  60   M    M   0        21  50
11  72  41  57   0   8   0 0.00  0.0    0  3.5 12 150   M    M   1        15 120
12  75  51  63   6   2   0 0.00  0.0    0  3.9 12  10   M    M   7        14  30
13  70  49  60   4   5   0 0.00  0.0    0  5.8 14 360   M    M   3 1      19  50
14  71  44  58   2   7   0 0.00  0.0    0  2.2  9 340   M    M   1        11 360
15  75  48  62   6   3   0 0.00  0.0    0  4.7 14 150   M    M   4        18 150
16  75  51  63   7   2   0    T  0.0    0  2.5 12  10   M    M   6 1      15  10
17  79  54  67  12   0   2 0.00  0.0    0  8.7 18 180   M    M   3 1      27 180
18  82  52  67  12   0   2 0.13  0.0    0 14.3 30 340   M    M   7 1      39 330
19  61  41  51  -4  14   0 0.00  0.0    0  9.6 21 360   M    M   0        27  10
20  58  31  45  -9  20   0 0.00  0.0    0  1.5  8  40   M    M   3        11  40
21  66  33  50  -4  15   0 0.00  0.0    0  1.8  8 230   M    M   4        11 260
22  63  40  52  -2  13   0 0.00  0.0    0  8.6 18  10   M    M   0        23  10
================================================================================
SM 1622 1146       112  73  0.94     0.0 148.0          M      100
================================================================================
AV 73.7 52.1                               6.7 FASTST   M    M   5    MAX(MPH)
                                 MISC ---->  # 30 340               # 39  330
================================================================================
NOTES:
# LAST OF SEVERAL OCCURRENCES

COLUMN 17 PEAK WIND IN M.P.H.

PRELIMINARY LOCAL CLIMATOLOGICAL DATA (WS FORM: F-6) , PAGE 2

                                          STATION:  JACKSON
                                          MONTH:    NOVEMBER
                                          YEAR:     2017
                                          LATITUDE:   32 19 N
                                          LONGITUDE:  90  5 W

[TEMPERATURE DATA]      [PRECIPITATION DATA]       SYMBOLS USED IN COLUMN 16

AVERAGE MONTHLY: 62.9   TOTAL FOR MONTH:   0.94    1 = FOG OR MIST
DPTR FM NORMAL:   5.9   DPTR FM NORMAL:   -2.39    2 = FOG REDUCING VISIBILITY
HIGHEST:    86 ON  6, 3 GRTST 24HR  0.35 ON  3- 3      TO 1/4 MILE OR LESS
LOWEST:     31 ON 20                               3 = THUNDER
                        SNOW, ICE PELLETS, HAIL    4 = ICE PELLETS
                        TOTAL MONTH:   0.0 INCH    5 = HAIL
                        GRTST 24HR     0.0         6 = FREEZING RAIN OR DRIZZLE
                        GRTST DEPTH:   0           7 = DUSTSTORM OR SANDSTORM:
                                                       VSBY 1/2 MILE OR LESS
                                                   8 = SMOKE OR HAZE
[NO. OF DAYS WITH]      [WEATHER - DAYS WITH]      9 = BLOWING SNOW
                                                   X = TORNADO
MAX 32 OR BELOW:   0    0.01 INCH OR MORE:   7
MAX 90 OR ABOVE:   0    0.10 INCH OR MORE:   4
MIN 32 OR BELOW:   1    0.50 INCH OR MORE:   0
MIN  0 OR BELOW:   0    1.00 INCH OR MORE:   0

[HDD (BASE 65) ]
TOTAL THIS MO.   112    CLEAR  (SCALE 0-3)   7
DPTR FM NORMAL   -85    PTCLDY (SCALE 4-7)  14
TOTAL FM JUL 1   179    CLOUDY (SCALE 8-10)  1
DPTR FM NORMAL  -125

[CDD (BASE 65) ]
TOTAL THIS MO.    73
DPTR FM NORMAL    52    [PRESSURE DATA]
TOTAL FM JAN 1  2537    HIGHEST SLP M ON M
DPTR FM NORMAL   285    LOWEST  SLP 29.71 ON 18

[REMARKS]
