000
CXUS54 KJAN 301414
CF6JAN
PRELIMINARY LOCAL CLIMATOLOGICAL DATA (WS FORM: F-6)

                                          STATION:   JACKSON
                                          MONTH:     JULY
                                          YEAR:      2015
                                          LATITUDE:   32 19 N
                                          LONGITUDE:  90  5 W

  TEMPERATURE IN F:       :PCPN:    SNOW:  WIND      :SUNSHINE: SKY     :PK WND
================================================================================
1   2   3   4   5  6A  6B    7    8   9   10  11  12  13   14  15   16   17  18
                                     12Z  AVG MX 2MIN
DY MAX MIN AVG DEP HDD CDD  WTR  SNW DPTH SPD SPD DIR MIN PSBL S-S WX    SPD DR
================================================================================

 1  91  69  80  -1   0  15 0.00  0.0    0  8.2 18 200   M    M   2        28 240
 2  89  74  82   1   0  17    T  0.0    0  7.8 16 220   M    M   5        22 220
 3  89  77  83   2   0  18 0.00  0.0    0  7.7 16 230   M    M   5        21 220
 4  87  71  79  -2   0  14 0.15  0.0    0  7.6 25 330   M    M   6 13     37 330
 5  79  68  74  -7   0   9 1.23  0.0    0  5.4 17 190   M    M   7 13     25 300
 6  90  67  79  -2   0  14 0.00  0.0    0  7.0 13 180   M    M   4        17 200
 7  93  73  83   1   0  18    T  0.0    0  7.5 18 180   M    M   4 3      24 160
 8  93  72  83   1   0  18 0.00  0.0    0  8.2 15 180   M    M   2        20 170
 9  93  72  83   1   0  18 0.00  0.0    0  3.5 14 150   M    M   2        19 140
10  95  73  84   2   0  19 0.00  0.0    0  3.1 12 340   M    M   3 3      13 340
11  94  76  85   3   0  20 0.01  0.0    0  2.6 13 310   M    M   3 3      17 300
12  94  76  85   3   0  20 0.00  0.0    0  3.0 12 300   M    M   2        14 310
13  95  76  86   4   0  21 0.00  0.0    0  2.9 10 270   M    M   2        13 280
14  95  75  85   3   0  20 0.00  0.0    0  5.8 13 260   M    M   2        17 260
15  96  76  86   4   0  21 0.00  0.0    0  5.5 13 130   M    M   2        19 100
16  96  75  86   4   0  21 0.00  0.0    0  4.0 12 260   M    M   3        14 260
17  97  74  86   4   0  21 0.00  0.0    0  3.1 10 270   M    M   2        13 250
18  98  77  88   6   0  23 0.00  0.0    0  4.0 10 340   M    M   2        13 340
19  99  76  88   6   0  23 0.00  0.0    0  4.1 14 340   M    M   2 1      17 350
20  99  78  89   7   0  24 0.00  0.0    0  5.1 12 270   M    M   2        16 210
21  98  78  88   6   0  23 0.00  0.0    0  5.6 12 150   M    M   3        17 250
22  96  77  87   5   0  22 0.00  0.0    0  5.4 14 200   M    M   3        20 240
23  97  77  87   5   0  22 0.00  0.0    0  6.3 14 270   M    M   3 8      20 270
24  98  78  88   6   0  23 0.00  0.0    0  6.8 16 270   M    M   4        21 310
25 100  74  87   5   0  22 0.00  0.0    0  3.8 21 360   M    M   4 3      26 360
26  99  73  86   4   0  21 0.00  0.0    0  3.7 14 140   M    M   2        19 140
27  98  73  86   4   0  21 0.00  0.0    0  3.9 13 140   M    M   1        16 140
28  99  74  87   5   0  22    T  0.0    0  3.5 13 330   M    M   2        17 320
29 101  77  89   7   0  24 0.00  0.0    0  5.2 17  60   M    M   2        24  50
================================================================================
SM 2748 2156         0 574  1.39     0.0 150.3          M       86
================================================================================
AV 94.8 74.3                               5.2 FASTST   M    M   3    MAX(MPH)
                                 MISC ---->  # 25 330               # 37  330
================================================================================
NOTES:
# LAST OF SEVERAL OCCURRENCES

COLUMN 17 PEAK WIND IN M.P.H.

PRELIMINARY LOCAL CLIMATOLOGICAL DATA (WS FORM: F-6) , PAGE 2

                                          STATION:  JACKSON
                                          MONTH:    JULY
                                          YEAR:     2015
                                          LATITUDE:   32 19 N
                                          LONGITUDE:  90  5 W

[TEMPERATURE DATA]      [PRECIPITATION DATA]       SYMBOLS USED IN COLUMN 16

AVERAGE MONTHLY: 84.6   TOTAL FOR MONTH:   1.39    1 = FOG OR MIST
DPTR FM NORMAL:   2.8   DPTR FM NORMAL:   -3.12    2 = FOG REDUCING VISIBILITY
HIGHEST:   101 ON 29    GRTST 24HR  1.24 ON  4- 5      TO 1/4 MILE OR LESS
LOWEST:     67 ON  6                               3 = THUNDER
                        SNOW, ICE PELLETS, HAIL    4 = ICE PELLETS
                        TOTAL MONTH:   0.0 INCH    5 = HAIL
                        GRTST 24HR     0.0         6 = FREEZING RAIN OR DRIZZLE
                        GRTST DEPTH:   0           7 = DUSTSTORM OR SANDSTORM:
                                                       VSBY 1/2 MILE OR LESS
                                                   8 = SMOKE OR HAZE
[NO. OF DAYS WITH]      [WEATHER - DAYS WITH]      9 = BLOWING SNOW
                                                   X = TORNADO
MAX 32 OR BELOW:   0    0.01 INCH OR MORE:   3
MAX 90 OR ABOVE:  25    0.10 INCH OR MORE:   2
MIN 32 OR BELOW:   0    0.50 INCH OR MORE:   1
MIN  0 OR BELOW:   0    1.00 INCH OR MORE:   1

[HDD (BASE 65) ]
TOTAL THIS MO.     0    CLEAR  (SCALE 0-3)  18
DPTR FM NORMAL     0    PTCLDY (SCALE 4-7)  11
TOTAL FM JUL 1     0    CLOUDY (SCALE 8-10)  0
DPTR FM NORMAL     0

[CDD (BASE 65) ]
TOTAL THIS MO.   574
DPTR FM NORMAL    88    [PRESSURE DATA]
TOTAL FM JAN 1  1509    HIGHEST SLP M ON M
DPTR FM NORMAL   243    LOWEST  SLP 29.80 ON 14

[REMARKS]
