000
CXUS54 KMEG 250637
CF6JBR
PRELIMINARY LOCAL CLIMATOLOGICAL DATA (WS FORM: F-6)

                                          STATION:   JONESBORO
                                          MONTH:     JUNE
                                          YEAR:      2017
                                          LATITUDE:   35 49 N
                                          LONGITUDE:  90 39 W

  TEMPERATURE IN F:       :PCPN:    SNOW:  WIND      :SUNSHINE: SKY     :PK WND
================================================================================
1   2   3   4   5  6A  6B    7    8   9   10  11  12  13   14  15   16   17  18
                                     12Z  AVG MX 2MIN
DY MAX MIN AVG DEP HDD CDD  WTR  SNW DPTH SPD SPD DIR MIN PSBL S-S WX    SPD DR
================================================================================

 1  87  66  77   3   0  12 0.01  0.0    0  3.5 22  60   M    M   2 13     29  60
 2  87  63  75   1   0  10 0.00  0.0    0  5.3 22 150   M    M   1 1      25 150
 3  88  67  78   3   0  13 0.03  0.0    0  6.6 23 160   M    M   6 13     29 160
 4  80  70  75   0   0  10 0.66  0.0    0  5.4 15 170   M    M   6 13     18 190
 5  81  68  75   0   0  10 0.55  0.0    0  3.5 17  30   M    M   6 13     22  30
 6  89  67  78   2   0  13 0.00  0.0    0  8.4 17  20   M    M   2 1      24  20
 7  85  64  75  -1   0  10 0.00  0.0    0  7.8 15  20   M    M   1        23  40
 8  82  61  72  -4   0   7 0.00  0.0    0  6.1 14  80   M    M   0        25  50
 9  85  56  71  -5   0   6 0.00  0.0    0  3.0 13 180   M    M   0 8      16 190
10  88  59  74  -3   0   9 0.00  0.0    0  7.3 20 180   M    M   0 8      24 190
11  92  64  78   1   0  13 0.00  0.0    0  8.1 21 190   M    M   1        25 170
12  93  73  83   6   0  18 0.00  0.0    0 10.1 18 160   M    M   3        24 170
13  93  73  83   5   0  18 0.00  0.0    0  8.4 17 190   M    M   1        22 240
14  94  72  83   5   0  18 0.00  0.0    0 10.0 20 210   M    M   2        26 200
15  93  72  83   5   0  18 0.05  0.0    0  7.2 23 350   M    M   2 13     33 360
16  89  71  80   2   0  15    T  0.0    0  6.2 17 130   M    M   1        21 140
17  93  69  81   3   0  16 0.00  0.0    0 10.9 22 220   M    M   1        27 220
18  91  74  83   4   0  18    T  0.0    0  7.0 23 190   M    M   4 3      30 190
19  91  68  80   1   0  15    T  0.0    0  4.3 10  20   M    M   2        14  10
20  93  64  79   0   0  14 0.00  0.0    0  3.1  9 210   M    M   0        14  40
21  93  68  81   2   0  16 0.00  0.0    0  6.1 18 130   M    M   1        23 110
22  91  76  84   5   0  19 0.14  0.0    0  8.9 26 160   M    M   8 1      37 150
23  91  71  81   1   0  16 1.10  0.0    0  9.2 31 300   M    M   6 13     41 300
24  82  65  74  -6   0   9 0.00  0.0    0  6.0 13 360   M    M   0        18 350
================================================================================
SM 2131 1621         0 323  2.54     0.0 162.4          M       56
================================================================================
AV 88.8 67.5                               6.8 FASTST   M    M   2    MAX(MPH)
                                 MISC ---->  # 31 300               # 41  300
================================================================================
NOTES:
# LAST OF SEVERAL OCCURRENCES

COLUMN 17 PEAK WIND IN M.P.H.

PRELIMINARY LOCAL CLIMATOLOGICAL DATA (WS FORM: F-6) , PAGE 2

                                          STATION:  JONESBORO
                                          MONTH:    JUNE
                                          YEAR:     2017
                                          LATITUDE:   35 49 N
                                          LONGITUDE:  90 39 W

[TEMPERATURE DATA]      [PRECIPITATION DATA]       SYMBOLS USED IN COLUMN 16

AVERAGE MONTHLY: 78.2   TOTAL FOR MONTH:   2.54    1 = FOG OR MIST
DPTR FM NORMAL:   1.0   DPTR FM NORMAL:   -0.24    2 = FOG REDUCING VISIBILITY
HIGHEST:    94 ON 14    GRTST 24HR  1.10 ON 23-23      TO 1/4 MILE OR LESS
LOWEST:     56 ON  9                               3 = THUNDER
                        SNOW, ICE PELLETS, HAIL    4 = ICE PELLETS
                        TOTAL MONTH:   0.0 INCH    5 = HAIL
                        GRTST 24HR     0.0         6 = FREEZING RAIN OR DRIZZLE
                        GRTST DEPTH:   0           7 = DUSTSTORM OR SANDSTORM:
                                                       VSBY 1/2 MILE OR LESS
                                                   8 = SMOKE OR HAZE
[NO. OF DAYS WITH]      [WEATHER - DAYS WITH]      9 = BLOWING SNOW
                                                   X = TORNADO
MAX 32 OR BELOW:   0    0.01 INCH OR MORE:   7
MAX 90 OR ABOVE:  12    0.10 INCH OR MORE:   4
MIN 32 OR BELOW:   0    0.50 INCH OR MORE:   3
MIN  0 OR BELOW:   0    1.00 INCH OR MORE:   1

[HDD (BASE 65) ]
TOTAL THIS MO.     0    CLEAR  (SCALE 0-3)  18
DPTR FM NORMAL     0    PTCLDY (SCALE 4-7)   6
TOTAL FM JUL 1  2628    CLOUDY (SCALE 8-10)  0
DPTR FM NORMAL -1024

[CDD (BASE 65) ]
TOTAL THIS MO.   323
DPTR FM NORMAL    31    [PRESSURE DATA]
TOTAL FM JAN 1   557    HIGHEST SLP M ON M
DPTR FM NORMAL    52    LOWEST  SLP 29.60 ON 23

[REMARKS]
