000
CXUS55 KGGW 270800
CF6JDN
PRELIMINARY LOCAL CLIMATOLOGICAL DATA (WS FORM: F-6)

                                          STATION:   JORDAN  ASOS MT
                                          MONTH:     JUNE
                                          YEAR:      2017
                                          LATITUDE:   47 19 N
                                          LONGITUDE: 106 50 W

  TEMPERATURE IN F:       :PCPN:    SNOW:  WIND      :SUNSHINE: SKY     :PK WND
================================================================================
1   2   3   4   5  6A  6B    7    8   9   10  11  12  13   14  15   16   17  18
                                     12Z  AVG MX 2MIN
DY MAX MIN AVG DEP HDD CDD  WTR  SNW DPTH SPD SPD DIR MIN PSBL S-S WX    SPD DR
================================================================================

 1  96  59  78  20   0  13 0.01  0.0    M  6.2 22 280   M    M   0        40 240
 2  82  49  66   8   0   1 0.00  0.0    0 13.1 22 270   M    M   0        33 270
 3  87  43  65   7   0   0 0.00  0.0    0  7.3 12 190   M    M   0        18 210
 4  96  50  73  14   0   8 0.00  0.0    0  6.7 18 100   M    M   0        29  60
 5  81  48  65   6   0   0 0.00  0.0    0 15.7 31 320   M    M   0        40 320
 6  79  42  61   1   4   0 0.00  0.0    0  8.2 15 350   M    M   0        29 340
 7  85  40  63   3   2   0 0.00  0.0    0  8.9 18 110   M    M   0        25 100
 8  95  60  78  18   0  13 0.00  0.0    0 14.4 24 120   M    M   0        30 100
 9  85  55  70  10   0   5 0.05  0.0    0 15.6 30 280   M    M   0        49 280
10  78  51  65   4   0   0 0.00  0.0    0 10.2 26 280   M    M   0        33 270
11  76  47  62   1   3   0 0.00  0.0    0 10.4 23 260   M    M   0        30 280
12  84  42  63   2   2   0 0.00  0.0    0 13.9 35 150   M    M   0        43 150
13  79  55  67   5   0   2 0.00  0.0    0 11.6 39 230   M    M   0        46 220
14  73  49  61  -1   4   0 0.00  0.0    0 18.4 35 280   M    M   0        46 270
15  63  44  54  -8  11   0 0.00  0.0    0  8.1 15 270   M    M   0         M  M
16  82  58  70   7   0   5 0.00  0.0    M 13.6 35 270   M    M   0        44 270
17  74  47  61  -2   4   0 0.15    M    0 15.9 36 320   M    M   0        49 310
18  79  43  61  -2   4   0 0.00  0.0    0 10.7 24 280   M    M   0        30 280
19  84  48  66   2   0   1 0.00  0.0    0 11.2 24 320   M    M   0        38 300
20  91  54  73   9   0   8 0.00  0.0    0  8.0 20 280   M    M   0        27 270
21  83  54  69   5   0   4 0.00  0.0    0 10.6 26  10   M    M   0        32  10
22  75  45  60  -4   5   0 0.00  0.0    0 16.3 39 310   M    M   0        52 330
23  72  42  57  -8   8   0 0.00  0.0    0 13.4 25 310   M    M   0        39 310
24  76  42  59  -6   6   0 0.00  0.0    0  7.3 17  10   M    M   0        24  20
25  81  39  60  -5   5   0 0.00  0.0    0  6.2 15 340   M    M   0        20 330
26  91  42  67   1   0   2 0.00  0.0    0 11.2 23 180   M    M   0        39 190
================================================================================
SM 2127 1248        58  62  0.21     0.0 293.1          M        0
================================================================================
AV 81.8 48.0                              11.3 FASTST   M    M   0    MAX(MPH)
                                 MISC ---->  # 39 230               # 52  330
================================================================================
NOTES:
# LAST OF SEVERAL OCCURRENCES

COLUMN 17 PEAK WIND IN M.P.H.

PRELIMINARY LOCAL CLIMATOLOGICAL DATA (WS FORM: F-6) , PAGE 2

                                          STATION:  JORDAN  ASOS MT
                                          MONTH:    JUNE
                                          YEAR:     2017
                                          LATITUDE:   47 19 N
                                          LONGITUDE: 106 50 W

[TEMPERATURE DATA]      [PRECIPITATION DATA]       SYMBOLS USED IN COLUMN 16

AVERAGE MONTHLY: 64.9   TOTAL FOR MONTH:   0.21    1 = FOG OR MIST
DPTR FM NORMAL:   3.1   DPTR FM NORMAL:   -2.05    2 = FOG REDUCING VISIBILITY
HIGHEST:    96 ON  4, 1 GRTST 24HR  0.15 ON 17-17      TO 1/4 MILE OR LESS
LOWEST:     39 ON 25                               3 = THUNDER
                        SNOW, ICE PELLETS, HAIL    4 = ICE PELLETS
                        TOTAL MONTH:   0.0 INCH    5 = HAIL
                        GRTST 24HR     0.0         6 = FREEZING RAIN OR DRIZZLE
                        GRTST DEPTH:   0           7 = DUSTSTORM OR SANDSTORM:
                                                       VSBY 1/2 MILE OR LESS
                                                   8 = SMOKE OR HAZE
[NO. OF DAYS WITH]      [WEATHER - DAYS WITH]      9 = BLOWING SNOW
                                                   X = TORNADO
MAX 32 OR BELOW:   0    0.01 INCH OR MORE:   3
MAX 90 OR ABOVE:   5    0.10 INCH OR MORE:   1
MIN 32 OR BELOW:   0    0.50 INCH OR MORE:   0
MIN  0 OR BELOW:   0    1.00 INCH OR MORE:   0

[HDD (BASE 65) ]
TOTAL THIS MO.    58    CLEAR  (SCALE 0-3)  26
DPTR FM NORMAL   -59    PTCLDY (SCALE 4-7)   0
TOTAL FM JUL 1  7558    CLOUDY (SCALE 8-10)  0
DPTR FM NORMAL  -680

[CDD (BASE 65) ]
TOTAL THIS MO.    62
DPTR FM NORMAL    24    [PRESSURE DATA]
TOTAL FM JAN 1    76    HIGHEST SLP M ON M
DPTR FM NORMAL    32    LOWEST  SLP 29.42 ON  9

[REMARKS]
