000
CXUS55 KBOI 281002
CF6JER
PRELIMINARY LOCAL CLIMATOLOGICAL DATA (WS FORM: F-6)

                                          STATION:   JEROME ID
                                          MONTH:     AUGUST
                                          YEAR:      2015
                                          LATITUDE:   42 43 N
                                          LONGITUDE: 114 27 W

  TEMPERATURE IN F:       :PCPN:    SNOW:  WIND      :SUNSHINE: SKY     :PK WND
================================================================================
1   2   3   4   5  6A  6B    7    8   9   10  11  12  13   14  15   16   17  18
                                     12Z  AVG MX 2MIN
DY MAX MIN AVG DEP HDD CDD  WTR  SNW DPTH SPD SPD DIR MIN PSBL S-S WX    SPD DR
================================================================================

 1  96  56  76   4   0  11 0.00    M    M  7.0 13  90   M    M   0        17 100
 2  96  56  76   4   0  11 0.00    M    M  4.2 13  60   M    M   0        15  40
 3  83  66  75   3   0  10    T    M    M  8.3 16 240   M    M   1        21 240
 4  88  53  71  -1   0   6    T    M    M  7.4 20 100   M    M   0 3      25 110
 5  77  57  67  -5   0   2 0.34    M    M  7.6 20 230   M    M   2 13     24 220
 6  83  53  68  -4   0   3 0.00    M    M  7.3 13  30   M    M   1        17  30
 7  74  56  65  -7   0   0    T    M    M  5.0 18 190   M    M   3        22 190
 8  77  57  67  -5   0   2    T    M    M  5.3 14 120   M    M   6        18 240
 9  87  54  71  -1   0   6 0.00    M    M 10.7 18 110   M    M   0        25 100
10  89  61  75   3   0  10 0.17    M    M 13.4 25 120   M    M   1 3      32 120
11  95  62  79   7   0  14 0.00    M    M 10.1 21 120   M    M   0        26 120
12  93  68  81  10   0  16 0.00    M    M  8.4 15 110   M    M   0        19 100
13  96  65  81  10   0  16 0.40    M    M  9.8 22 230   M    M   0 38     27 230
14  93  65  79   8   0  14 0.04    M    M  7.8 25 170   M    M   1 3      35 160
15  80  56  68  -3   0   3 0.00    M    M  8.8 17 250   M    M   1 8      22 260
16  84  53  69  -2   0   4 0.00    M    M  4.7  9 280   M    M   0 8      16 240
17  83  58  71   1   0   6 0.00    M    M 10.4 24 260   M    M   0        32 240
18  82  46  64  -6   1   0 0.00    M    M  6.7 16 240   M    M   0 8      20 240
19  84  54  69  -1   0   4 0.00    M    M  7.8 15  60   M    M   0 8      20  70
20  87  52  70   0   0   5 0.00    M    M  4.1 12 230   M    M   2 8      16 210
21  85  55  70   1   0   5 0.00    M    M  9.3 20 260   M    M   0 8      26 270
22  76  50  63  -6   2   0 0.00    M    M  7.2 16 230   M    M   0        22 230
23  87  50  69   0   0   4 0.00    M    M  9.2 20  50   M    M   1 8      24  50
24  92  60  76   7   0  11 0.00    M    M  7.4 17  50   M    M   0        22  50
25  91  58  75   7   0  10 0.00    M    M  7.0 14  50   M    M   0        17  40
26  92  61  77   9   0  12 0.00    M    M  9.9 26  20   M    M   0 8      38 360
27  88  57  73   5   0   8 0.00    M    M  7.1 15  30   M    M   0        21  40
================================================================================
SM 2338 1539         3 193  0.95    M    211.9          M       19
================================================================================
AV 86.6 57.0                               7.8 FASTST   M    M   1    MAX(MPH)
                                 MISC ---->  # 26  20               # 38  360
================================================================================
NOTES:
# LAST OF SEVERAL OCCURRENCES

COLUMN 17 PEAK WIND IN M.P.H.

PRELIMINARY LOCAL CLIMATOLOGICAL DATA (WS FORM: F-6) , PAGE 2

                                          STATION:  JEROME ID
                                          MONTH:    AUGUST
                                          YEAR:     2015
                                          LATITUDE:   42 43 N
                                          LONGITUDE: 114 27 W

[TEMPERATURE DATA]      [PRECIPITATION DATA]       SYMBOLS USED IN COLUMN 16

AVERAGE MONTHLY: 71.8   TOTAL FOR MONTH:   0.95    1 = FOG OR MIST
DPTR FM NORMAL:   1.2   DPTR FM NORMAL:    0.74    2 = FOG REDUCING VISIBILITY
HIGHEST:    96 ON 13, 2 GRTST 24HR  0.40 ON 13-13      TO 1/4 MILE OR LESS
LOWEST:     46 ON 18                               3 = THUNDER
                        SNOW, ICE PELLETS, HAIL    4 = ICE PELLETS
                        TOTAL MONTH:    M          5 = HAIL
                        GRTST 24HR    M  ON   M    6 = FREEZING RAIN OR DRIZZLE
                        GRTST DEPTH:  M  ON   M    7 = DUSTSTORM OR SANDSTORM:
                                                       VSBY 1/2 MILE OR LESS
                                                   8 = SMOKE OR HAZE
[NO. OF DAYS WITH]      [WEATHER - DAYS WITH]      9 = BLOWING SNOW
                                                   X = TORNADO
MAX 32 OR BELOW:   0    0.01 INCH OR MORE:   4
MAX 90 OR ABOVE:   9    0.10 INCH OR MORE:   3
MIN 32 OR BELOW:   0    0.50 INCH OR MORE:   0
MIN  0 OR BELOW:   0    1.00 INCH OR MORE:   0

[HDD (BASE 65) ]
TOTAL THIS MO.     3    CLEAR  (SCALE 0-3)  25
DPTR FM NORMAL    -7    PTCLDY (SCALE 4-7)   2
TOTAL FM JUL 1    15    CLOUDY (SCALE 8-10)  0
DPTR FM NORMAL    -7

[CDD (BASE 65) ]
TOTAL THIS MO.   193
DPTR FM NORMAL    27    [PRESSURE DATA]
TOTAL FM JAN 1   618    HIGHEST SLP M ON M
DPTR FM NORMAL   169    LOWEST  SLP 29.65 ON  2

[REMARKS]
