000
CXUS55 KBOI 291002
CF6JER
PRELIMINARY LOCAL CLIMATOLOGICAL DATA (WS FORM: F-6)

                                          STATION:   JEROME ID
                                          MONTH:     SEPTEMBER
                                          YEAR:      2016
                                          LATITUDE:   42 43 N
                                          LONGITUDE: 114 27 W

  TEMPERATURE IN F:       :PCPN:    SNOW:  WIND      :SUNSHINE: SKY     :PK WND
================================================================================
1   2   3   4   5  6A  6B    7    8   9   10  11  12  13   14  15   16   17  18
                                     12Z  AVG MX 2MIN
DY MAX MIN AVG DEP HDD CDD  WTR  SNW DPTH SPD SPD DIR MIN PSBL S-S WX    SPD DR
================================================================================

 1  84  60  72   6   0   7    T    M    M  8.0 17  60   M    M   1        21  60
 2  71  54  63  -3   2   0 0.00    M    M  9.1 21 240   M    M   0        26 230
 3  68  52  60  -6   5   0 0.00    M    M  4.6 10 210   M    M   2        13 240
 4  59  47  53 -12  12   0 0.13    M    M  7.6 17 220   M    M   7 13     24 220
 5  66  42  54 -11  11   0 0.00    M    M  6.4 16 230   M    M   1 1      22 220
 6  73  39  56  -8   9   0 0.00    M    M  6.9 12  70   M    M   0 8      15  70
 7  72  47  60  -4   5   0 0.00    M    M  9.1 17 240   M    M   0        21 260
 8  74  47  61  -3   4   0 0.00    M    M  8.9 23 250   M    M   0        32 240
 9  70  44  57  -6   8   0 0.00    M    M  4.7 10 220   M    M   0        13 220
10  77  42  60  -3   5   0 0.00    M    M  5.7 12  70   M    M   0        12  70
11  81  47  64   1   1   0    T    M    M  8.9 17 260   M    M   0        24 250
12  58  46  52 -10  13   0 0.03    M    M  9.3 17  10   M    M   6 1      21  10
13  70  43  57  -5   8   0 0.09    M    M 11.0 37 210   M    M   2 38     46 210
14  62  42  52 -10  13   0 0.03    M    M  8.2 21 250   M    M   8 12     25 240
15  67  38  53  -8  12   0 0.00    M    M  4.6  8  90   M    M   0        11 190
16  75  42  59  -2   6   0 0.00    M    M  5.2  9 100   M    M   0        11 120
17  80  43  62   2   3   0 0.00    M    M  5.8 10 260   M    M   1        15 260
18  80  59  70  10   0   5 0.00    M    M  6.9 17 250   M    M   3        23 240
19  81  55  68   8   0   3 0.00    M    M  5.8 12 230   M    M   1 8      14 230
20  85  51  68   9   0   3 0.00    M    M  5.1 14 150   M    M   0 8      16 150
21  69  52  61   2   4   0 0.05    M    M  9.8 24  90   M    M   6        33 270
22  55  47  51  -7  14   0 0.51    M    M 11.8 24 100   M    M   9 13     30 110
23  57  44  51  -7  14   0 0.71    M    M 14.1 23 250   M    M   8 1      30 250
24  62  46  54  -4  11   0 0.00    M    M 17.9 31 240   M    M   1        42 230
25  67  37  52  -5  13   0 0.00    M    M  3.7  9 100   M    M   0 8      11 210
26  79  47  63   6   2   0 0.00    M    M  9.4 14  70   M    M   0        18  60
27  83  50  67  11   0   2 0.00    M    M 10.4 18  50   M    M   0        23  50
28  84  53  69  13   0   4 0.00    M    M 12.1 21  60   M    M   0        26  50
================================================================================
SM 2009 1316       175  24  1.55    M    231.0          M       56
================================================================================
AV 71.8 47.0                               8.2 FASTST   M    M   2    MAX(MPH)
                                 MISC ---->  # 37 210               # 46  210
================================================================================
NOTES:
# LAST OF SEVERAL OCCURRENCES

COLUMN 17 PEAK WIND IN M.P.H.

PRELIMINARY LOCAL CLIMATOLOGICAL DATA (WS FORM: F-6) , PAGE 2

                                          STATION:  JEROME ID
                                          MONTH:    SEPTEMBER
                                          YEAR:     2016
                                          LATITUDE:   42 43 N
                                          LONGITUDE: 114 27 W

[TEMPERATURE DATA]      [PRECIPITATION DATA]       SYMBOLS USED IN COLUMN 16

AVERAGE MONTHLY: 59.4   TOTAL FOR MONTH:   1.55    1 = FOG OR MIST
DPTR FM NORMAL:  -1.9   DPTR FM NORMAL:    1.16    2 = FOG REDUCING VISIBILITY
HIGHEST:    85 ON 20    GRTST 24HR  0.71 ON 22-23      TO 1/4 MILE OR LESS
LOWEST:     37 ON 25                               3 = THUNDER
                        SNOW, ICE PELLETS, HAIL    4 = ICE PELLETS
                        TOTAL MONTH:    M          5 = HAIL
                        GRTST 24HR    M  ON   M    6 = FREEZING RAIN OR DRIZZLE
                        GRTST DEPTH:  M  ON   M    7 = DUSTSTORM OR SANDSTORM:
                                                       VSBY 1/2 MILE OR LESS
                                                   8 = SMOKE OR HAZE
[NO. OF DAYS WITH]      [WEATHER - DAYS WITH]      9 = BLOWING SNOW
                                                   X = TORNADO
MAX 32 OR BELOW:   0    0.01 INCH OR MORE:   7
MAX 90 OR ABOVE:   0    0.10 INCH OR MORE:   3
MIN 32 OR BELOW:   0    0.50 INCH OR MORE:   2
MIN  0 OR BELOW:   0    1.00 INCH OR MORE:   0

[HDD (BASE 65) ]
TOTAL THIS MO.   175    CLEAR  (SCALE 0-3)  21
DPTR FM NORMAL    25    PTCLDY (SCALE 4-7)   5
TOTAL FM JUL 1   197    CLOUDY (SCALE 8-10)  2
DPTR FM NORMAL    14

[CDD (BASE 65) ]
TOTAL THIS MO.    24
DPTR FM NORMAL   -20    [PRESSURE DATA]
TOTAL FM JAN 1   606    HIGHEST SLP M ON M
DPTR FM NORMAL    97    LOWEST  SLP 29.71 ON  4

[REMARKS]
