000
CXUS53 KBIS 280830
CF6JMS
PRELIMINARY LOCAL CLIMATOLOGICAL DATA (WS FORM: F-6)

                                          STATION:   JAMESTOWN ND
                                          MONTH:     JULY
                                          YEAR:      2017
                                          LATITUDE:   46 55 N
                                          LONGITUDE:  98 40 W

  TEMPERATURE IN F:       :PCPN:    SNOW:  WIND      :SUNSHINE: SKY     :PK WND
================================================================================
1   2   3   4   5  6A  6B    7    8   9   10  11  12  13   14  15   16   17  18
                                     12Z  AVG MX 2MIN
DY MAX MIN AVG DEP HDD CDD  WTR  SNW DPTH SPD SPD DIR MIN PSBL S-S WX    SPD DR
================================================================================

 1  78  55  67  -1   0   2    T    M    M  7.6 16 290   M    M   4        21 290
 2  77  49  63  -5   2   0 0.00    M    M  5.1 13 100   M    M   1 18     17  40
 3  84  61  73   5   0   8 0.00    M    M 11.2 18 150   M    M   0        23 190
 4  99  61  80  11   0  15 0.02    M    M  9.9 24 260   M    M   0 3      36 250
 5  96  64  80  11   0  15 0.01    M    M  6.8 15 180   M    M   0 3      18 180
 6  84  60  72   3   0   7 0.00    M    M 12.4 24 350   M    M   1 3      29  10
 7  82  58  70   1   0   5 0.00    M    M  8.9 21 320   M    M   0        26 340
 8  90  55  73   4   0   8 0.00    M    M  6.5 15 310   M    M   0        25 330
 9  85  63  74   5   0   9 0.01    M    M 10.9 23 150   M    M   1 3      32 150
10  87  58  73   3   0   8 0.00    M    M  6.6 14 150   M    M   0        20 140
11  95  67  81  11   0  16    T    M    M 11.5 21 300   M    M   1        27 300
12  70  60  65  -5   0   0    T    M    M 14.8 24 330   M    M   8 1      32 320
13  74  53  64  -6   1   0 0.00    M    M  8.0 13 100   M    M   6        18  10
14  89  48  69  -1   0   4 0.13    M    M 11.4 45 330   M    M   0 3      56 320
15  81  58  70   0   0   5 0.00    M    M  8.7 15  10   M    M   1 18     25  10
16  88  52  70   0   0   5 0.00    M    M 10.9 21 140   M    M   0        29 140
17  90  68  79   9   0  14 0.04    M    M  8.8 26 310   M    M   1 13     35 300
18  81  57  69  -1   0   4 0.30    M    M  6.2 21 130   M    M   3 13     25 130
19  85  57  71   1   0   6 0.08    M    M  9.2 28 140   M    M   0 1      36 150
20  89  60  75   5   0  10    T    M    M  7.5 18 180   M    M   0 1      26 170
21  91  66  79   9   0  14    T    M    M  6.5 25  20   M    M   2 38     37  30
22  85  60  73   3   0   8 0.00    M    M  9.1 21 360   M    M   1        27  10
23  81  56  69  -1   0   4 0.00    M    M  7.1 14 350   M    M   1        28 350
24  83  60  72   2   0   7 0.00    M    M 13.0 22 150   M    M   0        28 150
25  85  62  74   3   0   9    T    M    M  6.7 17  10   M    M   0        22  20
26  83  58  71   0   0   6 0.00    M    M  8.1 17 360   M    M   0        23  10
27  83  54  69  -2   0   4 0.00    M    M  3.8 12 130   M    M   0 1      15 140
================================================================================
SM 2295 1580         3 193  0.59    M    237.2          M       31
================================================================================
AV 85.0 58.5                               8.8 FASTST   M    M   1    MAX(MPH)
                                 MISC ---->  # 45 330               # 56  320
================================================================================
NOTES:
# LAST OF SEVERAL OCCURRENCES

COLUMN 17 PEAK WIND IN M.P.H.

PRELIMINARY LOCAL CLIMATOLOGICAL DATA (WS FORM: F-6) , PAGE 2

                                          STATION:  JAMESTOWN ND
                                          MONTH:    JULY
                                          YEAR:     2017
                                          LATITUDE:   46 55 N
                                          LONGITUDE:  98 40 W

[TEMPERATURE DATA]      [PRECIPITATION DATA]       SYMBOLS USED IN COLUMN 16

AVERAGE MONTHLY: 71.8   TOTAL FOR MONTH:   0.59    1 = FOG OR MIST
DPTR FM NORMAL:   2.1   DPTR FM NORMAL:   -2.44    2 = FOG REDUCING VISIBILITY
HIGHEST:    99 ON  4    GRTST 24HR  0.30 ON 18-18      TO 1/4 MILE OR LESS
LOWEST:     48 ON 14                               3 = THUNDER
                        SNOW, ICE PELLETS, HAIL    4 = ICE PELLETS
                        TOTAL MONTH:    M          5 = HAIL
                        GRTST 24HR    M  ON   M    6 = FREEZING RAIN OR DRIZZLE
                        GRTST DEPTH:  M  ON   M    7 = DUSTSTORM OR SANDSTORM:
                                                       VSBY 1/2 MILE OR LESS
                                                   8 = SMOKE OR HAZE
[NO. OF DAYS WITH]      [WEATHER - DAYS WITH]      9 = BLOWING SNOW
                                                   X = TORNADO
MAX 32 OR BELOW:   0    0.01 INCH OR MORE:   7
MAX 90 OR ABOVE:   6    0.10 INCH OR MORE:   2
MIN 32 OR BELOW:   0    0.50 INCH OR MORE:   0
MIN  0 OR BELOW:   0    1.00 INCH OR MORE:   0

[HDD (BASE 65) ]
TOTAL THIS MO.     3    CLEAR  (SCALE 0-3)  24
DPTR FM NORMAL   -16    PTCLDY (SCALE 4-7)   3
TOTAL FM JUL 1     3    CLOUDY (SCALE 8-10)  0
DPTR FM NORMAL   -16

[CDD (BASE 65) ]
TOTAL THIS MO.   193
DPTR FM NORMAL    42    [PRESSURE DATA]
TOTAL FM JAN 1   276    HIGHEST SLP M ON M
DPTR FM NORMAL    25    LOWEST  SLP 29.64 ON 11

[REMARKS]
