000
CXUS55 KCTP 201131
CF6JST
PRELIMINARY LOCAL CLIMATOLOGICAL DATA (WS FORM: F-6)

                                          STATION:   JOHNSTOWN
                                          MONTH:     FEBRUARY
                                          YEAR:      2017
                                          LATITUDE:   40 18 N
                                          LONGITUDE:  78 50 W

  TEMPERATURE IN F:       :PCPN:    SNOW:  WIND      :SUNSHINE: SKY     :PK WND
================================================================================
1   2   3   4   5  6A  6B    7    8   9   10  11  12  13   14  15   16   17  18
                                     12Z  AVG MX 2MIN
DY MAX MIN AVG DEP HDD CDD  WTR  SNW DPTH SPD SPD DIR MIN PSBL S-S WX    SPD DR
================================================================================

 1  34  29  32   7  33   0    T    M    M 12.1 25 250   M    M  10 12     35 260
 2  31  18  25   0  40   0    T    M    M 13.4 22 260   M    M   7 1      30 270
 3  21  15  18  -7  47   0    T    M    M 13.6 24 310   M    M   8 18     32 310
 4  24  10  17  -8  48   0    T    M    M  9.6 23 290   M    M   3        29 290
 5  39  21  30   4  35   0 0.00  0.0    M 15.1 31 260   M    M   9        41 250
 6  48  27  38  12  27   0    T    M    M  9.9 23 290   M    M   1        31 280
 7  64  42  53  27  12   0 0.53    M    M 11.1 23 240   M    M   9 1      30 200
 8  53  31  42  16  23   0 0.17    M    M 11.6 28 270   M    M  10 16     36 290
 9  31  12  22  -4  43   0 0.75    M    M 18.9 38 310   M    M  10 1289   45 310
10  40  11  26   0  39   0    T    M    M 12.6 23 260   M    M   7 8      35 260
11  52  40  46  20  19   0 0.00    M    M 17.3 33 250   M    M   3        47 250
12  53  28  41  15  24   0 0.44    M    M 13.8 44 290   M    M  10 136    60 310
13  30  23  27   0  38   0 0.01    M    M 17.2 41 310   M    M   5 19     52 300
14  41  23  32   5  33   0 0.00    M    M 12.8 24 270   M    M   0        32 280
15  39  22  31   4  34   0    T    M    M 18.1 31 300   M    M   9 18     43 300
16  22  18  20  -7  45   0    T    M    M 16.4 31 310   M    M   9 12     37 310
17  47  14  31   4  34   0 0.00    M    M  5.7 13 300   M    M   1        15 300
18  61  42  52  24  13   0 0.00    M    M 13.4 22 260   M    M   0        27 250
19  57  44  51  23  14   0 0.00    M    M 12.7 23 290   M    M   3 1      32 310
================================================================================
SM  787  470       601   0  1.90     0.0 255.3          M      114
================================================================================
AV 41.4 24.7                              13.4 FASTST   M    M   6    MAX(MPH)
                                 MISC ---->  # 44 290               # 60  310
================================================================================
NOTES:
# LAST OF SEVERAL OCCURRENCES

COLUMN 17 PEAK WIND IN M.P.H.

PRELIMINARY LOCAL CLIMATOLOGICAL DATA (WS FORM: F-6) , PAGE 2

                                          STATION:  JOHNSTOWN
                                          MONTH:    FEBRUARY
                                          YEAR:     2017
                                          LATITUDE:   40 18 N
                                          LONGITUDE:  78 50 W

[TEMPERATURE DATA]      [PRECIPITATION DATA]       SYMBOLS USED IN COLUMN 16

AVERAGE MONTHLY: 33.1   TOTAL FOR MONTH:   1.90    1 = FOG OR MIST
DPTR FM NORMAL:   6.8   DPTR FM NORMAL:    0.32    2 = FOG REDUCING VISIBILITY
HIGHEST:    64 ON  7    GRTST 24HR  1.00 ON  9- 9      TO 1/4 MILE OR LESS
LOWEST:     10 ON  4                               3 = THUNDER
                        SNOW, ICE PELLETS, HAIL    4 = ICE PELLETS
                        TOTAL MONTH:   0.0 INCH    5 = HAIL
                        GRTST 24HR     0.0         6 = FREEZING RAIN OR DRIZZLE
                        GRTST DEPTH:  M  ON   M    7 = DUSTSTORM OR SANDSTORM:
                                                       VSBY 1/2 MILE OR LESS
                                                   8 = SMOKE OR HAZE
[NO. OF DAYS WITH]      [WEATHER - DAYS WITH]      9 = BLOWING SNOW
                                                   X = TORNADO
MAX 32 OR BELOW:   6    0.01 INCH OR MORE:   5
MAX 90 OR ABOVE:   0    0.10 INCH OR MORE:   4
MIN 32 OR BELOW:  15    0.50 INCH OR MORE:   2
MIN  0 OR BELOW:   0    1.00 INCH OR MORE:   0

[HDD (BASE 65) ]
TOTAL THIS MO.   601    CLEAR  (SCALE 0-3)   7
DPTR FM NORMAL  -136    PTCLDY (SCALE 4-7)   4
TOTAL FM JUL 1  3756    CLOUDY (SCALE 8-10)  8
DPTR FM NORMAL  -798

[CDD (BASE 65) ]
TOTAL THIS MO.     0
DPTR FM NORMAL     0    [PRESSURE DATA]
TOTAL FM JAN 1     0    HIGHEST SLP M ON M
DPTR FM NORMAL     0    LOWEST  SLP 29.41 ON 15

[REMARKS]
