000
CXUS54 KFWD 300730
CF6JWY
PRELIMINARY LOCAL CLIMATOLOGICAL DATA (WS FORM: F-6)

                                          STATION:   WAXAHACHIE
                                          MONTH:     JULY
                                          YEAR:      2016
                                          LATITUDE:   32 27 N
                                          LONGITUDE:  96 54 W

  TEMPERATURE IN F:       :PCPN:    SNOW:  WIND      :SUNSHINE: SKY     :PK WND
================================================================================
1   2   3   4   5  6A  6B    7    8   9   10  11  12  13   14  15   16   17  18
                                     12Z  AVG MX 2MIN
DY MAX MIN AVG DEP HDD CDD  WTR  SNW DPTH SPD SPD DIR MIN PSBL S-S WX    SPD DR
================================================================================

 1  96  70  83   1   0  18 0.00  0.0    0  3.5  8 150   M    M   1         M  M
 2  96  74  85   3   0  20 0.00  0.0    0  8.7 15 150   M    M   1        18 160
 3  96  77  87   5   0  22 0.00  0.0    0 14.2 22 190   M    M   2        31 190
 4  92  69  81  -2   0  16 1.59  0.0    0  9.4 25 200   M    M   5        27 210
 5  93  77  85   2   0  20 0.07  0.0    0 11.6 21 170   M    M   1        33 170
 6  95  76  86   3   0  21 0.00  0.0    0 15.0 20 190   M    M   2        28 190
 7  95  75  85   2   0  20 0.00  0.0    0 14.1 21 180   M    M   1        28 170
 8  95  74  85   2   0  20 0.00  0.0    0 10.7 17 190   M    M   2        23 180
 9  96  72  84   1   0  19 0.00  0.0    0  8.8 21 360   M    M   2        32 360
10  93  69  81  -2   0  16 0.00  0.0    0  5.6 12 160   M    M   2        20 170
11  95  76  86   3   0  21 0.00  0.0    0 13.6 21 190   M    M   3 8      28 190
12  94  75  85   2   0  20 0.00  0.0    0 13.9 20 170   M    M   3        29 170
13  98  74  86   2   0  21 0.00  0.0    0 11.3 22 190   M    M   2        27 190
14  97  75  86   2   0  21 0.00  0.0    0  9.9 16 200   M    M   1        24 180
15  93  74  84   0   0  19 0.51  0.0    0  4.4 12 170   M    M   3 3       M  M
16  96  74  85   1   0  20 0.00  0.0    0  5.3 12 140   M    M   1        21 170
17  94  72  83  -1   0  18 0.00  0.0    0  7.5 15 190   M    M   0        18 140
18  94  73  84   0   0  19 0.00  0.0    0  4.1  7 150   M    M   1         M  M
19  95  74  85   1   0  20 0.00  0.0    0  3.6  8 150   M    M   1         M  M
20  96  74  85   1   0  20 0.00  0.0    0  4.1 10 180   M    M   1        18 180
21  97  74  86   2   0  21 0.00  0.0    0  4.6 12 180   M    M   0        16 180
22  98  75  87   3   0  22 0.00  0.0    0  4.7 12 180   M    M   0         M  M
23  98  77  88   4   0  23 0.00  0.0    0  5.8 10 170   M    M   1         M  M
24  98  76  87   3   0  22 0.00  0.0    0  4.7  9 160   M    M   0         M  M
25  99  74  87   3   0  22 0.00  0.0    0  4.1 13  80   M    M   1        27  80
26  96  71  84   0   0  19 0.00  0.0    0  1.8  6  70   M    M   2         M  M
27  97  74  86   2   0  21 0.29  0.0    0  3.1 15  40   M    M   2         M  M
28  96  75  86   2   0  21 0.08  0.0    0  6.0 14 210   M    M   3        18  70
29  94  73  84   0   0  19 0.00  0.0    0  6.6 16 220   M    M   1        21 220
================================================================================
SM 2772 2143         0 581  2.54     0.0 220.7          M       45
================================================================================
AV 95.6 73.9                               7.6 FASTST   M    M   2    MAX(MPH)
                                 MISC ---->    25   M                 33    M
================================================================================
NOTES:
# LAST OF SEVERAL OCCURRENCES

COLUMN 17 PEAK WIND IN M.P.H.

PRELIMINARY LOCAL CLIMATOLOGICAL DATA (WS FORM: F-6) , PAGE 2

                                          STATION:  WAXAHACHIE
                                          MONTH:    JULY
                                          YEAR:     2016
                                          LATITUDE:   32 27 N
                                          LONGITUDE:  96 54 W

[TEMPERATURE DATA]      [PRECIPITATION DATA]       SYMBOLS USED IN COLUMN 16

AVERAGE MONTHLY: 84.7   TOTAL FOR MONTH:   2.54    1 = FOG OR MIST
DPTR FM NORMAL:   1.3   DPTR FM NORMAL:    0.04    2 = FOG REDUCING VISIBILITY
HIGHEST:    99 ON 25    GRTST 24HR  1.59 ON  4- 4      TO 1/4 MILE OR LESS
LOWEST:     69 ON 10, 4                            3 = THUNDER
                        SNOW, ICE PELLETS, HAIL    4 = ICE PELLETS
                        TOTAL MONTH:   0.0 INCH    5 = HAIL
                        GRTST 24HR     0.0         6 = FREEZING RAIN OR DRIZZLE
                        GRTST DEPTH:   0           7 = DUSTSTORM OR SANDSTORM:
                                                       VSBY 1/2 MILE OR LESS
                                                   8 = SMOKE OR HAZE
[NO. OF DAYS WITH]      [WEATHER - DAYS WITH]      9 = BLOWING SNOW
                                                   X = TORNADO
MAX 32 OR BELOW:   0    0.01 INCH OR MORE:   5
MAX 90 OR ABOVE:  29    0.10 INCH OR MORE:   3
MIN 32 OR BELOW:   0    0.50 INCH OR MORE:   2
MIN  0 OR BELOW:   0    1.00 INCH OR MORE:   1

[HDD (BASE 65) ]
TOTAL THIS MO.     0    CLEAR  (SCALE 0-3)  27
DPTR FM NORMAL     0    PTCLDY (SCALE 4-7)   2
TOTAL FM JUL 1     0    CLOUDY (SCALE 8-10)  0
DPTR FM NORMAL     0

[CDD (BASE 65) ]
TOTAL THIS MO.   581
DPTR FM NORMAL    46    [PRESSURE DATA]
TOTAL FM JAN 1  1385    HIGHEST SLP M ON M
DPTR FM NORMAL    73    LOWEST  SLP M ON M

[REMARKS]
