000
CXUS53 KGRR 251017
CF6JXN
PRELIMINARY LOCAL CLIMATOLOGICAL DATA (WS FORM: F-6)

                                          STATION:   JACKSON
                                          MONTH:     JUNE
                                          YEAR:      2017
                                          LATITUDE:   42 16 N
                                          LONGITUDE:  84 28 W

  TEMPERATURE IN F:       :PCPN:    SNOW:  WIND      :SUNSHINE: SKY     :PK WND
================================================================================
1   2   3   4   5  6A  6B    7    8   9   10  11  12  13   14  15   16   17  18
                                     12Z  AVG MX 2MIN
DY MAX MIN AVG DEP HDD CDD  WTR  SNW DPTH SPD SPD DIR MIN PSBL S-S WX    SPD DR
================================================================================

 1  74  48  61  -2   4   0 0.00    M    M  7.0 17 290   M    M   1        22 310
 2  80  46  63   0   2   0 0.00    M    M  5.1 16 310   M    M   0        19 320
 3  83  51  67   3   0   2 0.00    M    M  4.0 10 230   M    M   4 8      14 200
 4  85  67  76  12   0  11    T    M    M  7.8 21 280   M    M   3        29 280
 5  71  53  62  -2   3   0    T    M    M  8.6 18  30   M    M   6 1      24  30
 6  74  48  61  -4   4   0 0.00    M    0 10.2 22  30   M    M   2        29  20
 7  75  49  62  -3   3   0 0.00    M    M  7.9 22  60   M    M   1        27  30
 8  79  44  62  -3   3   0 0.00    M    0  2.7 10 270   M    M   0 1      15  70
 9  82  55  69   3   0   4 0.02    M    M  6.4 18 230   M    M   4        23 240
10  86  59  73   7   0   8 0.00    M    M 11.3 23 200   M    M   1        30 240
11  89  69  79  13   0  14 0.00    M    M 12.6 21 240   M    M   0        27 220
12  90  68  79  12   0  14 0.00    M    M  9.7 23 240   M    M   0        28 240
13  90  72  81  14   0  16 0.00    M    M  7.3 18 150   M    M   2 3      22 150
14  87  68  78  11   0  13 0.04    M    M  7.7 26 240   M    M   3 3      33 230
15  86  66  76   8   0  11    T    M    M  6.8 17 250   M    M   2        22 250
16  84  63  74   6   0   9 0.01    M    M  6.4 16 240   M    M   2        23 230
17  87  66  77   9   0  12 0.00    M    M 10.2 21 230   M    M   2        29 220
18  83  61  72   4   0   7 0.07    M    M 12.7 28 250   M    M   4        38 250
19  75  56  66  -3   0   1 0.29    M    M  8.2 28 320   M    M   4 3      37 320
20  77  56  67  -2   0   2 0.04    M    M  9.4 28 310   M    M   5        41 310
21  76  53  65  -4   0   0 0.00    M    M  2.9  9 230   M    M   2 1      13 260
22  87  64  76   7   0  11 0.41    M    M  9.8 22 240   M    M   3 3      28 230
23  79  63  71   1   0   6 0.02    M    M  8.8 15 280   M    M   7        26 340
24  76  57  67  -3   0   2 0.00    M    M  9.1 21 300   M    M   3        31 270
================================================================================
SM 1955 1402        19 143  0.90    M    192.6          M       61
================================================================================
AV 81.5 58.4                               8.0 FASTST   M    M   3    MAX(MPH)
                                 MISC ---->  # 28 250               # 41  310
================================================================================
NOTES:
# LAST OF SEVERAL OCCURRENCES

COLUMN 17 PEAK WIND IN M.P.H.

PRELIMINARY LOCAL CLIMATOLOGICAL DATA (WS FORM: F-6) , PAGE 2

                                          STATION:  JACKSON
                                          MONTH:    JUNE
                                          YEAR:     2017
                                          LATITUDE:   42 16 N
                                          LONGITUDE:  84 28 W

[TEMPERATURE DATA]      [PRECIPITATION DATA]       SYMBOLS USED IN COLUMN 16

AVERAGE MONTHLY: 69.9   TOTAL FOR MONTH:   0.90    1 = FOG OR MIST
DPTR FM NORMAL:   3.3   DPTR FM NORMAL:   -1.72    2 = FOG REDUCING VISIBILITY
HIGHEST:    90 ON 13,12 GRTST 24HR  0.41 ON 22-22      TO 1/4 MILE OR LESS
LOWEST:     44 ON  8                               3 = THUNDER
                        SNOW, ICE PELLETS, HAIL    4 = ICE PELLETS
                        TOTAL MONTH:    M          5 = HAIL
                        GRTST 24HR    M  ON   M    6 = FREEZING RAIN OR DRIZZLE
                        GRTST DEPTH:   0           7 = DUSTSTORM OR SANDSTORM:
                                                       VSBY 1/2 MILE OR LESS
                                                   8 = SMOKE OR HAZE
[NO. OF DAYS WITH]      [WEATHER - DAYS WITH]      9 = BLOWING SNOW
                                                   X = TORNADO
MAX 32 OR BELOW:   0    0.01 INCH OR MORE:   8
MAX 90 OR ABOVE:   2    0.10 INCH OR MORE:   2
MIN 32 OR BELOW:   0    0.50 INCH OR MORE:   0
MIN  0 OR BELOW:   0    1.00 INCH OR MORE:   0

[HDD (BASE 65) ]
TOTAL THIS MO.    19    CLEAR  (SCALE 0-3)  15
DPTR FM NORMAL   -31    PTCLDY (SCALE 4-7)   9
TOTAL FM JUL 1  5547    CLOUDY (SCALE 8-10)  0
DPTR FM NORMAL -1105

[CDD (BASE 65) ]
TOTAL THIS MO.   143
DPTR FM NORMAL    53    [PRESSURE DATA]
TOTAL FM JAN 1   179    HIGHEST SLP M ON M
DPTR FM NORMAL    52    LOWEST  SLP 29.50 ON 18

[REMARKS]
