000
CXUS53 KGID 300730
CF6JYR
PRELIMINARY LOCAL CLIMATOLOGICAL DATA (WS FORM: F-6)

                                          STATION:   YORK
                                          MONTH:     JUNE
                                          YEAR:      2015
                                          LATITUDE:   40 54 N
                                          LONGITUDE:  97 37 W

  TEMPERATURE IN F:       :PCPN:    SNOW:  WIND      :SUNSHINE: SKY     :PK WND
================================================================================
1   2   3   4   5  6A  6B    7    8   9   10  11  12  13   14  15   16   17  18
                                     12Z  AVG MX 2MIN
DY MAX MIN AVG DEP HDD CDD  WTR  SNW DPTH SPD SPD DIR MIN PSBL S-S WX    SPD DR
================================================================================

 1  77  57  67   M   0   2 0.00    M    M 10.8 15 160   M    M   5        25 180
 2  81  57  69   M   0   4    T    M    M 14.6 20 140   M    M   7        25 140
 3  77  61  69   M   0   4 0.44    M    M  6.6 16 170   M    M   4 3      24 350
 4  72  63  68   M   0   3 1.70    M    M  9.6 22  70   M    M   7 3      36  70
 5  79  59  69   M   0   4 0.00    M    M  3.6 12 210   M    M   4 3       M  M
 6  84  64  74   M   0   9 0.42    M    M 14.8 23 160   M    M   4 3      29 160
 7  77  63  70   M   0   5 0.00    M    M  9.4 20  20   M    M   1        29  20
 8  86  63  75   M   0  10 0.00    M    M  8.4 16 320   M    M   0        17 350
 9  95  64  80   M   0  15 0.00    M    M  7.1 13 250   M    M   0        16 240
10  95  64  80   M   0  15 1.81    M    M  8.7 30  30   M    M   2 3      39  30
11  72  61  67   M   0   2 0.27    M    M 12.0 18  10   M    M  10        27  10
12  64  59  62   M   3   0    T    M    M  5.7 13  10   M    M   9        22  10
13  77  59  68   M   0   3 0.00    M    M  3.5  9 170   M    M   4 1       M  M
14  81  63  72   M   0   7 0.36    M    M  4.2 10 150   M    M   5 12      M  M
15  73  57  65   M   0   0 0.32    M    M 10.5 22  20   M    M   6        28  20
16  77  55  66   M   0   1 0.00    M    M  7.5 14 170   M    M   0        20 170
17  82  64  73   M   0   8 0.04    M    M  2.8  8 330   M    M   2         M  M
18  73  61  67   M   0   2    M    M    M  9.5 20 100   M    M   5 3      24 120
19  82  57  70   M   0   5 0.00    M    M  8.2 16 160   M    M   0        22 160
20  86  66  76   M   0  11 0.00    M    M 10.1 21 190   M    M   3        28 190
21  84  64  74   M   0   9 0.00    M    M  9.1 16  80   M    M   1        22  80
22  86  61  74   M   0   9 0.00    M    M 14.1 20  10   M    M   0        32 360
23  73  54  64   M   1   0 0.00    M    M  6.5 15 140   M    M   5 3       M  M
24  91  64  78   M   0  13 0.00    M    M 10.1 17  30   M    M   1 13     18  10
25  81  64  73   M   0   8 0.00    M    M  8.1 14  50   M    M   3 1       M  M
26  81  63  72   M   0   7    T    M    M  8.8 17  20   M    M   2 1      22  10
27  84  57  71   M   0   6 0.00    M    M  1.7  7 210   M    M   1         M  M
28  86  64  75   M   0  10 0.00    M    M 10.7 15 360   M    M   0        23 330
29  86  59  73   M   0   8 0.00    M    M  5.6 13  10   M    M   1 8      17  10
================================================================================
SM 2342 1767         4 180  5.36    M    242.3          M       92
================================================================================
AV 80.8 60.9                               8.4 FASTST   M    M   3    MAX(MPH)
                                 MISC ---->    30   M                 39    M
================================================================================
NOTES:
# LAST OF SEVERAL OCCURRENCES

COLUMN 17 PEAK WIND IN M.P.H.

PRELIMINARY LOCAL CLIMATOLOGICAL DATA (WS FORM: F-6) , PAGE 2

                                          STATION:  YORK
                                          MONTH:    JUNE
                                          YEAR:     2015
                                          LATITUDE:   40 54 N
                                          LONGITUDE:  97 37 W

[TEMPERATURE DATA]      [PRECIPITATION DATA]       SYMBOLS USED IN COLUMN 16

AVERAGE MONTHLY: 70.8   TOTAL FOR MONTH:   5.36    1 = FOG OR MIST
DPTR FM NORMAL:     M   DPTR FM NORMAL:       M    2 = FOG REDUCING VISIBILITY
HIGHEST:    95 ON 10, 9 GRTST 24HR  1.81 ON 10-10      TO 1/4 MILE OR LESS
LOWEST:     54 ON 23                               3 = THUNDER
                        SNOW, ICE PELLETS, HAIL    4 = ICE PELLETS
                        TOTAL MONTH:    M          5 = HAIL
                        GRTST 24HR    M  ON   M    6 = FREEZING RAIN OR DRIZZLE
                        GRTST DEPTH:  M  ON   M    7 = DUSTSTORM OR SANDSTORM:
                                                       VSBY 1/2 MILE OR LESS
                                                   8 = SMOKE OR HAZE
[NO. OF DAYS WITH]      [WEATHER - DAYS WITH]      9 = BLOWING SNOW
                                                   X = TORNADO
MAX 32 OR BELOW:   0    0.01 INCH OR MORE:   8
MAX 90 OR ABOVE:   3    0.10 INCH OR MORE:   7
MIN 32 OR BELOW:   0    0.50 INCH OR MORE:   2
MIN  0 OR BELOW:   0    1.00 INCH OR MORE:   2

[HDD (BASE 65) ]
TOTAL THIS MO.     4    CLEAR  (SCALE 0-3)  15
DPTR FM NORMAL     M    PTCLDY (SCALE 4-7)  12
TOTAL FM JUL 1  5988    CLOUDY (SCALE 8-10)  2
DPTR FM NORMAL     M

[CDD (BASE 65) ]
TOTAL THIS MO.   180
DPTR FM NORMAL     M    [PRESSURE DATA]
TOTAL FM JAN 1   210    HIGHEST SLP M ON M
DPTR FM NORMAL     M    LOWEST  SLP M ON M

[REMARKS]
