000
CXUS53 KIND 250730
CF6LAF
PRELIMINARY LOCAL CLIMATOLOGICAL DATA (WS FORM: F-6)

                                          STATION:   LAFAYETTE IN
                                          MONTH:     SEPTEMBER
                                          YEAR:      2017
                                          LATITUDE:   40 25 N
                                          LONGITUDE:  86 56 W

  TEMPERATURE IN F:       :PCPN:    SNOW:  WIND      :SUNSHINE: SKY     :PK WND
================================================================================
1   2   3   4   5  6A  6B    7    8   9   10  11  12  13   14  15   16   17  18
                                     12Z  AVG MX 2MIN
DY MAX MIN AVG DEP HDD CDD  WTR  SNW DPTH SPD SPD DIR MIN PSBL S-S WX    SPD DR
================================================================================

 1  68  53  61 -10   4   0    T    M    M 13.8 25  90   M    M   1        31  60
 2  73  48  61 -10   4   0    T    M    M  5.9 15 330   M    M   2        18  50
 3  80  53  67  -4   0   2    T    M    M  2.1 13 290   M    M   2 1      17 270
 4  87  54  71   1   0   6 0.20    M    M  6.7 23 240   M    M   3 13     34 290
 5  70  51  61  -9   4   0 0.00    M    M  8.8 20 290   M    M   4        25 310
 6  66  45  56 -14   9   0 0.00    M    M  6.7 17 310   M    M   5 1      24 280
 7  68  44  56 -14   9   0    T    M    M  4.0 17 280   M    M   3 1      22 280
 8  76  44  60  -9   5   0 0.00    M    M  2.6  8 260   M    M   1 1       M  M
 9  72  53  63  -6   2   0 0.00    M    M   M  17 100   M    M   M        24  90
10  71  45  58 -11   7   0 0.00    M    M  7.2 15  80   M    M   0        19  90
11  71  47  59  -9   6   0 0.00    M    M  6.7 15  30   M    M   0        19  20
12  78  53  66  -2   0   1    T    M    M  8.6 20  80   M    M   2        24  70
13  63  58  61  -6   4   0 0.12    M    M  4.5  8  70   M    M  10 12      M  M
14  77  54  66  -1   0   1 0.00    M    M  1.2  6  30   M    M   6 12     11  60
15  85  55  70   3   0   5 0.00    M    M  4.1 10 100   M    M   1 1      14 150
16  86  60  73   7   0   8 0.00    M    M  3.7 10 200   M    M   1        16 180
17  89  64  77  11   0  12 0.42    M    M  4.3 22 330   M    M   5 13     27 320
18  80  66  73   8   0   8 0.01    M    M  4.4  9  50   M    M   7 18     12  10
19  79  63  71   6   0   6 0.71    M    M  2.8 14 320   M    M   6 13     17 330
20  89  62  76  12   0  11 0.00    M    M  4.1 12 190   M    M   1 1      16 200
21  91  68  80  16   0  15 0.00    M    M  2.1 10 220   M    M   0 1      14 230
22  92  66  79  15   0  14 0.00    M    M  0.6  9  30   M    M   0 13     11  50
23  91  65  78  15   0  13 0.00    M    M  2.0 12  70   M    M   0 1      14  50
24  89  63  76  13   0  11 0.00    M    M  1.9 12 140   M    M   0 1      15 160
================================================================================
SM 1891 1334        54 113  1.46    M    108.8          M       60
================================================================================
AV 78.8 55.6                               4.7 FASTST   M    M   3    MAX(MPH)
                                 MISC ---->  # 25  90               # 34  290
================================================================================
NOTES:
# LAST OF SEVERAL OCCURRENCES

COLUMN 17 PEAK WIND IN M.P.H.

PRELIMINARY LOCAL CLIMATOLOGICAL DATA (WS FORM: F-6) , PAGE 2

                                          STATION:  LAFAYETTE IN
                                          MONTH:    SEPTEMBER
                                          YEAR:     2017
                                          LATITUDE:   40 25 N
                                          LONGITUDE:  86 56 W

[TEMPERATURE DATA]      [PRECIPITATION DATA]       SYMBOLS USED IN COLUMN 16

AVERAGE MONTHLY: 67.2   TOTAL FOR MONTH:   1.46    1 = FOG OR MIST
DPTR FM NORMAL:  -0.2   DPTR FM NORMAL:   -0.66    2 = FOG REDUCING VISIBILITY
HIGHEST:    92 ON 22    GRTST 24HR  0.71 ON 19-19      TO 1/4 MILE OR LESS
LOWEST:     44 ON  8, 7                            3 = THUNDER
                        SNOW, ICE PELLETS, HAIL    4 = ICE PELLETS
                        TOTAL MONTH:    M          5 = HAIL
                        GRTST 24HR    M  ON   M    6 = FREEZING RAIN OR DRIZZLE
                        GRTST DEPTH:  M  ON   M    7 = DUSTSTORM OR SANDSTORM:
                                                       VSBY 1/2 MILE OR LESS
                                                   8 = SMOKE OR HAZE
[NO. OF DAYS WITH]      [WEATHER - DAYS WITH]      9 = BLOWING SNOW
                                                   X = TORNADO
MAX 32 OR BELOW:   0    0.01 INCH OR MORE:   5
MAX 90 OR ABOVE:   3    0.10 INCH OR MORE:   4
MIN 32 OR BELOW:   0    0.50 INCH OR MORE:   1
MIN  0 OR BELOW:   0    1.00 INCH OR MORE:   0

[HDD (BASE 65) ]
TOTAL THIS MO.    54    CLEAR  (SCALE 0-3)  16
DPTR FM NORMAL     8    PTCLDY (SCALE 4-7)   6
TOTAL FM JUL 1    63    CLOUDY (SCALE 8-10)  1
DPTR FM NORMAL    11

[CDD (BASE 65) ]
TOTAL THIS MO.   113
DPTR FM NORMAL    11    [PRESSURE DATA]
TOTAL FM JAN 1   786    HIGHEST SLP M ON M
DPTR FM NORMAL  -168    LOWEST  SLP 29.71 ON  4

[REMARKS]
