000
CXUS53 KGRR 241017
CF6LAN
PRELIMINARY LOCAL CLIMATOLOGICAL DATA (WS FORM: F-6)

                                          STATION:   LANSING
                                          MONTH:     SEPTEMBER
                                          YEAR:      2016
                                          LATITUDE:   42 46 N
                                          LONGITUDE:  84 36 W

  TEMPERATURE IN F:       :PCPN:    SNOW:  WIND      :SUNSHINE: SKY     :PK WND
================================================================================
1   2   3   4   5  6A  6B    7    8   9   10  11  12  13   14  15   16   17  18
                                     12Z  AVG MX 2MIN
DY MAX MIN AVG DEP HDD CDD  WTR  SNW DPTH SPD SPD DIR MIN PSBL S-S WX    SPD DR
================================================================================

 1  73  56  65  -2   0   0 0.00  0.0    0  8.0 17  10   M    M   3        23  10
 2  74  51  63  -4   2   0 0.00  0.0    0  6.3 15  60   M    M   1        19  40
 3  77  49  63  -4   2   0 0.00  0.0    0  2.5  9 140   M    M   0        13 100
 4  79  50  65  -1   0   0 0.00  0.0    0  4.2 13 210   M    M   1 12     16 130
 5  85  60  73   7   0   8 0.00  0.0    0  7.7 18 190   M    M   1        23 180
 6  90  73  82  16   0  17 0.00  0.0    0 10.6 20 210   M    M   1        23 240
 7  86  70  78  13   0  13 0.23  0.0    0  5.4 16 310   M    M   4 138    21 300
 8  80  67  74   9   0   9 0.27  0.0    0  9.7 23 260   M    M   8 1      28 280
 9  80  65  73   8   0   8 0.04  0.0    0  3.4 10 140   M    M   6 12     13 190
10  73  58  66   2   0   1 0.22  0.0    0 10.7 32 260   M    M   7 18     39 270
11  72  53  63  -1   2   0 0.00  0.0    0  4.3  9 260   M    M   1        12 310
12  76  54  65   1   0   0 0.00  0.0    0  7.9 16 190   M    M   0        23 170
13  82  57  70   7   0   5 0.00  0.0    0  7.4 16 230   M    M   2 3      27 100
14  73  56  65   2   0   0 0.03  0.0    0  6.0 14 360   M    M   4 1      17 360
15  73  49  61  -1   4   0 0.00  0.0    0  3.8 14  70   M    M   0        23  60
16  79  53  66   4   0   1 0.00  0.0    0  9.4 16 150   M    M   1        21 180
17  78  64  71   9   0   6 0.64  0.0    0  8.6 16 250   M    M   6 1      20 220
18  78  57  68   7   0   3 0.00  0.0    0  4.2 14 280   M    M   1 1      18 290
19  83  53  68   7   0   3 0.00  0.0    0  6.2 17 200   M    M   0 1      21 200
20  82  57  70  10   0   5    T  0.0    0  3.2 14 310   M    M   2        18 310
21  81  54  68   8   0   3 0.05  0.0    0  4.1 28 290   M    M   1 123    36 290
22  83  61  72  13   0   7 0.00  0.0    0  3.6 13 220   M    M   1 128    15 220
23  71  58  65   6   0   0 0.00  0.0    0  7.5 18  10   M    M   8 18     22  10
================================================================================
SM 1808 1325        10  89  1.48     0.0 144.7          M       59
================================================================================
AV 78.6 57.6                               6.3 FASTST   M    M   3    MAX(MPH)
                                 MISC ---->  # 32 260               # 39  270
================================================================================
NOTES:
# LAST OF SEVERAL OCCURRENCES

COLUMN 17 PEAK WIND IN M.P.H.

PRELIMINARY LOCAL CLIMATOLOGICAL DATA (WS FORM: F-6) , PAGE 2

                                          STATION:  LANSING
                                          MONTH:    SEPTEMBER
                                          YEAR:     2016
                                          LATITUDE:   42 46 N
                                          LONGITUDE:  84 36 W

[TEMPERATURE DATA]      [PRECIPITATION DATA]       SYMBOLS USED IN COLUMN 16

AVERAGE MONTHLY: 68.1   TOTAL FOR MONTH:   1.48    1 = FOG OR MIST
DPTR FM NORMAL:   4.7   DPTR FM NORMAL:   -1.22    2 = FOG REDUCING VISIBILITY
HIGHEST:    90 ON  6    GRTST 24HR  0.64 ON 17-17      TO 1/4 MILE OR LESS
LOWEST:     49 ON 15, 3                            3 = THUNDER
                        SNOW, ICE PELLETS, HAIL    4 = ICE PELLETS
                        TOTAL MONTH:   0.0 INCH    5 = HAIL
                        GRTST 24HR     0.0         6 = FREEZING RAIN OR DRIZZLE
                        GRTST DEPTH:   0           7 = DUSTSTORM OR SANDSTORM:
                                                       VSBY 1/2 MILE OR LESS
                                                   8 = SMOKE OR HAZE
[NO. OF DAYS WITH]      [WEATHER - DAYS WITH]      9 = BLOWING SNOW
                                                   X = TORNADO
MAX 32 OR BELOW:   0    0.01 INCH OR MORE:   7
MAX 90 OR ABOVE:   1    0.10 INCH OR MORE:   4
MIN 32 OR BELOW:   0    0.50 INCH OR MORE:   1
MIN  0 OR BELOW:   0    1.00 INCH OR MORE:   0

[HDD (BASE 65) ]
TOTAL THIS MO.    10    CLEAR  (SCALE 0-3)  15
DPTR FM NORMAL   -83    PTCLDY (SCALE 4-7)   8
TOTAL FM JUL 1    13    CLOUDY (SCALE 8-10)  0
DPTR FM NORMAL  -115

[CDD (BASE 65) ]
TOTAL THIS MO.    89
DPTR FM NORMAL    34    [PRESSURE DATA]
TOTAL FM JAN 1   855    HIGHEST SLP M ON M
DPTR FM NORMAL   243    LOWEST  SLP 29.73 ON 10

[REMARKS]
