000
CXUS55 KCYS 190729
CF6LAR
PRELIMINARY LOCAL CLIMATOLOGICAL DATA (WS FORM: F-6)

                                          STATION:   LARAMIE WYOMING AIRPORT
                                          MONTH:     FEBRUARY
                                          YEAR:      2018
                                          LATITUDE:   41 18 N
                                          LONGITUDE: 105 40 W

  TEMPERATURE IN F:       :PCPN:    SNOW:  WIND      :SUNSHINE: SKY     :PK WND
================================================================================
1   2   3   4   5  6A  6B    7    8   9   10  11  12  13   14  15   16   17  18
                                     12Z  AVG MX 2MIN
DY MAX MIN AVG DEP HDD CDD  WTR  SNW DPTH SPD SPD DIR MIN PSBL S-S WX    SPD DR
================================================================================

 1  36  18  27   5  38   0    T    M    M 10.4 25 250   M    M   7        30 260
 2  45  31  38  16  27   0 0.00    M    M 23.6 43 240   M    M   4        53 240
 3  43  27  35  13  30   0    T    M    M 23.1 46 270   M    M   3 1      54 270
 4  46  15  31   9  34   0 0.00    M    M 26.6 47 270   M    M   4        56 270
 5  41  21  31   9  34   0    T    M    M 19.4 44 280   M    M   5 1      59 270
 6  39  20  30   8  35   0    T    M    M 13.4 25 270   M    M   5 1      29 300
 7  45  16  31   9  34   0    T    M    M 18.8 35 270   M    M   2        43 230
 8  49  29  39  17  26   0 0.00    M    M 24.8 39 260   M    M   0        48 280
 9  49  14  32  10  33   0    T    M    M 18.4 45 280   M    M   4 1      57 280
10  22   3  13  -9  52   0    T    M    M  9.9 24 340   M    M   6 1      31 340
11  35   1  18  -4  47   0 0.00    M    M 16.4 32 240   M    M   0        39 220
12  40  13  27   4  38   0    T    M    M 14.9 30 130   M    M   6 1      35 130
13  45  12  29   6  36   0 0.00    M    M 13.4 40 260   M    M   3 12     51 260
14  47  26  37  14  28   0 0.02    M    M 25.9 47 250   M    M   1 1      56 260
15  27   3  15  -8  50   0 0.05    M    M 12.7 29 320   M    M   6 1289   38 310
16  34  -3  16  -8  49   0    T    M    M 17.5 45 270   M    M   2 89     52 270
17  43  19  31   7  34   0 0.00    M    M 24.6 40 250   M    M   1        48 250
18  50  11  31   7  34   0 0.00    M    M 19.1 47 230   M    M   1        58 240
================================================================================
SM  736  276       659   0  0.07    M    332.9          M       60
================================================================================
AV 40.9 15.3                              18.5 FASTST   M    M   3    MAX(MPH)
                                 MISC ---->  # 47 270               # 59  270
================================================================================
NOTES:
# LAST OF SEVERAL OCCURRENCES

COLUMN 17 PEAK WIND IN M.P.H.

PRELIMINARY LOCAL CLIMATOLOGICAL DATA (WS FORM: F-6) , PAGE 2

                                          STATION:  LARAMIE WYOMING AIRPORT
                                          MONTH:    FEBRUARY
                                          YEAR:     2018
                                          LATITUDE:   41 18 N
                                          LONGITUDE: 105 40 W

[TEMPERATURE DATA]      [PRECIPITATION DATA]       SYMBOLS USED IN COLUMN 16

AVERAGE MONTHLY: 28.1   TOTAL FOR MONTH:   0.07    1 = FOG OR MIST
DPTR FM NORMAL:   5.6   DPTR FM NORMAL:   -0.13    2 = FOG REDUCING VISIBILITY
HIGHEST:    50 ON 18    GRTST 24HR  0.05 ON 15-15      TO 1/4 MILE OR LESS
LOWEST:     -3 ON 16                               3 = THUNDER
                        SNOW, ICE PELLETS, HAIL    4 = ICE PELLETS
                        TOTAL MONTH:    M          5 = HAIL
                        GRTST 24HR    M  ON   M    6 = FREEZING RAIN OR DRIZZLE
                        GRTST DEPTH:  M  ON   M    7 = DUSTSTORM OR SANDSTORM:
                                                       VSBY 1/2 MILE OR LESS
                                                   8 = SMOKE OR HAZE
[NO. OF DAYS WITH]      [WEATHER - DAYS WITH]      9 = BLOWING SNOW
                                                   X = TORNADO
MAX 32 OR BELOW:   2    0.01 INCH OR MORE:   2
MAX 90 OR ABOVE:   0    0.10 INCH OR MORE:   0
MIN 32 OR BELOW:  18    0.50 INCH OR MORE:   0
MIN  0 OR BELOW:   1    1.00 INCH OR MORE:   0

[HDD (BASE 65) ]
TOTAL THIS MO.   659    CLEAR  (SCALE 0-3)   9
DPTR FM NORMAL  -104    PTCLDY (SCALE 4-7)   9
TOTAL FM JUL 1  5070    CLOUDY (SCALE 8-10)  0
DPTR FM NORMAL  -708

[CDD (BASE 65) ]
TOTAL THIS MO.     0
DPTR FM NORMAL     0    [PRESSURE DATA]
TOTAL FM JAN 1     0    HIGHEST SLP M ON M
DPTR FM NORMAL     0    LOWEST  SLP 29.27 ON 18

[REMARKS]
