000
CXUS55 KLOX 261655
CF6LAX
PRELIMINARY LOCAL CLIMATOLOGICAL DATA (WS FORM: F-6)

                                          STATION:   LOS ANGELES INTL AIRPORT CA
                                          MONTH:     SEPTEMBER
                                          YEAR:      2017
                                          LATITUDE:   33 55 N
                                          LONGITUDE: 118 24 W

  TEMPERATURE IN F:       :PCPN:    SNOW:  WIND      :SUNSHINE: SKY     :PK WND
================================================================================
1   2   3   4   5  6A  6B    7    8   9   10  11  12  13   14  15   16   17  18
                                     12Z  AVG MX 2MIN
DY MAX MIN AVG DEP HDD CDD  WTR  SNW DPTH SPD SPD DIR MIN PSBL S-S WX    SPD DR
================================================================================

 1  92  73  83  13   0  18 0.00  0.0    0  7.8 17 260   M    M   4        20 260
 2  95  73  84  14   0  19 0.00  0.0    0  6.0 14 260   M    M   6 8      19 140
 3  97  75  86  16   0  21    T  0.0    0  6.9 18 260   M    M   6        22 300
 4  79  71  75   5   0  10 0.06  0.0    0  5.9 14 250   M    M   8 1      20 160
 5  78  70  74   4   0   9 0.00  0.0    0 10.5 20 260   M    M   4        23 240
 6  75  66  71   1   0   6 0.00  0.0    0  9.1 25 260   M    M   4 1      30 250
 7  77  66  72   2   0   7 0.00  0.0    0  8.9 25 270   M    M   1 8      30 270
 8  77  65  71   1   0   6 0.00  0.0    0  6.6 15 270   M    M   3        20 230
 9  76  65  71   1   0   6 0.00  0.0    0  8.2 21 260   M    M   5        23 260
10  82  65  74   5   0   9 0.00  0.0    0  7.4 21 250   M    M   6        25 250
11  85  69  77   8   0  12 0.00  0.0    0  7.8 22 260   M    M   5        25 260
12  74  65  70   1   0   5 0.00  0.0    0 11.7 20 260   M    M   6 12     25 270
13  74  65  70   1   0   5 0.00  0.0    0 11.5 20 260   M    M   5        24 240
14  74  63  69   0   0   4 0.00  0.0    0  9.4 20 270   M    M   5        23 270
15  74  64  69   0   0   4 0.00  0.0    0  7.6 16 270   M    M   5        22 260
16  76  64  70   1   0   5 0.00  0.0    0  7.1 18 270   M    M   4        22 280
17  73  65  69   0   0   4 0.00  0.0    0  8.7 17 270   M    M   5        21 270
18  73  64  69   0   0   4 0.00  0.0    0  7.8 16 260   M    M   5        21 250
19  75  65  70   1   0   5 0.00  0.0    0  6.7 16 280   M    M   6 8      23 280
20  77  63  70   1   0   5 0.00  0.0    0  7.9 16 280   M    M   5        21 240
21  71  62  67  -1   0   2 0.02  0.0    0 10.7 23 270   M    M   6 8      28 280
22  72  58  65  -3   0   0 0.00  0.0    0 10.3 22 270   M    M   3        25 280
23  72  56  64  -4   1   0 0.00  0.0    0  6.9 17 270   M    M   2        23 260
24  80  58  69   1   0   4 0.00  0.0    0  7.2 20 260   M    M   1        22 250
25  85  60  73   5   0   8 0.00  0.0    0  7.0 18 270   M    M   3        22 260
================================================================================
SM 1963 1630         1 178  0.08     0.0 205.7          M      113
================================================================================
AV 78.5 65.2                               8.2 FASTST   M    M   5    MAX(MPH)
                                 MISC ---->  # 25 260               # 30  250
================================================================================
NOTES:
# LAST OF SEVERAL OCCURRENCES

COLUMN 17 PEAK WIND IN M.P.H.

PRELIMINARY LOCAL CLIMATOLOGICAL DATA (WS FORM: F-6) , PAGE 2

                                          STATION:  LOS ANGELES INTL AIRPORT CA
                                          MONTH:    SEPTEMBER
                                          YEAR:     2017
                                          LATITUDE:   33 55 N
                                          LONGITUDE: 118 24 W

[TEMPERATURE DATA]      [PRECIPITATION DATA]       SYMBOLS USED IN COLUMN 16

AVERAGE MONTHLY: 71.9   TOTAL FOR MONTH:   0.08    1 = FOG OR MIST
DPTR FM NORMAL:   2.7   DPTR FM NORMAL:   -0.07    2 = FOG REDUCING VISIBILITY
HIGHEST:    97 ON  3    GRTST 24HR  0.06 ON  4- 4      TO 1/4 MILE OR LESS
LOWEST:     56 ON 23                               3 = THUNDER
                        SNOW, ICE PELLETS, HAIL    4 = ICE PELLETS
                        TOTAL MONTH:   0.0 INCH    5 = HAIL
                        GRTST 24HR     0.0         6 = FREEZING RAIN OR DRIZZLE
                        GRTST DEPTH:   0           7 = DUSTSTORM OR SANDSTORM:
                                                       VSBY 1/2 MILE OR LESS
                                                   8 = SMOKE OR HAZE
[NO. OF DAYS WITH]      [WEATHER - DAYS WITH]      9 = BLOWING SNOW
                                                   X = TORNADO
MAX 32 OR BELOW:   0    0.01 INCH OR MORE:   2
MAX 90 OR ABOVE:   3    0.10 INCH OR MORE:   0
MIN 32 OR BELOW:   0    0.50 INCH OR MORE:   0
MIN  0 OR BELOW:   0    1.00 INCH OR MORE:   0

[HDD (BASE 65) ]
TOTAL THIS MO.     1    CLEAR  (SCALE 0-3)   5
DPTR FM NORMAL     1    PTCLDY (SCALE 4-7)  20
TOTAL FM JUL 1     1    CLOUDY (SCALE 8-10)  0
DPTR FM NORMAL    -3

[CDD (BASE 65) ]
TOTAL THIS MO.   178
DPTR FM NORMAL    71    [PRESSURE DATA]
TOTAL FM JAN 1   743    HIGHEST SLP M ON M
DPTR FM NORMAL   290    LOWEST  SLP 29.67 ON  1

[REMARKS]
