000
CXUS55 KLOX 011155
CF6LAX
PRELIMINARY LOCAL CLIMATOLOGICAL DATA (WS FORM: F-6)

                                          STATION:   LOS ANGELES INTL AIRPORT CA
                                          MONTH:     JANUARY
                                          YEAR:      2015
                                          LATITUDE:   33 55 N
                                          LONGITUDE: 118 24 W

  TEMPERATURE IN F:       :PCPN:    SNOW:  WIND      :SUNSHINE: SKY     :PK WND
================================================================================
1   2   3   4   5  6A  6B    7    8   9   10  11  12  13   14  15   16   17  18
                                     12Z  AVG MX 2MIN
DY MAX MIN AVG DEP HDD CDD  WTR  SNW DPTH SPD SPD DIR MIN PSBL S-S WX    SPD DR
================================================================================

 1  57  36  47  -9  18   0 0.00  0.0    0  5.2 12  60   M    M   1 8      15  60
 2  56  38  47  -9  18   0 0.00  0.0    0  4.3 12 280   M    M   2        15 270
 3  59  42  51  -5  14   0 0.00  0.0    0  5.1 12 270   M    M   1        16 210
 4  61  42  52  -4  13   0 0.00  0.0    0  4.6 13 270   M    M   3        15 270
 5  79  50  65   9   0   0 0.00  0.0    0  5.5 12  40   M    M   3        16 340
 6  83  55  69  13   0   4 0.00  0.0    0  6.4 14  20   M    M   0        18  20
 7  79  53  66  10   0   1 0.00  0.0    0  4.6 14 270   M    M   4        17 230
 8  71  51  61   4   4   0 0.00  0.0    0  3.0 16 250   M    M   6 1      20 260
 9  71  56  64   7   1   0 0.00  0.0    0  3.2 15 250   M    M   7 18     17 240
10  61  53  57   0   8   0 0.69  0.0    0  4.3  9  80   M    M   8 18     16  20
11  60  55  58   1   7   0 0.39  0.0    0  4.8 10 280   M    M   9 1      14 310
12  62  53  58   1   7   0 0.00  0.0    M  4.7 12 260   M    M   6 12     15 240
13  63  55  59   2   6   0 0.00  0.0    0  3.8 13 280   M    M   4 18     17 290
14  69  47  58   1   7   0 0.00  0.0    0  4.1 15 260   M    M   2        18 250
15  73  50  62   5   3   0 0.00  0.0    0  5.2 14 270   M    M   1        16 280
16  73  50  62   5   3   0 0.00  0.0    0  5.2 14 280   M    M   3        17 270
17  74  49  62   5   3   0 0.00  0.0    0  4.1 14 270   M    M   2        16 280
18  68  52  60   3   5   0 0.00  0.0    0  4.0 12 270   M    M   5 18      M  M
19  66  50  58   1   7   0 0.00  0.0    0  2.6 12 260   M    M   5 18     14 280
20  59  53  56  -1   9   0 0.00  0.0    0  3.3 13 260   M    M   9 128     M  M
21  63  55  59   2   6   0 0.00  0.0    0  4.6 13 270   M    M   4 18      M  M
22  73  48  61   4   4   0 0.00  0.0    0  4.4 12 260   M    M   6 8      15 180
23  72  51  62   5   3   0 0.00  0.0    0  5.1 14 270   M    M   2        16 260
24  76  48  62   5   3   0 0.00  0.0    0  3.2 13 250   M    M   0        18 170
25  80  48  64   7   1   0 0.00  0.0    0  2.4 14 220   M    M   4        22 210
26  76  55  66   9   0   1 0.13  0.0    0  5.7 21 160   M    M   8 1      26 150
27  69  54  62   5   3   0    T  0.0    0  4.9 15 270   M    M   4        18 270
28  72  56  64   7   1   0 0.00  0.0    0  4.2 14 270   M    M   8        16 270
29  73  59  66   9   0   1    T  0.0    0  3.9 10 270   M    M   8        15 350
30  68  58  63   6   2   0 0.04  0.0    0  3.6 13 250   M    M   8        16 300
31  66  55  61   4   4   0 0.00  0.0    0  4.9 14 270   M    M   5 18      M  M
================================================================================
SM 2132 1577       160   7  1.25     0.0 134.9          M      138
================================================================================
AV 68.8 50.9                               4.4 FASTST   M    M   4    MAX(MPH)
                                 MISC ---->  # 21 160               # 26  150
================================================================================
NOTES:
# LAST OF SEVERAL OCCURRENCES

COLUMN 17 PEAK WIND IN M.P.H.

PRELIMINARY LOCAL CLIMATOLOGICAL DATA (WS FORM: F-6) , PAGE 2

                                          STATION:  LOS ANGELES INTL AIRPORT CA
                                          MONTH:    JANUARY
                                          YEAR:     2015
                                          LATITUDE:   33 55 N
                                          LONGITUDE: 118 24 W

[TEMPERATURE DATA]      [PRECIPITATION DATA]       SYMBOLS USED IN COLUMN 16

AVERAGE MONTHLY: 59.8   TOTAL FOR MONTH:   1.25    1 = FOG OR MIST
DPTR FM NORMAL:   3.1   DPTR FM NORMAL:   -1.46    2 = FOG REDUCING VISIBILITY
HIGHEST:    83 ON  6    GRTST 24HR  1.07 ON 10-11      TO 1/4 MILE OR LESS
LOWEST:     36 ON  1                               3 = THUNDER
                        SNOW, ICE PELLETS, HAIL    4 = ICE PELLETS
                        TOTAL MONTH:   0.0 INCH    5 = HAIL
                        GRTST 24HR     0.0         6 = FREEZING RAIN OR DRIZZLE
                        GRTST DEPTH:   0           7 = DUSTSTORM OR SANDSTORM:
                                                       VSBY 1/2 MILE OR LESS
                                                   8 = SMOKE OR HAZE
[NO. OF DAYS WITH]      [WEATHER - DAYS WITH]      9 = BLOWING SNOW
                                                   X = TORNADO
MAX 32 OR BELOW:   0    0.01 INCH OR MORE:   4
MAX 90 OR ABOVE:   0    0.10 INCH OR MORE:   3
MIN 32 OR BELOW:   0    0.50 INCH OR MORE:   1
MIN  0 OR BELOW:   0    1.00 INCH OR MORE:   0

[HDD (BASE 65) ]
TOTAL THIS MO.   160    CLEAR  (SCALE 0-3)  11
DPTR FM NORMAL  -102    PTCLDY (SCALE 4-7)  17
TOTAL FM JUL 1   409    CLOUDY (SCALE 8-10)  3
DPTR FM NORMAL  -295

[CDD (BASE 65) ]
TOTAL THIS MO.     7
DPTR FM NORMAL     3    [PRESSURE DATA]
TOTAL FM JAN 1     7    HIGHEST SLP 30.35 ON  4
DPTR FM NORMAL     7    LOWEST  SLP 29.82 ON 30

[REMARKS]
#FINAL-01-15#
