000
CXUS52 KILM 011000
CF6LBT
PRELIMINARY LOCAL CLIMATOLOGICAL DATA (WS FORM: F-6)

                                          STATION:   LUMBERTON NC
                                          MONTH:     APRIL
                                          YEAR:      2016
                                          LATITUDE:   34 35 N
                                          LONGITUDE:  79  4 W

  TEMPERATURE IN F:       :PCPN:    SNOW:  WIND      :SUNSHINE: SKY     :PK WND
================================================================================
1   2   3   4   5  6A  6B    7    8   9   10  11  12  13   14  15   16   17  18
                                     12Z  AVG MX 2MIN
DY MAX MIN AVG DEP HDD CDD  WTR  SNW DPTH SPD SPD DIR MIN PSBL S-S WX    SPD DR
================================================================================

 1  75  66  71  13   0   6 0.80    M    M  9.3 21 230   M    M   7 13     26 220
 2  75  58  67   8   0   2 0.08    M    M 13.0 24 260   M    M   6 18     35 260
 3  67  44  56  -3   9   0 0.00    M    M  6.9 18 330   M    M   0        24 340
 4  75  40  58  -1   7   0 0.00    M    M  7.4 18 230   M    M   0        26 230
 5  61  40  51  -8  14   0 0.00    M    M 11.1 22  20   M    M   0        32  30
 6  65  29  47 -13  18   0 0.00    M    M  5.8 15 210   M    M   0        21 220
 7  72  54  63   3   2   0 0.53    M    M 11.2 25 260   M    M   6 13     33 260
 8  67  45  56  -4   9   0 0.00    M    M  6.7 18 260   M    M   5        27 250
 9  63  38  51  -9  14   0 0.00    M    M 12.2 29 300   M    M   1        42 330
10  62  29  46 -14  19   0 0.00    M    M  4.7 14  50   M    M   0        19  40
11  76  41  59  -2   6   0 0.00    M    M  6.1 17 190   M    M   4        22 160
12  65  58  62   1   3   0 0.44    M    M  3.9 12 220   M    M   8 12     16 230
13  69  53  61   0   4   0    T    M    M 10.2 21  50   M    M   3 1      28  50
14  70  44  57  -4   8   0 0.00    M    M 10.9 20  40   M    M   0        26  70
15  69  48  59  -3   6   0 0.00    M    M 10.7 21  30   M    M   0        26  40
16  72  43  58  -4   7   0 0.00    M    M  7.3 16  30   M    M   0        22  20
17  75  40  58  -4   7   0 0.00    M    M  7.3 21  30   M    M   0        27  20
18  85  38  62   0   3   0 0.00    M    M  1.3  8  20   M    M   0 8      12 330
19  90  49  70   8   0   5 0.00    M    M  5.2 14 280   M    M   0        17 270
20  82  55  69   6   0   4 0.00    M    M  7.7 17  30   M    M   2        23  50
21  83  54  69   6   0   4 0.00    M    M  6.5 18 130   M    M   4        23 140
22  76  63  70   7   0   5 1.32    M    M  4.3 25 220   M    M   6 138    34 220
23  80  57  69   5   0   4    T    M    M  6.0 21 360   M    M   7 1      30 360
24  77  56  67   3   0   2 0.00    M    M  3.9 14  50   M    M   2        19  40
25  81  49  65   1   0   0 0.00    M    M  4.4 13 160   M    M   0 18     18 150
26  83  55  69   5   0   4 0.00    M    M  7.5 16 240   M    M   1        21 240
27  87  62  75  11   0  10 0.00    M    M  8.4 15 210   M    M   0        23 230
28  87  64  76  11   0  11    T    M    M  6.9 20 230   M    M   2        27 220
29  86  62  74   9   0   9 0.00    M    M  5.5 15  20   M    M   2 1      19  30
30  76  62  69   4   0   4 0.00    M    M  8.0 16 110   M    M   7 1      21 110
================================================================================
SM 2251 1496       136  70  3.17    M    220.3          M       73
================================================================================
AV 75.0 49.9                               7.3 FASTST   M    M   2    MAX(MPH)
                                 MISC ---->  # 29 300               # 42  330
================================================================================
NOTES:
# LAST OF SEVERAL OCCURRENCES

COLUMN 17 PEAK WIND IN M.P.H.

PRELIMINARY LOCAL CLIMATOLOGICAL DATA (WS FORM: F-6) , PAGE 2

                                          STATION:  LUMBERTON NC
                                          MONTH:    APRIL
                                          YEAR:     2016
                                          LATITUDE:   34 35 N
                                          LONGITUDE:  79  4 W

[TEMPERATURE DATA]      [PRECIPITATION DATA]       SYMBOLS USED IN COLUMN 16

AVERAGE MONTHLY: 62.4   TOTAL FOR MONTH:   3.17    1 = FOG OR MIST
DPTR FM NORMAL:   0.7   DPTR FM NORMAL:    0.35    2 = FOG REDUCING VISIBILITY
HIGHEST:    90 ON 19    GRTST 24HR  1.32 ON 22-22      TO 1/4 MILE OR LESS
LOWEST:     29 ON 10, 6                            3 = THUNDER
                        SNOW, ICE PELLETS, HAIL    4 = ICE PELLETS
                        TOTAL MONTH:    M          5 = HAIL
                        GRTST 24HR    M  ON   M    6 = FREEZING RAIN OR DRIZZLE
                        GRTST DEPTH:  M  ON   M    7 = DUSTSTORM OR SANDSTORM:
                                                       VSBY 1/2 MILE OR LESS
                                                   8 = SMOKE OR HAZE
[NO. OF DAYS WITH]      [WEATHER - DAYS WITH]      9 = BLOWING SNOW
                                                   X = TORNADO
MAX 32 OR BELOW:   0    0.01 INCH OR MORE:   5
MAX 90 OR ABOVE:   1    0.10 INCH OR MORE:   4
MIN 32 OR BELOW:   2    0.50 INCH OR MORE:   3
MIN  0 OR BELOW:   0    1.00 INCH OR MORE:   1

[HDD (BASE 65) ]
TOTAL THIS MO.   136    CLEAR  (SCALE 0-3)  19
DPTR FM NORMAL   -17    PTCLDY (SCALE 4-7)  11
TOTAL FM JUL 1  1996    CLOUDY (SCALE 8-10)  0
DPTR FM NORMAL  -733

[CDD (BASE 65) ]
TOTAL THIS MO.    70
DPTR FM NORMAL    15    [PRESSURE DATA]
TOTAL FM JAN 1   117    HIGHEST SLP 30.44 ON 10
DPTR FM NORMAL    49    LOWEST  SLP 29.54 ON  2

[REMARKS]
#FINAL-04-16#
