000
CXUS54 KHGX 241415
CF6LBX
PRELIMINARY LOCAL CLIMATOLOGICAL DATA (WS FORM: F-6)

                                          STATION:   ANGLETON/LAKE_JACKS
                                          MONTH:     APRIL
                                          YEAR:      2014
                                          LATITUDE:   29  6 N
                                          LONGITUDE:  95 28 W

  TEMPERATURE IN F:       :PCPN:    SNOW:  WIND      :SUNSHINE: SKY     :PK WND
================================================================================
1   2   3   4   5  6A  6B    7    8   9   10  11  12  13   14  15   16   17  18
                                     12Z  AVG MX 2MIN
DY MAX MIN AVG DEP HDD CDD  WTR  SNW DPTH SPD SPD DIR MIN PSBL S-S WX    SPD DR
================================================================================

 1  79  67  73   8   0   8 0.03  0.0    0 12.4 22 180   M    M  10 1      27 200
 2  80  71  76  10   0  11    T  0.0    0 15.2 24 160   M    M  10 1      30 160
 3  75  71  73   7   0   8    T  0.0    0 15.6 24 150   M    M  10 1      31 180
 4  77  58  68   2   0   3 0.14  0.0    0 11.4 25  10   M    M   3 13     33  10
 5  70  57  64  -2   1   0 0.00  0.0    0 12.3 20  40   M    M   8 1      26  60
 6  74  54  64  -2   1   0 0.23  0.0    0 10.4 24 170   M    M  10 1      29 180
 7  75  50  63  -4   2   0 0.00  0.0    0  8.3 17 360   M    M   4        24 320
 8  74  46  60  -7   5   0 0.00  0.0    0  9.2 28 340   M    M   1        41 330
 9  77  40  59  -8   6   0 0.00  0.0    0  6.6 18 180   M    M   0        24 180
10  78  57  68   1   0   3 0.00  0.0    0 14.8 24 180   M    M   1        30 180
11  79  60  70   2   0   5 0.00  0.0    0 11.5 22 160   M    M   6        30 180
12  79  67  73   5   0   8 0.00  0.0    0 14.9 22 150   M    M   6        28 160
13  79  70  75   7   0  10    T  0.0    0 16.2 26 160   M    M  10 18     33 150
14  76  48  62  -6   3   0 0.17    M    0 13.9 26 350   M    M   9 13     38 340
15  65  37  51 -17  14   0 0.00  0.0    0  9.8 25  10   M    M   0        30  10
16  69  36  53 -16  12   0 0.00  0.0    0  8.8 17 150   M    M   4        25 160
17  70  61  66  -3   0   1 0.09  0.0    0  9.3 22 120   M    M   9 13     28 110
18  80  55  68  -1   0   3 0.00  0.0    M  6.2 18  20   M    M   3 1      23  20
19  80  50  65  -5   0   0 0.00  0.0    0  6.4 15 130   M    M   3 12     19 110
20  80  52  66  -4   0   1 0.00  0.0    0  6.5 18 170   M    M   4 12     22 170
21  76  56  66  -4   0   1 0.00  0.0    0  7.7 17 180   M    M   4 12     21 170
22  84  61  73   3   0   8 0.00  0.0    0  4.5 13 160   M    M   5 12     14 160
23  82  62  72   2   0   7 0.00  0.0    0  8.5 18 170   M    M   7 128    23 170
================================================================================
SM 1758 1286        44  77  0.66     0.0 240.4          M      127
================================================================================
AV 76.4 55.9                              10.5 FASTST   M    M   6    MAX(MPH)
                                 MISC ---->  # 28 340               # 41  330
================================================================================
NOTES:
# LAST OF SEVERAL OCCURRENCES

COLUMN 17 PEAK WIND IN M.P.H.

PRELIMINARY LOCAL CLIMATOLOGICAL DATA (WS FORM: F-6) , PAGE 2

                                          STATION:  ANGLETON/LAKE_JACKS
                                          MONTH:    APRIL
                                          YEAR:     2014
                                          LATITUDE:   29  6 N
                                          LONGITUDE:  95 28 W

[TEMPERATURE DATA]      [PRECIPITATION DATA]       SYMBOLS USED IN COLUMN 16

AVERAGE MONTHLY: 66.2   TOTAL FOR MONTH:   0.66    1 = FOG OR MIST
DPTR FM NORMAL:  -1.7   DPTR FM NORMAL:   -1.28    2 = FOG REDUCING VISIBILITY
HIGHEST:    84 ON 22    GRTST 24HR  0.23 ON  6- 6      TO 1/4 MILE OR LESS
LOWEST:     36 ON 16                               3 = THUNDER
                        SNOW, ICE PELLETS, HAIL    4 = ICE PELLETS
                        TOTAL MONTH:   0.0 INCH    5 = HAIL
                        GRTST 24HR     0.0         6 = FREEZING RAIN OR DRIZZLE
                        GRTST DEPTH:   0           7 = DUSTSTORM OR SANDSTORM:
                                                       VSBY 1/2 MILE OR LESS
                                                   8 = SMOKE OR HAZE
[NO. OF DAYS WITH]      [WEATHER - DAYS WITH]      9 = BLOWING SNOW
                                                   X = TORNADO
MAX 32 OR BELOW:   0    0.01 INCH OR MORE:   5
MAX 90 OR ABOVE:   0    0.10 INCH OR MORE:   3
MIN 32 OR BELOW:   0    0.50 INCH OR MORE:   0
MIN  0 OR BELOW:   0    1.00 INCH OR MORE:   0

[HDD (BASE 65) ]
TOTAL THIS MO.    44    CLEAR  (SCALE 0-3)   5
DPTR FM NORMAL     5    PTCLDY (SCALE 4-7)  11
TOTAL FM JUL 1  1694    CLOUDY (SCALE 8-10)  7
DPTR FM NORMAL   382

[CDD (BASE 65) ]
TOTAL THIS MO.    77
DPTR FM NORMAL   -26    [PRESSURE DATA]
TOTAL FM JAN 1   148    HIGHEST SLP M ON M
DPTR FM NORMAL   -47    LOWEST  SLP 29.65 ON 13

[REMARKS]
