000
CXUS53 KLMK 310800
CF6LEX
PRELIMINARY LOCAL CLIMATOLOGICAL DATA (WS FORM: F-6)

                                          STATION:   LEXINGTON KY
                                          MONTH:     JULY
                                          YEAR:      2014
                                          LATITUDE:   38  1 N
                                          LONGITUDE:  84 36 W

  TEMPERATURE IN F:       :PCPN:    SNOW:  WIND      :SUNSHINE: SKY     :PK WND
================================================================================
1   2   3   4   5  6A  6B    7    8   9   10  11  12  13   14  15   16   17  18
                                     12Z  AVG MX 2MIN
DY MAX MIN AVG DEP HDD CDD  WTR  SNW DPTH SPD SPD DIR MIN PSBL S-S WX    SPD DR
================================================================================

 1  90  70  80   4   0  15 0.37  0.0    0  9.9 24 290   M    M   4 13     33 290
 2  85  68  77   1   0  12    T  0.0    0  6.5 14 220   M    M   4        19 210
 3  76  62  69  -7   0   4    T  0.0    0  7.0 14 320   M    M   6        19 280
 4  80  55  68  -8   0   3 0.00  0.0    0  6.8 15  50   M    M   0        20  40
 5  82  60  71  -5   0   6 0.00  0.0    0  5.4 15 110   M    M   0        18 110
 6  86  63  75  -1   0  10 0.00  0.0    0  9.0 20 220   M    M   1        25 210
 7  89  68  79   3   0  14 0.00  0.0    0 12.8 24 190   M    M   1 3      30 220
 8  89  70  80   4   0  15    T  0.0    0 12.4 25 220   M    M   3        34 220
 9  87  67  77   1   0  12 0.00  0.0    0  4.8 15 260   M    M   3        19 240
10  87  62  75  -1   0  10 0.00  0.0    0  3.5 14 330   M    M   2        20 300
11  90  60  75  -1   0  10 0.00  0.0    0  3.1 10 250   M    M   1        13 280
12  90  63  77   1   0  12 0.00  0.0    0  4.9 14 270   M    M   1 18     18 270
13  93  72  83   7   0  18 0.09  0.0    0  9.7 22 230   M    M   3 13     28 250
14  87  68  78   2   0  13 0.40  0.0    0  8.2 16 210   M    M   5 138    22 260
15  78  59  69  -7   0   4    T  0.0    0  7.6 20 270   M    M   3 1      27 270
16  77  54  66 -10   0   1 0.00  0.0    0  3.6 10 320   M    M   5        13 290
17  80  54  67  -9   0   2 0.00  0.0    0  4.6 10 350   M    M   4        13  10
18  72  61  67  -9   0   2 0.43  0.0    0  6.1 10 180   M    M   7 1      14 190
19  76  64  70  -6   0   5 0.06  0.0    0  5.6 10  40   M    M  10 18     13 120
20  84  69  77   1   0  12 0.61  0.0    0  4.0 10 150   M    M   6 1      13 190
21  90  66  78   2   0  13 0.00  0.0    0  2.8  8  10   M    M   4 12     11  40
22  91  68  80   4   0  15 0.00  0.0    0  4.1 12 220   M    M   0        18 200
23  87  72  80   4   0  15 0.09  0.0    0  5.6 16 260   M    M   3 38     20 250
24  79  62  71  -5   0   6 0.00  0.0    0  9.2 18  20   M    M   7 1      25  30
25  83  55  69  -7   0   4 0.00  0.0    0  3.6 10 210   M    M   1        13 220
26  87  63  75  -1   0  10 0.10  0.0    0 10.1 28 230   M    M   2 3      37 240
27  87  68  78   2   0  13 1.08  0.0    0  9.8 31  50   M    M   7 13     38  20
28  75  60  68  -8   0   3    T  0.0    0  8.9 15 330   M    M   5        21 310
29  75  51  63 -13   2   0 0.00  0.0    0  5.1 13 310   M    M   2        18 330
30  81  58  70  -6   0   5 0.00  0.0    0  6.2 13 260   M    M   2        16 270
================================================================================
SM 2513 1892         2 264  3.23     0.0 200.9          M      102
================================================================================
AV 83.8 63.1                               6.7 FASTST   M    M   3    MAX(MPH)
                                 MISC ---->  # 31  50               # 38   20
================================================================================
NOTES:
# LAST OF SEVERAL OCCURRENCES

COLUMN 17 PEAK WIND IN M.P.H.

PRELIMINARY LOCAL CLIMATOLOGICAL DATA (WS FORM: F-6) , PAGE 2

                                          STATION:  LEXINGTON KY
                                          MONTH:    JULY
                                          YEAR:     2014
                                          LATITUDE:   38  1 N
                                          LONGITUDE:  84 36 W

[TEMPERATURE DATA]      [PRECIPITATION DATA]       SYMBOLS USED IN COLUMN 16

AVERAGE MONTHLY: 73.4   TOTAL FOR MONTH:   3.23    1 = FOG OR MIST
DPTR FM NORMAL:  -2.6   DPTR FM NORMAL:   -1.28    2 = FOG REDUCING VISIBILITY
HIGHEST:    93 ON 13    GRTST 24HR  1.18 ON 26-27      TO 1/4 MILE OR LESS
LOWEST:     51 ON 29                               3 = THUNDER
                        SNOW, ICE PELLETS, HAIL    4 = ICE PELLETS
                        TOTAL MONTH:   0.0 INCH    5 = HAIL
                        GRTST 24HR     0.0         6 = FREEZING RAIN OR DRIZZLE
                        GRTST DEPTH:   0           7 = DUSTSTORM OR SANDSTORM:
                                                       VSBY 1/2 MILE OR LESS
                                                   8 = SMOKE OR HAZE
[NO. OF DAYS WITH]      [WEATHER - DAYS WITH]      9 = BLOWING SNOW
                                                   X = TORNADO
MAX 32 OR BELOW:   0    0.01 INCH OR MORE:   9
MAX 90 OR ABOVE:   6    0.10 INCH OR MORE:   6
MIN 32 OR BELOW:   0    0.50 INCH OR MORE:   2
MIN  0 OR BELOW:   0    1.00 INCH OR MORE:   1

[HDD (BASE 65) ]
TOTAL THIS MO.     2    CLEAR  (SCALE 0-3)  16
DPTR FM NORMAL     2    PTCLDY (SCALE 4-7)  13
TOTAL FM JUL 1     2    CLOUDY (SCALE 8-10)  1
DPTR FM NORMAL     2

[CDD (BASE 65) ]
TOTAL THIS MO.   264
DPTR FM NORMAL   -66    [PRESSURE DATA]
TOTAL FM JAN 1   730    HIGHEST SLP M ON M
DPTR FM NORMAL    51    LOWEST  SLP 29.72 ON 27

[REMARKS]
