000
CXUS54 KSHV 221300
CF6LFK
PRELIMINARY LOCAL CLIMATOLOGICAL DATA (WS FORM: F-6)

                                          STATION:   LUFKIN
                                          MONTH:     SEPTEMBER
                                          YEAR:      2014
                                          LATITUDE:   31 14 N
                                          LONGITUDE:  94 45 W

  TEMPERATURE IN F:       :PCPN:    SNOW:  WIND      :SUNSHINE: SKY     :PK WND
================================================================================
1   2   3   4   5  6A  6B    7    8   9   10  11  12  13   14  15   16   17  18
                                     12Z  AVG MX 2MIN
DY MAX MIN AVG DEP HDD CDD  WTR  SNW DPTH SPD SPD DIR MIN PSBL S-S WX    SPD DR
================================================================================

 1  96  76  86   5   0  21    T  0.0    0  7.4 20 140   M    M   5 1      23 140
 2  92  77  85   4   0  20 0.44  0.0    0  5.5 18 160   M    M   4 13     23 150
 3  95  76  86   5   0  21 0.00  0.0    0  5.3 12 140   M    M   4 12     20 160
 4  96  75  86   5   0  21 0.00  0.0    0  3.6 13 190   M    M   4 12     16 200
 5  96  74  85   5   0  20 0.00  0.0    0  2.3 12 180   M    M   1 18     15 150
 6  97  74  86   6   0  21 0.05  0.0    0  2.4 13 140   M    M   2 138    16 140
 7  93  75  84   4   0  19 0.05  0.0    0  2.9 16 210   M    M   2 138    20 210
 8  95  73  84   4   0  19 0.00  0.0    0  1.8  8 100   M    M   3 18     11 100
 9  96  75  86   7   0  21 0.00  0.0    0  4.6 12 150   M    M   1 18     15 160
10  97  76  87   8   0  22 0.00  0.0    0  7.9 16 210   M    M   2 1      23 190
11  99  75  87   8   0  22 0.00  0.0    0  4.3 10 180   M    M   1 12     17 240
12  96  72  84   5   0  19 1.21  0.0    0  4.3 17  10   M    M   3 138    24  20
13  72  66  69  -9   0   4 0.01  0.0    0  7.3 14  30   M    M  10 18     19  20
14  87  66  77  -1   0  12 0.00  0.0    0  4.6 10  10   M    M   7 8      15  10
15  91  71  81   3   0  16 0.00  0.0    0  3.4  8  40   M    M   1 18     11  30
16  95  76  86   9   0  21 1.04  0.0    0  3.9 21 200   M    M   3 1238   24 200
17  92  74  83   6   0  18    T  0.0    0  3.4 20 170   M    M   6 123    26 190
18  83  73  78   1   0  13 0.28  0.0    0  5.2 15 110   M    M   9 128    21 140
19  90  74  82   6   0  17    T  0.0    0  4.9 13  80   M    M   5 18     17 110
20  92  70  81   5   0  16 0.00  0.0    0  4.6 15 110   M    M   0 18     20  90
21  94  68  81   5   0  16 0.00  0.0    0  1.2  9  80   M    M   1 18     12  90
================================================================================
SM 1944 1536         0 379  3.08     0.0  90.8          M       74
================================================================================
AV 92.6 73.1                               4.3 FASTST   M    M   4    MAX(MPH)
                                 MISC ---->  # 21 200               # 26  190
================================================================================
NOTES:
# LAST OF SEVERAL OCCURRENCES

COLUMN 17 PEAK WIND IN M.P.H.

PRELIMINARY LOCAL CLIMATOLOGICAL DATA (WS FORM: F-6) , PAGE 2

                                          STATION:  LUFKIN
                                          MONTH:    SEPTEMBER
                                          YEAR:     2014
                                          LATITUDE:   31 14 N
                                          LONGITUDE:  94 45 W

[TEMPERATURE DATA]      [PRECIPITATION DATA]       SYMBOLS USED IN COLUMN 16

AVERAGE MONTHLY: 82.9   TOTAL FOR MONTH:   3.08    1 = FOG OR MIST
DPTR FM NORMAL:   4.1   DPTR FM NORMAL:    0.15    2 = FOG REDUCING VISIBILITY
HIGHEST:    99 ON 11    GRTST 24HR  1.22 ON 12-13      TO 1/4 MILE OR LESS
LOWEST:     66 ON 14,13                            3 = THUNDER
                        SNOW, ICE PELLETS, HAIL    4 = ICE PELLETS
                        TOTAL MONTH:   0.0 INCH    5 = HAIL
                        GRTST 24HR     0.0         6 = FREEZING RAIN OR DRIZZLE
                        GRTST DEPTH:   0           7 = DUSTSTORM OR SANDSTORM:
                                                       VSBY 1/2 MILE OR LESS
                                                   8 = SMOKE OR HAZE
[NO. OF DAYS WITH]      [WEATHER - DAYS WITH]      9 = BLOWING SNOW
                                                   X = TORNADO
MAX 32 OR BELOW:   0    0.01 INCH OR MORE:   7
MAX 90 OR ABOVE:  18    0.10 INCH OR MORE:   4
MIN 32 OR BELOW:   0    0.50 INCH OR MORE:   2
MIN  0 OR BELOW:   0    1.00 INCH OR MORE:   2

[HDD (BASE 65) ]
TOTAL THIS MO.     0    CLEAR  (SCALE 0-3)  10
DPTR FM NORMAL     0    PTCLDY (SCALE 4-7)   9
TOTAL FM JUL 1     0    CLOUDY (SCALE 8-10)  2
DPTR FM NORMAL     0

[CDD (BASE 65) ]
TOTAL THIS MO.   379
DPTR FM NORMAL    90    [PRESSURE DATA]
TOTAL FM JAN 1  2613    HIGHEST SLP M ON M
DPTR FM NORMAL   301    LOWEST  SLP 29.79 ON 10

[REMARKS]
