000
CXUS55 KPUB 011059
CF6LHX
PRELIMINARY LOCAL CLIMATOLOGICAL DATA (WS FORM: F-6)

                                          STATION:   LA JUNTA CO
                                          MONTH:     JULY
                                          YEAR:      2015
                                          LATITUDE:   38  2 N
                                          LONGITUDE: 103 31 W

  TEMPERATURE IN F:       :PCPN:    SNOW:  WIND      :SUNSHINE: SKY     :PK WND
================================================================================
1   2   3   4   5  6A  6B    7    8   9   10  11  12  13   14  15   16   17  18
                                     12Z  AVG MX 2MIN
DY MAX MIN AVG DEP HDD CDD  WTR  SNW DPTH SPD SPD DIR MIN PSBL S-S WX    SPD DR
================================================================================

 1  98  67  83   6   0  18 0.13  0.0    0  9.0 40 320   M    M   1 3      52 320
 2  85  63  74  -3   0   9 0.00  0.0    0  8.7 30  10   M    M   2 3      37  20
 3  91  61  76  -2   0  11 0.00  0.0    0  8.6 28  20   M    M   1 3      35  10
 4  99  59  79   1   0  14 0.00  0.0    0  8.1 21 280   M    M   0        25 280
 5  99  63  81   3   0  16 0.08  0.0    0  8.8 24  10   M    M   1 3      30  10
 6  74  65  70  -8   0   5    T  0.0    0 11.4 21  40   M    M   8 8      27  40
 7  78  59  69  -9   0   4 0.00  0.0    0  8.1 15 130   M    M   5        20 120
 8  86  58  72  -6   0   7 0.01  0.0    0  8.2 21 110   M    M   3 38     27 110
 9  83  55  69  -9   0   4 0.00  0.0    0  8.1 20 120   M    M   4        25 130
10  95  60  78   0   0  13    T  0.0    0  8.3 18 240   M    M   2        24 250
11  97  59  78  -1   0  13 0.00  0.0    0  7.5 17 270   M    M   0        22 270
12 100  63  82   3   0  17    T  0.0    0 11.5 33 240   M    M   0        41 180
13 100  71  86   7   0  21 0.00  0.0    0  9.4 23 250   M    M   1        29 250
14  98  66  82   3   0  17 0.88  0.0    0  8.1 36 180   M    M   1 13     50 160
15  90  62  76  -3   0  11    T  0.0    0  6.1 33 350   M    M   1 3      43 350
16  94  61  78  -1   0  13 0.00  0.0    0  7.7 16 120   M    M   0        18 120
17  97  63  80   1   0  15 0.00  0.0    0  7.7 16 100   M    M   0        20 330
18  96  62  79   0   0  14    T  0.0    0  6.9 20  30   M    M   1        27  30
19  92  61  77  -2   0  12 0.06  0.0    0  6.7 18  40   M    M   2 3      24  10
20  90  65  78  -1   0  13    T  0.0    0  7.3 15  90   M    M   6        20  90
21  86  62  74  -5   0   9 0.10  0.0    0 12.5 32 150   M    M   4 3      42 150
22  96  58  77  -2   0  12 0.00  0.0    0  6.9 16  80   M    M   1        25 260
23 101  64  83   4   0  18 0.00  0.0    0  6.3 16 230   M    M   2 12     20 220
24 102  66  84   5   0  19    T  0.0    0  8.6 24 350   M    M   0        31 310
25 102  65  84   6   0  19 0.00  0.0    0  7.7 18  40   M    M   0        25 240
26  98  66  82   4   0  17 0.00  0.0    0  9.0 31 230   M    M   0        39 240
27 101  76  89  11   0  24 0.14  0.0    0 11.4 37 260   M    M   1 3      51 250
28  91  66  79   1   0  14 0.00  0.0    0 11.2 20 100   M    M   0        27 340
29  88  65  77  -1   0  12 0.00  0.0    0 11.5 25 120   M    M   2        30 120
30  91  65  78   0   0  13 0.00  0.0    0  9.3 22 140   M    M   0        28 140
31  91  63  77  -1   0  12 0.00  0.0    0  8.6 20 120   M    M   1 1      24 130
================================================================================
SM 2889 1959         0 416  1.40     0.0 269.2          M       50
================================================================================
AV 93.2 63.2                               8.7 FASTST   M    M   2    MAX(MPH)
                                 MISC ---->  # 40 320               # 52  320
================================================================================
NOTES:
# LAST OF SEVERAL OCCURRENCES

COLUMN 17 PEAK WIND IN M.P.H.

PRELIMINARY LOCAL CLIMATOLOGICAL DATA (WS FORM: F-6) , PAGE 2

                                          STATION:  LA JUNTA CO
                                          MONTH:    JULY
                                          YEAR:     2015
                                          LATITUDE:   38  2 N
                                          LONGITUDE: 103 31 W

[TEMPERATURE DATA]      [PRECIPITATION DATA]       SYMBOLS USED IN COLUMN 16

AVERAGE MONTHLY: 78.2   TOTAL FOR MONTH:   1.40    1 = FOG OR MIST
DPTR FM NORMAL:  -0.2   DPTR FM NORMAL:   -0.43    2 = FOG REDUCING VISIBILITY
HIGHEST:   102 ON 25,24 GRTST 24HR  0.88 ON 14-14      TO 1/4 MILE OR LESS
LOWEST:     55 ON  9                               3 = THUNDER
                        SNOW, ICE PELLETS, HAIL    4 = ICE PELLETS
                        TOTAL MONTH:   0.0 INCH    5 = HAIL
                        GRTST 24HR     0.0         6 = FREEZING RAIN OR DRIZZLE
                        GRTST DEPTH:   0           7 = DUSTSTORM OR SANDSTORM:
                                                       VSBY 1/2 MILE OR LESS
                                                   8 = SMOKE OR HAZE
[NO. OF DAYS WITH]      [WEATHER - DAYS WITH]      9 = BLOWING SNOW
                                                   X = TORNADO
MAX 32 OR BELOW:   0    0.01 INCH OR MORE:   7
MAX 90 OR ABOVE:  24    0.10 INCH OR MORE:   4
MIN 32 OR BELOW:   0    0.50 INCH OR MORE:   1
MIN  0 OR BELOW:   0    1.00 INCH OR MORE:   0

[HDD (BASE 65) ]
TOTAL THIS MO.     0    CLEAR  (SCALE 0-3)  26
DPTR FM NORMAL    -1    PTCLDY (SCALE 4-7)   4
TOTAL FM JUL 1     0    CLOUDY (SCALE 8-10)  1
DPTR FM NORMAL    -1

[CDD (BASE 65) ]
TOTAL THIS MO.   416
DPTR FM NORMAL     2    [PRESSURE DATA]
TOTAL FM JAN 1   738    HIGHEST SLP 30.15 ON 29
DPTR FM NORMAL     7    LOWEST  SLP 29.57 ON 27

[REMARKS]
#FINAL-07-15#
