000
CXUS55 KBOU 290757
CF6LIC
PRELIMINARY LOCAL CLIMATOLOGICAL DATA (WS FORM: F-6)

                                          STATION:   LIMON CO
                                          MONTH:     JUNE
                                          YEAR:      2017
                                          LATITUDE:   39 10 N
                                          LONGITUDE: 103 42 W

  TEMPERATURE IN F:       :PCPN:    SNOW:  WIND      :SUNSHINE: SKY     :PK WND
================================================================================
1   2   3   4   5  6A  6B    7    8   9   10  11  12  13   14  15   16   17  18
                                     12Z  AVG MX 2MIN
DY MAX MIN AVG DEP HDD CDD  WTR  SNW DPTH SPD SPD DIR MIN PSBL S-S WX    SPD DR
================================================================================

 1  77  41  59   M   6   0 0.00    M    M  8.5 21 150   M    M   0 12     27 180
 2  76  43  60   M   5   0 0.02    M    M  5.6 29 320   M    M   1 13     38 320
 3  74  45  60   M   5   0 0.00    M    M 10.0 21  10   M    M   1 12     30 360
 4  79  40  60   M   5   0 0.00    M    M  3.9 12  90   M    M   0        14  90
 5  80  43  62   M   3   0    T    M    M  6.9 18 160   M    M   0 38     26 140
 6  79  45  62   M   3   0 0.08    M    M  8.8 17 350   M    M   2 3      22 360
 7  79  48  64   M   1   0 0.07    M    M  8.5 24  30   M    M   2 13     34  40
 8  81  46  64   M   1   0 0.00    M    M  7.6 20 150   M    M   1        24 150
 9  91  50  71   M   0   6 0.00    M    M  7.5 28 160   M    M   2 12     36 160
10  92  47  70   M   0   5 0.00    M    M  9.7 29 100   M    M   0        35  90
11  84  40  62   M   3   0 0.00    M    M  8.4 25 360   M    M   0        31 350
12  91  55  73   M   0   8 0.00    M    M 11.7 32 150   M    M   2 1      39 150
13  84  44  64   M   1   0 0.00    M    M 11.4 26 210   M    M   0        36 210
14  84  34  59   M   6   0 0.00    M    M  9.3 25 160   M    M   0        33 170
15  89  44  67   M   0   2 0.00    M    M  5.3 16 350   M    M   0        22 330
16  93  46  70   M   0   5 0.00    M    M  8.2 23 320   M    M   0        29 300
17  89  48  69   M   0   4 0.00    M    M 10.5 31  30   M    M   1        38  30
18  82  55  69   M   0   4 0.00    M    M  8.0 18 160   M    M   4        30 180
19  84  49  67   M   0   2 0.00    M    M  8.3 20  40   M    M   0        23  40
20  97  46  72   M   0   7    T    M    M  5.2 30 270   M    M   0 3      38 280
21  98  51  75   M   0  10 0.00    M    M  8.9 23 360   M    M   0        28 350
22  94  49  72   M   0   7    T    M    M  9.3 26 350   M    M   0 3      32 270
23  64  45  55   M  10   0    T    M    M  6.7 26  30   M    M   8 1      33  30
24  74  50  62   M   3   0 0.00    M    M  7.0 22 170   M    M   8        31 160
25  78  47  63   M   2   0 0.05    M    M  9.5 26 110   M    M   6 3      30 110
26  89  51  70   M   0   5 0.00    M    M  9.0 21 100   M    M   3        30  80
27  91  52  72   M   0   7 0.01    M    M 11.0 29 200   M    M   2 123    39 210
28  90  51  71   M   0   6 0.09    M    M  9.6 25 150   M    M   1 3      33 150
================================================================================
SM 2363 1305        54  78  0.32    M    234.3          M       44
================================================================================
AV 84.4 46.6                               8.4 FASTST   M    M   2    MAX(MPH)
                                 MISC ---->  # 32 150               # 39  150
================================================================================
NOTES:
# LAST OF SEVERAL OCCURRENCES

COLUMN 17 PEAK WIND IN M.P.H.

PRELIMINARY LOCAL CLIMATOLOGICAL DATA (WS FORM: F-6) , PAGE 2

                                          STATION:  LIMON CO
                                          MONTH:    JUNE
                                          YEAR:     2017
                                          LATITUDE:   39 10 N
                                          LONGITUDE: 103 42 W

[TEMPERATURE DATA]      [PRECIPITATION DATA]       SYMBOLS USED IN COLUMN 16

AVERAGE MONTHLY: 65.5   TOTAL FOR MONTH:   0.32    1 = FOG OR MIST
DPTR FM NORMAL:     M   DPTR FM NORMAL:       M    2 = FOG REDUCING VISIBILITY
HIGHEST:    98 ON 21    GRTST 24HR  0.09 ON 28-28      TO 1/4 MILE OR LESS
LOWEST:     34 ON 14                               3 = THUNDER
                        SNOW, ICE PELLETS, HAIL    4 = ICE PELLETS
                        TOTAL MONTH:    M          5 = HAIL
                        GRTST 24HR    M  ON   M    6 = FREEZING RAIN OR DRIZZLE
                        GRTST DEPTH:  M  ON   M    7 = DUSTSTORM OR SANDSTORM:
                                                       VSBY 1/2 MILE OR LESS
                                                   8 = SMOKE OR HAZE
[NO. OF DAYS WITH]      [WEATHER - DAYS WITH]      9 = BLOWING SNOW
                                                   X = TORNADO
MAX 32 OR BELOW:   0    0.01 INCH OR MORE:   6
MAX 90 OR ABOVE:   9    0.10 INCH OR MORE:   0
MIN 32 OR BELOW:   0    0.50 INCH OR MORE:   0
MIN  0 OR BELOW:   0    1.00 INCH OR MORE:   0

[HDD (BASE 65) ]
TOTAL THIS MO.    54    CLEAR  (SCALE 0-3)  24
DPTR FM NORMAL     M    PTCLDY (SCALE 4-7)   3
TOTAL FM JUL 1  6389    CLOUDY (SCALE 8-10)  1
DPTR FM NORMAL     M

[CDD (BASE 65) ]
TOTAL THIS MO.    78
DPTR FM NORMAL     M    [PRESSURE DATA]
TOTAL FM JAN 1    78    HIGHEST SLP M ON M
DPTR FM NORMAL     M    LOWEST  SLP 29.40 ON 10

[REMARKS]
