935
CXUS55 KBOU 241033
CF6LIC
PRELIMINARY LOCAL CLIMATOLOGICAL DATA (WS FORM: F-6)

                                          STATION:   LIMON CO
                                          MONTH:     MARCH
                                          YEAR:      2017
                                          LATITUDE:   39 10 N
                                          LONGITUDE: 103 42 W

  TEMPERATURE IN F:       :PCPN:    SNOW:  WIND      :SUNSHINE: SKY     :PK WND
================================================================================
1   2   3   4   5  6A  6B    7    8   9   10  11  12  13   14  15   16   17  18
                                     12Z  AVG MX 2MIN
DY MAX MIN AVG DEP HDD CDD  WTR  SNW DPTH SPD SPD DIR MIN PSBL S-S WX    SPD DR
================================================================================

 1  43   3  23   M  42   0 0.00    M    M  5.9 23 300   M    M   0        29 310
 2  50   4  27   M  38   0 0.00    M    M  6.3 17 180   M    M   0        22 250
 3  64   8  36   M  29   0 0.00    M    M  4.6 12 150   M    M   0        17 360
 4  70  11  41   M  24   0 0.00    M    M  8.9 22 280   M    M   0        28 280
 5  68  28  48   M  17   0 0.00    M    M 12.2 24 200   M    M   0        32 200
 6  51  11  31   M  34   0 0.00    M    M 23.3 44 310   M    M   2 8      55 310
 7  50   5  28   M  37   0 0.00    M    M  8.5 26 310   M    M   0        36 270
 8  67  10  39   M  26   0 0.00    M    M  4.6 17 290   M    M   0        23 280
 9  72  21  47   M  18   0 0.00    M    M  8.8 26  50   M    M   0        35  50
10  55  23  39   M  26   0 0.00    M    M 11.1 21 180   M    M   0        26 150
11  53  17  35   M  30   0    T    M    M  9.5 21 350   M    M   4 1      26 340
12  63  20  42   M  23   0    T    M    M 11.8 43 320   M    M   4 18     52 310
13  53  13  33   M  32   0    T    M    M  7.3 20 190   M    M   3 12     25 190
14  68  17  43   M  22   0 0.00    M    M  6.8 17  20   M    M   1        26  20
15  76  20  48   M  17   0 0.00    M    M  9.8 28 330   M    M   0        35 270
16  77  27  52   M  13   0 0.00    M    M  9.0 22 300   M    M   0        28 310
17  69  33  51   M  14   0 0.00    M    M  6.4 16 140   M    M   0        21 140
18  77  22  50   M  15   0 0.00    M    M  6.1 17 140   M    M   0        21 140
19  81  34  58   M   7   0 0.00    M    M  7.0 17 290   M    M   0        22 290
20  79  29  54   M  11   0 0.00    M    M  8.5 26  80   M    M   1        32  80
21  64  29  47   M  18   0 0.00    M    M 12.6 26 150   M    M   3        33 150
22  66  30  48   M  17   0 0.00    M    M 14.9 25 150   M    M   3        32 150
23  76  35  56   M   9   0 0.17    M    M 12.2 44 360   M    M   3 128    58 360
================================================================================
SM 1492  450       519   0  0.17    M    216.1          M       24
================================================================================
AV 64.9 19.6                               9.4 FASTST   M    M   1    MAX(MPH)
                                 MISC ---->  # 44 310               # 58  360
================================================================================
NOTES:
# LAST OF SEVERAL OCCURRENCES

COLUMN 17 PEAK WIND IN M.P.H.

PRELIMINARY LOCAL CLIMATOLOGICAL DATA (WS FORM: F-6) , PAGE 2

                                          STATION:  LIMON CO
                                          MONTH:    MARCH
                                          YEAR:     2017
                                          LATITUDE:   39 10 N
                                          LONGITUDE: 103 42 W

[TEMPERATURE DATA]      [PRECIPITATION DATA]       SYMBOLS USED IN COLUMN 16

AVERAGE MONTHLY: 42.2   TOTAL FOR MONTH:   0.17    1 = FOG OR MIST
DPTR FM NORMAL:     M   DPTR FM NORMAL:       M    2 = FOG REDUCING VISIBILITY
HIGHEST:    81 ON 19    GRTST 24HR  0.17 ON 23-23      TO 1/4 MILE OR LESS
LOWEST:      3 ON  1                               3 = THUNDER
                        SNOW, ICE PELLETS, HAIL    4 = ICE PELLETS
                        TOTAL MONTH:    M          5 = HAIL
                        GRTST 24HR    M  ON   M    6 = FREEZING RAIN OR DRIZZLE
                        GRTST DEPTH:  M  ON   M    7 = DUSTSTORM OR SANDSTORM:
                                                       VSBY 1/2 MILE OR LESS
                                                   8 = SMOKE OR HAZE
[NO. OF DAYS WITH]      [WEATHER - DAYS WITH]      9 = BLOWING SNOW
                                                   X = TORNADO
MAX 32 OR BELOW:   0    0.01 INCH OR MORE:   1
MAX 90 OR ABOVE:   0    0.10 INCH OR MORE:   1
MIN 32 OR BELOW:  20    0.50 INCH OR MORE:   0
MIN  0 OR BELOW:   0    1.00 INCH OR MORE:   0

[HDD (BASE 65) ]
TOTAL THIS MO.   519    CLEAR  (SCALE 0-3)  21
DPTR FM NORMAL     M    PTCLDY (SCALE 4-7)   2
TOTAL FM JUL 1  5188    CLOUDY (SCALE 8-10)  0
DPTR FM NORMAL     M

[CDD (BASE 65) ]
TOTAL THIS MO.     0
DPTR FM NORMAL     M    [PRESSURE DATA]
TOTAL FM JAN 1     0    HIGHEST SLP M ON M
DPTR FM NORMAL     M    LOWEST  SLP 29.24 ON  6

[REMARKS]
