000
CXUS54 KLZK 251430
CF6LIT
PRELIMINARY LOCAL CLIMATOLOGICAL DATA (WS FORM: F-6)

                                          STATION:   Little Rock Adams Field
                                          MONTH:     JANUARY
                                          YEAR:      2015
                                          LATITUDE:   34 43 N
                                          LONGITUDE:  92 14 W

  TEMPERATURE IN F:       :PCPN:    SNOW:  WIND      :SUNSHINE: SKY     :PK WND
================================================================================
1   2   3   4   5  6A  6B    7    8   9   10  11  12  13   14  15   16   17  18
                                     12Z  AVG MX 2MIN
DY MAX MIN AVG DEP HDD CDD  WTR  SNW DPTH SPD SPD DIR MIN PSBL S-S WX    SPD DR
================================================================================

 1  39  35  37  -4  28   0 0.24  0.0    0  2.2  9 130   M    M  10 1      10 130
 2  44  37  41   0  24   0 0.66  0.0    0  6.2 13  80   M    M   8 1      16  80
 3  54  44  49   8  16   0 1.39  0.0    0  7.8 23 260   M    M  10 123    29 270
 4  43  26  35  -6  30   0 0.00  0.0    0 12.0 23 290   M    M   5        30 280
 5  34  22  28 -13  37   0 0.00  0.0    0  6.1 14 360   M    M   2        18 360
 6  55  25  40  -1  25   0 0.00  0.0    0  3.0  9  50   M    M   1        14  40
 7  37  17  27 -14  38   0 0.00  0.0    0 11.1 25 340   M    M   4        36 350
 8  34  10  22 -19  43   0 0.00  0.0    0  6.4 16 190   M    M   2        20 200
 9  40  22  31 -10  34   0 0.00  0.0    0  6.9 15 350   M    M   3        20 320
10  35  19  27 -14  38   0 0.00  0.0    0  4.9 12 140   M    M   5        14 110
11  39  32  36  -5  29   0 0.51  0.0    0  3.9 10  80   M    M  10 16     13  90
12  43  35  39  -2  26   0 0.02  0.0    0  8.9 17  20   M    M  10 1      24  20
13  38  23  31 -10  34   0 0.00  0.0    0  9.1 16  20   M    M   7        22  20
14  40  21  31 -10  34   0 0.00  0.0    0  2.9  9  20   M    M   6        14  50
15  52  32  42   1  23   0    T    T    0  2.5 12 320   M    M   6        15  10
16  61  27  44   3  21   0 0.00  0.0    0  4.2 13 200   M    M   2        16 210
17  66  33  50   9  15   0 0.00  0.0    0  7.3 21 230   M    M   2        26 240
18  68  35  52  11  13   0 0.00  0.0    0  8.6 16 220   M    M   2        23 230
19  68  41  55  14  10   0 0.00  0.0    0  6.0 15 220   M    M   6        20 220
20  68  35  52  11  13   0 0.00  0.0    0  6.0 15  10   M    M   4        20  10
21  60  34  47   6  18   0 0.00  0.0    0  2.2 10  30   M    M   5        14  30
22  51  41  46   5  19   0 0.15  0.0    0 10.1 17  40   M    M  10        23  50
23  50  32  41   0  24   0 0.00  0.0    0  7.4 17  20   M    M   8        22  10
24  63  29  46   5  19   0 0.00  0.0    0  6.3 12 220   M    M   0        15 270
================================================================================
SM 1182  707       611   0  2.97    T    152.0          M      128
================================================================================
AV 49.2 29.5                               6.3 FASTST   M    M   5    MAX(MPH)
                                 MISC ---->  # 25 340               # 36  350
================================================================================
NOTES:
# LAST OF SEVERAL OCCURRENCES

COLUMN 17 PEAK WIND IN M.P.H.

PRELIMINARY LOCAL CLIMATOLOGICAL DATA (WS FORM: F-6) , PAGE 2

                                          STATION:  Little Rock Adams Field
                                          MONTH:    JANUARY
                                          YEAR:     2015
                                          LATITUDE:   34 43 N
                                          LONGITUDE:  92 14 W

[TEMPERATURE DATA]      [PRECIPITATION DATA]       SYMBOLS USED IN COLUMN 16

AVERAGE MONTHLY: 39.4   TOTAL FOR MONTH:   2.97    1 = FOG OR MIST
DPTR FM NORMAL:  -1.6   DPTR FM NORMAL:    0.20    2 = FOG REDUCING VISIBILITY
HIGHEST:    68 ON 20,19 GRTST 24HR  1.98 ON  2- 3      TO 1/4 MILE OR LESS
LOWEST:     10 ON  8                               3 = THUNDER
                        SNOW, ICE PELLETS, HAIL    4 = ICE PELLETS
                        TOTAL MONTH:    T          5 = HAIL
                        GRTST 24HR    T  ON 15-15  6 = FREEZING RAIN OR DRIZZLE
                        GRTST DEPTH:   0           7 = DUSTSTORM OR SANDSTORM:
                                                       VSBY 1/2 MILE OR LESS
                                                   8 = SMOKE OR HAZE
[NO. OF DAYS WITH]      [WEATHER - DAYS WITH]      9 = BLOWING SNOW
                                                   X = TORNADO
MAX 32 OR BELOW:   0    0.01 INCH OR MORE:   6
MAX 90 OR ABOVE:   0    0.10 INCH OR MORE:   5
MIN 32 OR BELOW:  14    0.50 INCH OR MORE:   3
MIN  0 OR BELOW:   0    1.00 INCH OR MORE:   1

[HDD (BASE 65) ]
TOTAL THIS MO.   611    CLEAR  (SCALE 0-3)   7
DPTR FM NORMAL    35    PTCLDY (SCALE 4-7)  11
TOTAL FM JUL 1  1787    CLOUDY (SCALE 8-10)  6
DPTR FM NORMAL    14

[CDD (BASE 65) ]
TOTAL THIS MO.     0
DPTR FM NORMAL     0    [PRESSURE DATA]
TOTAL FM JAN 1     0    HIGHEST SLP M ON M
DPTR FM NORMAL     0    LOWEST  SLP 29.81 ON  3

[REMARKS]
