000
CXUS54 KLZK 281330
CF6LIT
PRELIMINARY LOCAL CLIMATOLOGICAL DATA (WS FORM: F-6)

                                          STATION:   Little Rock Adams Field
                                          MONTH:     MARCH
                                          YEAR:      2015
                                          LATITUDE:   34 43 N
                                          LONGITUDE:  92 14 W

  TEMPERATURE IN F:       :PCPN:    SNOW:  WIND      :SUNSHINE: SKY     :PK WND
================================================================================
1   2   3   4   5  6A  6B    7    8   9   10  11  12  13   14  15   16   17  18
                                     12Z  AVG MX 2MIN
DY MAX MIN AVG DEP HDD CDD  WTR  SNW DPTH SPD SPD DIR MIN PSBL S-S WX    SPD DR
================================================================================

 1  42  28  35 -14  30   0 0.19  0.0    0  5.3 12  10   M    M   8 16     14  10
 2  40  34  37 -12  28   0 0.01  0.0    0  9.6 18  50   M    M  10 1      23  40
 3  57  35  46  -3  19   0 0.17  0.0    0  4.1 14 210   M    M  10 12     16 210
 4  53  25  39 -11  26   0 2.12  3.2    0 11.4 23 360   M    M  10 1249   33  10
 5  38  20  29 -21  36   0 0.23  2.5    5  9.8 23 340   M    M   4 19     30  10
 6  38  17  28 -22  37   0 0.00  0.0    3  3.1 12 120   M    M   0        13 130
 7  60  28  44  -7  21   0 0.00  0.0    1  5.5 14 230   M    M   4        17 230
 8  50  33  42  -9  23   0 0.22  0.0    0  4.3 17 220   M    M   9 1      22 210
 9  50  44  47  -4  18   0 0.70  0.0    0  6.8 16  60   M    M  10 2      18  90
10  58  48  53   1  12   0 0.15  0.0    0  4.2 10 310   M    M  10 18     14 310
11  69  52  61   9   4   0 0.00  0.0    0  5.1 14 110   M    M   8        17 110
12  57  51  54   2  11   0 1.27  0.0    0  6.8 13  40   M    M  10 1      16  40
13  66  57  62  10   3   0 1.31  0.0    0  5.5 21 140   M    M   9 12     28 160
14  64  57  61   8   4   0 0.02  0.0    0  5.5 13  40   M    M  10 1      16  40
15  72  51  62   9   3   0 0.00  0.0    0  5.4 13  60   M    M   5        15  50
16  74  48  61   8   4   0 0.00  0.0    0  6.0 17 220   M    M   5 12     21 220
17  83  52  68  14   0   3 0.00  0.0    0  8.5 22  60   M    M   6 1      26  70
18  57  33  45  -9  20   0 0.44  0.0    0  9.9 23  60   M    M  10 1      28  60
19  53  43  48  -6  17   0 0.00  0.0    M  4.6 10  50   M    M  10 1      12  40
20  65  49  57   2   8   0 0.37  0.0    0  4.3 10  20   M    M   9 18     21 150
21  59  49  54  -1  11   0    T  0.0    0  2.6  8 200   M    M  10        10 190
22  61  50  56   1   9   0 0.64  0.0    0  6.8 17  60   M    M   9 1      21  30
23  74  47  61   6   4   0 0.00  0.0    0  3.5 10 170   M    M   1        13 170
24  80  52  66  10   0   1 0.00  0.0    0  9.6 20 180   M    M   4        25 200
25  81  56  69  13   0   4 0.00  0.0    0  9.0 21 150   M    M   6        28 140
26  69  43  56   0   9   0 0.20  0.0    0  8.8 22 350   M    M   7 13     29  10
27  58  41  50  -7  15   0    T  0.0    0  6.0 18 350   M    M   7        33 340
================================================================================
SM 1628 1143       372   8  8.04     5.7 172.0          M      201
================================================================================
AV 60.3 42.3                               6.4 FASTST   M    M   7    MAX(MPH)
                                 MISC ---->  # 23 360               # 33   10
================================================================================
NOTES:
# LAST OF SEVERAL OCCURRENCES

COLUMN 17 PEAK WIND IN M.P.H.

PRELIMINARY LOCAL CLIMATOLOGICAL DATA (WS FORM: F-6) , PAGE 2

                                          STATION:  Little Rock Adams Field
                                          MONTH:    MARCH
                                          YEAR:     2015
                                          LATITUDE:   34 43 N
                                          LONGITUDE:  92 14 W

[TEMPERATURE DATA]      [PRECIPITATION DATA]       SYMBOLS USED IN COLUMN 16

AVERAGE MONTHLY: 51.3   TOTAL FOR MONTH:   8.04    1 = FOG OR MIST
DPTR FM NORMAL:  -1.4   DPTR FM NORMAL:    4.01    2 = FOG REDUCING VISIBILITY
HIGHEST:    83 ON 17    GRTST 24HR  2.12 ON  4- 4      TO 1/4 MILE OR LESS
LOWEST:     17 ON  6                               3 = THUNDER
                        SNOW, ICE PELLETS, HAIL    4 = ICE PELLETS
                        TOTAL MONTH:   5.7 INCHES  5 = HAIL
                        GRTST 24HR   3.2 ON   M    6 = FREEZING RAIN OR DRIZZLE
                        GRTST DEPTH:   5 ON  5     7 = DUSTSTORM OR SANDSTORM:
                                                       VSBY 1/2 MILE OR LESS
                                                   8 = SMOKE OR HAZE
[NO. OF DAYS WITH]      [WEATHER - DAYS WITH]      9 = BLOWING SNOW
                                                   X = TORNADO
MAX 32 OR BELOW:   0    0.01 INCH OR MORE:  15
MAX 90 OR ABOVE:   0    0.10 INCH OR MORE:  13
MIN 32 OR BELOW:   5    0.50 INCH OR MORE:   5
MIN  0 OR BELOW:   0    1.00 INCH OR MORE:   3

[HDD (BASE 65) ]
TOTAL THIS MO.   372    CLEAR  (SCALE 0-3)   2
DPTR FM NORMAL    32    PTCLDY (SCALE 4-7)   9
TOTAL FM JUL 1  3018    CLOUDY (SCALE 8-10) 16
DPTR FM NORMAL   165

[CDD (BASE 65) ]
TOTAL THIS MO.     8
DPTR FM NORMAL     1    [PRESSURE DATA]
TOTAL FM JAN 1     8    HIGHEST SLP M ON M
DPTR FM NORMAL    -1    LOWEST  SLP 29.81 ON 25

[REMARKS]
