000
CXUS54 KLZK 201130
CF6LLQ
PRELIMINARY LOCAL CLIMATOLOGICAL DATA (WS FORM: F-6)

                                          STATION:   Monticello
                                          MONTH:     FEBRUARY
                                          YEAR:      2018
                                          LATITUDE:   33 37 N
                                          LONGITUDE:  91 45 W

  TEMPERATURE IN F:       :PCPN:    SNOW:  WIND      :SUNSHINE: SKY     :PK WND
================================================================================
1   2   3   4   5  6A  6B    7    8   9   10  11  12  13   14  15   16   17  18
                                     12Z  AVG MX 2MIN
DY MAX MIN AVG DEP HDD CDD  WTR  SNW DPTH SPD SPD DIR MIN PSBL S-S WX    SPD DR
================================================================================

 1  62  41  52   7  13   0 0.02    M    0  7.5 18  50   M    M   5 18     26  30
 2  43  30  37  -8  28   0 0.00  0.0    0  7.9 18  40   M    M   1        27  50
 3  49  25  37  -8  28   0 0.15    M    0  5.3 13 140   M    M   5 1      19 150
 4  62  36  49   4  16   0 0.06    M    0  4.0 14  20   M    M   6 1      22  20
 5  51  30  41  -5  24   0 0.00  0.0    0  6.2 17  50   M    M   5        23  50
 6  47  38  43  -3  22   0 1.94  0.0    0  8.0 18  50   M    M  10 138    22  50
 7  39  30  35 -11  30   0 0.75    T    0  6.6 14 320   M    M   7 134    21  40
 8  54  27  41  -5  24   0 0.00  0.0    0  3.8 10  40   M    M   0 1      13  50
 9  66  32  49   3  16   0 0.30  0.0    0  5.4 14 190   M    M   7 1      18 190
10  64  45  55   8  10   0 2.01  0.0    0  4.9 10  40   M    M  10 13     14  40
11  46  34  40  -7  25   0 0.02  0.0    0  5.2 10  10   M    M  10 1      17  10
12  39  31  35 -12  30   0 0.00  0.0    0  8.6 17  40   M    M  10        22  40
13  46  33  40  -7  25   0 0.15    M    0  4.5  9  60   M    M  10 18     12  60
14  68  46  57   9   8   0 1.98    M    0  5.7 24 200   M    M  10 123    36 180
15  78  66  72  24   0   7 0.00  0.0    0 12.5 22 200   M    M   6        32 200
16  68  46  57   9   8   0 0.02    M    0  9.7 18  40   M    M   8 1      27  40
17  49  41  45  -3  20   0 0.19    M    0  3.3 15 310   M    M  10 12     21 290
18  61  41  51   3  14   0 0.02    M    0  6.1 17 150   M    M   8 1      27 150
19  80  59  70  21   0   5 0.00  0.0    0  9.7 22 190   M    M   5 1      30 190
================================================================================
SM 1072  731       341  12  7.61    T    124.9          M      133
================================================================================
AV 56.4 38.5                               6.6 FASTST   M    M   7    MAX(MPH)
                                 MISC ---->  # 24 200               # 36  180
================================================================================
NOTES:
# LAST OF SEVERAL OCCURRENCES

COLUMN 17 PEAK WIND IN M.P.H.

PRELIMINARY LOCAL CLIMATOLOGICAL DATA (WS FORM: F-6) , PAGE 2

                                          STATION:  Monticello
                                          MONTH:    FEBRUARY
                                          YEAR:     2018
                                          LATITUDE:   33 37 N
                                          LONGITUDE:  91 45 W

[TEMPERATURE DATA]      [PRECIPITATION DATA]       SYMBOLS USED IN COLUMN 16

AVERAGE MONTHLY: 47.5   TOTAL FOR MONTH:   7.61    1 = FOG OR MIST
DPTR FM NORMAL:   0.8   DPTR FM NORMAL:    4.27    2 = FOG REDUCING VISIBILITY
HIGHEST:    80 ON 19    GRTST 24HR  2.01 ON 10-10      TO 1/4 MILE OR LESS
LOWEST:     25 ON  3                               3 = THUNDER
                        SNOW, ICE PELLETS, HAIL    4 = ICE PELLETS
                        TOTAL MONTH:    T          5 = HAIL
                        GRTST 24HR    T  ON  7- 7  6 = FREEZING RAIN OR DRIZZLE
                        GRTST DEPTH:   0           7 = DUSTSTORM OR SANDSTORM:
                                                       VSBY 1/2 MILE OR LESS
                                                   8 = SMOKE OR HAZE
[NO. OF DAYS WITH]      [WEATHER - DAYS WITH]      9 = BLOWING SNOW
                                                   X = TORNADO
MAX 32 OR BELOW:   0    0.01 INCH OR MORE:  13
MAX 90 OR ABOVE:   0    0.10 INCH OR MORE:   8
MIN 32 OR BELOW:   7    0.50 INCH OR MORE:   4
MIN  0 OR BELOW:   0    1.00 INCH OR MORE:   3

[HDD (BASE 65) ]
TOTAL THIS MO.   341    CLEAR  (SCALE 0-3)   2
DPTR FM NORMAL    -9    PTCLDY (SCALE 4-7)  10
TOTAL FM JUL 1  2095    CLOUDY (SCALE 8-10)  7
DPTR FM NORMAL     3

[CDD (BASE 65) ]
TOTAL THIS MO.    12
DPTR FM NORMAL    12    [PRESSURE DATA]
TOTAL FM JAN 1    12    HIGHEST SLP M ON M
DPTR FM NORMAL    11    LOWEST  SLP 29.79 ON 15

[REMARKS]
ALL SNOWFALL DATA IS FROM THE UNIVERSITY OF ARKANSAS AT MONTICELLO COOPERATIVE OBSERVER SITE
