000
CXUS56 KMFR 211000
CF6LMT
PRELIMINARY LOCAL CLIMATOLOGICAL DATA (WS FORM: F-6)

                                          STATION:   KLAMATH FALLS OR
                                          MONTH:     APRIL
                                          YEAR:      2014
                                          LATITUDE:   42  9 N
                                          LONGITUDE: 121 44 W

  TEMPERATURE IN F:       :PCPN:    SNOW:  WIND      :SUNSHINE: SKY     :PK WND
================================================================================
1   2   3   4   5  6A  6B    7    8   9   10  11  12  13   14  15   16   17  18
                                     12Z  AVG MX 2MIN
DY MAX MIN AVG DEP HDD CDD  WTR  SNW DPTH SPD SPD DIR MIN PSBL S-S WX    SPD DR
================================================================================

 1  43  21  32  -8  33   0    T    M    M  5.0 16 170   M    M   4 1      19 150
 2  54  23  39  -1  26   0    T    M    M  4.5 17 260   M    M   3 1      20 340
 3  50  26  38  -2  27   0 0.01    M    M  7.4 25 190   M    M   6        29 190
 4  47  34  41   1  24   0 0.07    M    M  4.9 21 280   M    M   8 1      23 280
 5  53  29  41   0  24   0    T    M    M  6.2 17 290   M    M   8        21 280
 6  61  33  47   6  18   0    T    M    M  5.9 15 340   M    M   5        20 280
 7  72  27  50   9  15   0 0.00    M    M  3.2 13 280   M    M   0 1      20 270
 8  72  32  52  11  13   0 0.00    M    M  4.4 17 280   M    M   0 8      21 270
 9  69  33  51  10  14   0 0.00    M    M  7.0 21 280   M    M   0        28 280
10  71  29  50   8  15   0 0.00    M    M  4.0 16 330   M    M   0 12     18 270
11  73  31  52  10  13   0 0.00    M    M  4.6 17 320   M    M   0        21 320
12  70  32  51   9  14   0 0.00    M    M  8.3 24 340   M    M   0        30 340
13  65  32  49   7  16   0 0.00    M    M  7.3 15  70   M    M   0        19  80
14  71  24  48   6  17   0 0.00    M    M  4.5 21 330   M    M   0        25 330
15  64  36  50   7  15   0 0.00    M    M  8.5 21 330   M    M   2        24 340
16  64  29  47   4  18   0 0.00    M    M  4.7 16 320   M    M   1        19 320
17  64  31  48   5  17   0    T    M    M  6.8 29 290   M    M   4 1      33 290
18  64  22  43  -1  22   0 0.00    M    M  3.8 12 250   M    M   2 12     16 290
19  65  24  45   1  20   0 0.00    M    M  8.2 30 300   M    M   0 18     38 250
20  68  24  46   2  19   0 0.00    M    M  1.7  9 160   M    M   1 12     13 150
================================================================================
SM 1260  572       380   0  0.08    M    110.9          M       44
================================================================================
AV 63.0 28.6                               5.5 FASTST   M    M   2    MAX(MPH)
                                 MISC ---->  # 30 300               # 38  250
================================================================================
NOTES:
# LAST OF SEVERAL OCCURRENCES

COLUMN 17 PEAK WIND IN M.P.H.

PRELIMINARY LOCAL CLIMATOLOGICAL DATA (WS FORM: F-6) , PAGE 2

                                          STATION:  KLAMATH FALLS OR
                                          MONTH:    APRIL
                                          YEAR:     2014
                                          LATITUDE:   42  9 N
                                          LONGITUDE: 121 44 W

[TEMPERATURE DATA]      [PRECIPITATION DATA]       SYMBOLS USED IN COLUMN 16

AVERAGE MONTHLY: 45.8   TOTAL FOR MONTH:   0.08    1 = FOG OR MIST
DPTR FM NORMAL:   4.0   DPTR FM NORMAL:   -0.72    2 = FOG REDUCING VISIBILITY
HIGHEST:    73 ON 11    GRTST 24HR  0.08 ON  3- 4      TO 1/4 MILE OR LESS
LOWEST:     21 ON  1                               3 = THUNDER
                        SNOW, ICE PELLETS, HAIL    4 = ICE PELLETS
                        TOTAL MONTH:    M          5 = HAIL
                        GRTST 24HR    M  ON   M    6 = FREEZING RAIN OR DRIZZLE
                        GRTST DEPTH:  M  ON   M    7 = DUSTSTORM OR SANDSTORM:
                                                       VSBY 1/2 MILE OR LESS
                                                   8 = SMOKE OR HAZE
[NO. OF DAYS WITH]      [WEATHER - DAYS WITH]      9 = BLOWING SNOW
                                                   X = TORNADO
MAX 32 OR BELOW:   0    0.01 INCH OR MORE:   2
MAX 90 OR ABOVE:   0    0.10 INCH OR MORE:   0
MIN 32 OR BELOW:  16    0.50 INCH OR MORE:   0
MIN  0 OR BELOW:   0    1.00 INCH OR MORE:   0

[HDD (BASE 65) ]
TOTAL THIS MO.   380    CLEAR  (SCALE 0-3)  14
DPTR FM NORMAL   -84    PTCLDY (SCALE 4-7)   6
TOTAL FM JUL 1  5877    CLOUDY (SCALE 8-10)  0
DPTR FM NORMAL  -249

[CDD (BASE 65) ]
TOTAL THIS MO.     0
DPTR FM NORMAL     0    [PRESSURE DATA]
TOTAL FM JAN 1     0    HIGHEST SLP M ON M
DPTR FM NORMAL     0    LOWEST  SLP  0.00 ON  1

[REMARKS]
