000
CXUS56 KMFR 011000
CF6LMT
PRELIMINARY LOCAL CLIMATOLOGICAL DATA (WS FORM: F-6)

                                          STATION:   KLAMATH FALLS OR
                                          MONTH:     SEPTEMBER
                                          YEAR:      2016
                                          LATITUDE:   42  9 N
                                          LONGITUDE: 121 44 W

  TEMPERATURE IN F:       :PCPN:    SNOW:  WIND      :SUNSHINE: SKY     :PK WND
================================================================================
1   2   3   4   5  6A  6B    7    8   9   10  11  12  13   14  15   16   17  18
                                     12Z  AVG MX 2MIN
DY MAX MIN AVG DEP HDD CDD  WTR  SNW DPTH SPD SPD DIR MIN PSBL S-S WX    SPD DR
================================================================================

 1  74  40  57  -5   8   0 0.00    M    M  5.3 22 300   M    M   1 18     28 270
 2  70  40  55  -6  10   0 0.00    M    M  4.7 20 320   M    M   0        24 320
 3  71  33  52  -9  13   0 0.00    M    M  5.9 21 320   M    M   1        24 330
 4  66  36  51 -10  14   0 0.00    M    M  5.4 16 270   M    M   1        19 290
 5  71  31  51  -9  14   0 0.00    M    M  3.8 14 330   M    M   0 8      19 290
 6  72  32  52  -8  13   0    T    M    M  6.0 24 330   M    M   1        29 330
 7  77  35  56  -4   9   0 0.00    M    M  4.2 12 280   M    M   0 18     14 340
 8  83  37  60   0   5   0 0.00    M    M  4.1 17 330   M    M   0 18     21 320
 9  81  45  63   4   2   0 0.00    M    M  5.0 13 330   M    M   0 8      15 350
10  87  39  63   4   2   0 0.00    M    M  3.7 16 320   M    M   0        18 320
11  80  37  59   0   6   0 0.00    M    M  6.9 23 290   M    M   0 18     28 270
12  68  42  55  -4  10   0 0.00    M    M 11.5 22  50   M    M   0        32  30
13  69  36  53  -5  12   0 0.00    M    M  4.6 20  60   M    M   0        26  60
14  73  30  52  -6  13   0 0.00    M    M  4.4 13 320   M    M   0        17 340
15  75  31  53  -5  12   0 0.00    M    M  2.0  9 340   M    M   0        15 180
16  80  34  57   0   8   0 0.00    M    M  2.9  9 220   M    M   0 8      11 320
17  83  40  62   5   3   0 0.00    M    M  6.5 20 280   M    M   0        24 300
18  81  44  63   6   2   0 0.00    M    M  7.0 20 320   M    M   1        26 320
19  80  40  60   4   5   0 0.00    M    M  5.6 22 330   M    M   0        27 330
20  74  37  56   0   9   0 0.00    M    M  6.9 21 290   M    M   2 8      27 290
21  65  38  52  -4  13   0    T    M    M  8.2 25 260   M    M   3        33 260
22  58  34  46 -10  19   0 0.12    M    M 11.4 29 320   M    M   6 1      34 310
23  59  26  43 -12  22   0    T    M    M  3.6 13 280   M    M   6 12     16 270
24  71  34  53  -2  12   0 0.00    M    M  2.1  8 340   M    M   5 12     12  90
25  83  34  59   4   6   0 0.00    M    M  3.0 10  60   M    M   0        12 340
26  86  40  63   9   2   0 0.00    M    M  2.8 12 150   M    M   0        15 150
27  86  39  63   9   2   0 0.00    M    M  2.3 12 330   M    M   0        15 270
28  85  40  63   9   2   0 0.00    M    M  3.5 13 320   M    M   0        15 300
29  81  39  60   7   5   0 0.00    M    M  7.5 24 190   M    M   0 1      30 160
30  70  32  51  -2  14   0 0.00    M    M 11.7 26 210   M    M   0        35 170
================================================================================
SM 2259 1095       267   0  0.12    M    162.5          M       27
================================================================================
AV 75.3 36.5                               5.4 FASTST   M    M   1    MAX(MPH)
                                 MISC ---->  # 29 320               # 35  170
================================================================================
NOTES:
# LAST OF SEVERAL OCCURRENCES

COLUMN 17 PEAK WIND IN M.P.H.

PRELIMINARY LOCAL CLIMATOLOGICAL DATA (WS FORM: F-6) , PAGE 2

                                          STATION:  KLAMATH FALLS OR
                                          MONTH:    SEPTEMBER
                                          YEAR:     2016
                                          LATITUDE:   42  9 N
                                          LONGITUDE: 121 44 W

[TEMPERATURE DATA]      [PRECIPITATION DATA]       SYMBOLS USED IN COLUMN 16

AVERAGE MONTHLY: 55.9   TOTAL FOR MONTH:   0.12    1 = FOG OR MIST
DPTR FM NORMAL:  -1.5   DPTR FM NORMAL:   -0.41    2 = FOG REDUCING VISIBILITY
HIGHEST:    87 ON 10    GRTST 24HR  0.12 ON 22-22      TO 1/4 MILE OR LESS
LOWEST:     26 ON 23                               3 = THUNDER
                        SNOW, ICE PELLETS, HAIL    4 = ICE PELLETS
                        TOTAL MONTH:    M          5 = HAIL
                        GRTST 24HR    M  ON   M    6 = FREEZING RAIN OR DRIZZLE
                        GRTST DEPTH:  M  ON   M    7 = DUSTSTORM OR SANDSTORM:
                                                       VSBY 1/2 MILE OR LESS
                                                   8 = SMOKE OR HAZE
[NO. OF DAYS WITH]      [WEATHER - DAYS WITH]      9 = BLOWING SNOW
                                                   X = TORNADO
MAX 32 OR BELOW:   0    0.01 INCH OR MORE:   1
MAX 90 OR ABOVE:   0    0.10 INCH OR MORE:   1
MIN 32 OR BELOW:   6    0.50 INCH OR MORE:   0
MIN  0 OR BELOW:   0    1.00 INCH OR MORE:   0

[HDD (BASE 65) ]
TOTAL THIS MO.   267    CLEAR  (SCALE 0-3)  27
DPTR FM NORMAL    30    PTCLDY (SCALE 4-7)   3
TOTAL FM JUL 1   374    CLOUDY (SCALE 8-10)  0
DPTR FM NORMAL    18

[CDD (BASE 65) ]
TOTAL THIS MO.     0
DPTR FM NORMAL   -10    [PRESSURE DATA]
TOTAL FM JAN 1   215    HIGHEST SLP M ON M
DPTR FM NORMAL    46    LOWEST  SLP  0.00 ON  3

[REMARKS]
#FINAL-09-16#
