000
CXUS53 KLMK 011436
CF6LOU
PRELIMINARY LOCAL CLIMATOLOGICAL DATA (WS FORM: F-6)

                                          STATION:   LOUISVILLE BOWMAN KY
                                          MONTH:     JULY
                                          YEAR:      2015
                                          LATITUDE:   38 13 N
                                          LONGITUDE:  85 40 W

  TEMPERATURE IN F:       :PCPN:    SNOW:  WIND      :SUNSHINE: SKY     :PK WND
================================================================================
1   2   3   4   5  6A  6B    7    8   9   10  11  12  13   14  15   16   17  18
                                     12Z  AVG MX 2MIN
DY MAX MIN AVG DEP HDD CDD  WTR  SNW DPTH SPD SPD DIR MIN PSBL S-S WX    SPD DR
================================================================================

 1  79  66  73  -5   0   8 0.08    M    M  2.3 14 230   M    M   5 138    19 230
 2  80  70  75  -3   0  10 0.85    M    M  4.1 13 230   M    M   9 13     17 230
 3  79  70  75  -3   0  10 0.53    M    M  3.3 17  20   M    M   8 138    26 360
 4  84  69  77  -1   0  12 0.00    M    M  3.5  8 330   M    M   8 18     11 330
 5  81  68  75  -3   0  10 0.00    M    M  2.5  8  40   M    M   1 18     11  60
 6  86  63  75  -3   0  10 0.00    M    M  4.2 13 200   M    M   2 18     19 220
 7  79  73  76  -2   0  11 0.58    M    M  6.3 15 230   M    M   7 1      23 220
 8  82  68  75  -3   0  10 0.11    M    M  4.2 12 220   M    M   8 1      18 230
 9  82  73  78   0   0  13 0.25    M    M  8.5 18 260   M    M   5 18     24 250
10  82  69  76  -2   0  11 0.95    M    M  4.4 15 310   M    M   8 138    20 320
11  86  65  76  -2   0  11 0.00    M    M  2.3  8 140   M    M   2 1      11 290
12  90  70  80   2   0  15 1.95    M    M  7.4 22 360   M    M   3 13     35 280
13  90  71  81   3   0  16 0.67    M    M  5.1 24  20   M    M   2 13     34  20
14  93  69  81   3   0  16 1.33    M    M  9.2 23 270   M    M   4 138    37  10
15  83  68  76  -2   0  11 0.00    M    M  4.9 10 360   M    M   5        14 350
16  86  69  78   0   0  13 0.00    M    M  4.3 10 150   M    M   2        13 140
17  91  69  80   2   0  15 0.77    M    M  6.8 33 360   M    M   3 13     47 350
18  93  70  82   4   0  17 1.10    M    M  5.3 16 250   M    M   2 13     23 260
19  93  77  85   7   0  20 0.00    M    M  4.8 16 310   M    M   0 3      19 310
20  86  75  81   3   0  16 0.02    M    M  4.0 15 230   M    M   4 13     22 230
21  89  74  82   4   0  17    T    M    M  6.5 13 310   M    M   4        16 300
22  85  66  76  -2   0  11 0.00    M    M  4.1 12 360   M    M   0        15 300
23  87  68  78   0   0  13 0.00    M    M  4.8 12  10   M    M   5        16 350
24  88  65  77  -1   0  12 0.00    M    M  3.2 12  60   M    M   1        19  60
25  90  66  78   0   0  13 0.00    M    M  2.1 10 120   M    M   0        13 110
26  90  71  81   3   0  16 0.00    M    M  3.1 10 260   M    M   1        16 240
27  89  77  83   5   0  18    T    M    M  3.7 13 280   M    M   5 18     16 300
28  95  77  86   8   0  21    T    M    M  3.6 10 250   M    M   3 138    15 340
29  94  76  85   7   0  20 0.05    M    M  3.8 23 330   M    M   2 3      40 330
30  89  69  79   1   0  14 0.00    M    M  5.6 16 300   M    M   1 8      22 310
31  91  65  78   0   0  13 0.00    M    M  3.7 15 310   M    M   0        20 300
================================================================================
SM 2692 2166         0 423  9.24    M    141.6          M      110
================================================================================
AV 86.8 69.9                               4.6 FASTST   M    M   4    MAX(MPH)
                                 MISC ---->  # 33 360               # 47  350
================================================================================
NOTES:
# LAST OF SEVERAL OCCURRENCES

COLUMN 17 PEAK WIND IN M.P.H.

PRELIMINARY LOCAL CLIMATOLOGICAL DATA (WS FORM: F-6) , PAGE 2

                                          STATION:  LOUISVILLE BOWMAN KY
                                          MONTH:    JULY
                                          YEAR:     2015
                                          LATITUDE:   38 13 N
                                          LONGITUDE:  85 40 W

[TEMPERATURE DATA]      [PRECIPITATION DATA]       SYMBOLS USED IN COLUMN 16

AVERAGE MONTHLY: 78.4   TOTAL FOR MONTH:   9.24    1 = FOG OR MIST
DPTR FM NORMAL:   0.6   DPTR FM NORMAL:    5.07    2 = FOG REDUCING VISIBILITY
HIGHEST:    95 ON 28    GRTST 24HR  1.95 ON 12-12      TO 1/4 MILE OR LESS
LOWEST:     63 ON  6                               3 = THUNDER
                        SNOW, ICE PELLETS, HAIL    4 = ICE PELLETS
                        TOTAL MONTH:    M          5 = HAIL
                        GRTST 24HR    M  ON   M    6 = FREEZING RAIN OR DRIZZLE
                        GRTST DEPTH:  M  ON   M    7 = DUSTSTORM OR SANDSTORM:
                                                       VSBY 1/2 MILE OR LESS
                                                   8 = SMOKE OR HAZE
[NO. OF DAYS WITH]      [WEATHER - DAYS WITH]      9 = BLOWING SNOW
                                                   X = TORNADO
MAX 32 OR BELOW:   0    0.01 INCH OR MORE:  14
MAX 90 OR ABOVE:  11    0.10 INCH OR MORE:  11
MIN 32 OR BELOW:   0    0.50 INCH OR MORE:   9
MIN  0 OR BELOW:   0    1.00 INCH OR MORE:   3

[HDD (BASE 65) ]
TOTAL THIS MO.     0    CLEAR  (SCALE 0-3)  16
DPTR FM NORMAL     0    PTCLDY (SCALE 4-7)  14
TOTAL FM JUL 1     0    CLOUDY (SCALE 8-10)  1
DPTR FM NORMAL     0

[CDD (BASE 65) ]
TOTAL THIS MO.   423
DPTR FM NORMAL    25    [PRESSURE DATA]
TOTAL FM JAN 1   977    HIGHEST SLP 30.19 ON 11
DPTR FM NORMAL   127    LOWEST  SLP 29.59 ON 14

[REMARKS]
#FINAL-07-15#
