000
CXUS55 KJKL 281000
CF6LOZ
PRELIMINARY LOCAL CLIMATOLOGICAL DATA (WS FORM: F-6)

                                          STATION:   LONDON KY
                                          MONTH:     MARCH
                                          YEAR:      2017
                                          LATITUDE:   37  4 N
                                          LONGITUDE:  84  5 W

  TEMPERATURE IN F:       :PCPN:    SNOW:  WIND      :SUNSHINE: SKY     :PK WND
================================================================================
1   2   3   4   5  6A  6B    7    8   9   10  11  12  13   14  15   16   17  18
                                     12Z  AVG MX 2MIN
DY MAX MIN AVG DEP HDD CDD  WTR  SNW DPTH SPD SPD DIR MIN PSBL S-S WX    SPD DR
================================================================================

 1  66  41  54  11  11   0 0.77    M    M 13.7 33 300   M    M   7 13     50 310
 2  49  32  41  -3  24   0 0.00    M    M  8.8 21 280   M    M   1        27 260
 3  42  26  34 -10  31   0 0.01    M    M  7.9 20 290   M    M   5        28 330
 4  59  22  41  -3  24   0 0.00    M    M  2.2 12 300   M    M   1        16 240
 5  68  29  49   5  16   0 0.00    M    M  3.8 18 220   M    M   2 8      24 220
 6  64  50  57  12   8   0    T    M    M  8.6 21 190   M    M   7        27 170
 7  61  47  54   9  11   0 1.05    M    M  9.6 16 180   M    M   8 1      28 180
 8  62  33  48   3  17   0 0.00    M    M  6.2 25 250   M    M   0 1      31 270
 9  70  32  51   6  14   0 0.00    M    M  4.9 17 250   M    M   0        25 250
10  59  34  47   1  18   0 0.34    M    M 11.6 23 320   M    M   4 13     29 330
11  40  28  34 -12  31   0 0.00    M    M  5.8 12 360   M    M   3        16 350
12  46  25  36 -10  29   0 0.00    M    M  5.1 13  30   M    M   0        17  60
13  56  27  42  -4  23   0 0.32    M    M  5.8 21 180   M    M   4 1      24 190
14  36  22  29 -18  36   0    T    M    M 11.2 22 360   M    M   9 18     29 350
15  33  17  25 -22  40   0 0.00    M    M  9.1 18 300   M    M   4        28 340
16  45  16  31 -16  34   0 0.00    M    M  2.5 13 300   M    M   0        17 250
17  49  24  37 -11  28   0 0.66    M    M  5.0 15 190   M    M   9 13     21 180
18  60  39  50   2  15   0 0.03    M    M 10.0 28 280   M    M   8 128    35 280
19  53  35  44  -4  21   0 0.00    M    M  4.4 13  20   M    M   5        15  10
20  64  31  48   0  17   0 0.03    M    M  3.2 17  40   M    M   3        22  20
21  73  47  60  11   5   0 0.00    M    M  5.3 16  10   M    M   5        24  10
22  52  35  44  -5  21   0 0.00    M    M 10.3 17 360   M    M   0        24 360
23  66  32  49   0  16   0 0.00    M    M  6.2 14 210   M    M   1        17 200
24  74  54  64  14   1   0 0.00    M    M  9.6 21 190   M    M   2        26 190
25  75  57  66  16   0   1 0.00    M    M  7.3 18 180   M    M   1        25 160
26  66  55  61  11   4   0 0.79    M    M  5.8 18 180   M    M   8 1      23 170
27  74  49  62  11   3   0 0.50    M    M  4.2 24 270   M    M   3 13     31 260
================================================================================
SM 1562  939       498   1  4.50    M    188.1          M      100
================================================================================
AV 57.9 34.8                               7.0 FASTST   M    M   4    MAX(MPH)
                                 MISC ---->  # 33 300               # 50  310
================================================================================
NOTES:
# LAST OF SEVERAL OCCURRENCES

COLUMN 17 PEAK WIND IN M.P.H.

PRELIMINARY LOCAL CLIMATOLOGICAL DATA (WS FORM: F-6) , PAGE 2

                                          STATION:  LONDON KY
                                          MONTH:    MARCH
                                          YEAR:     2017
                                          LATITUDE:   37  4 N
                                          LONGITUDE:  84  5 W

[TEMPERATURE DATA]      [PRECIPITATION DATA]       SYMBOLS USED IN COLUMN 16

AVERAGE MONTHLY: 46.3   TOTAL FOR MONTH:   4.50    1 = FOG OR MIST
DPTR FM NORMAL:  -0.5   DPTR FM NORMAL:    0.98    2 = FOG REDUCING VISIBILITY
HIGHEST:    75 ON 25    GRTST 24HR  1.05 ON  7- 7      TO 1/4 MILE OR LESS
LOWEST:     16 ON 16                               3 = THUNDER
                        SNOW, ICE PELLETS, HAIL    4 = ICE PELLETS
                        TOTAL MONTH:    M          5 = HAIL
                        GRTST 24HR    M  ON   M    6 = FREEZING RAIN OR DRIZZLE
                        GRTST DEPTH:  M  ON   M    7 = DUSTSTORM OR SANDSTORM:
                                                       VSBY 1/2 MILE OR LESS
                                                   8 = SMOKE OR HAZE
[NO. OF DAYS WITH]      [WEATHER - DAYS WITH]      9 = BLOWING SNOW
                                                   X = TORNADO
MAX 32 OR BELOW:   0    0.01 INCH OR MORE:  10
MAX 90 OR ABOVE:   0    0.10 INCH OR MORE:   7
MIN 32 OR BELOW:  14    0.50 INCH OR MORE:   5
MIN  0 OR BELOW:   0    1.00 INCH OR MORE:   1

[HDD (BASE 65) ]
TOTAL THIS MO.   498    CLEAR  (SCALE 0-3)  13
DPTR FM NORMAL     5    PTCLDY (SCALE 4-7)  12
TOTAL FM JUL 1  3093    CLOUDY (SCALE 8-10)  2
DPTR FM NORMAL  -676

[CDD (BASE 65) ]
TOTAL THIS MO.     1
DPTR FM NORMAL     1    [PRESSURE DATA]
TOTAL FM JAN 1     1    HIGHEST SLP M ON M
DPTR FM NORMAL     1    LOWEST  SLP 29.64 ON  1

[REMARKS]
