000
CXUS54 KEPZ 291200
CF6LRU
PRELIMINARY LOCAL CLIMATOLOGICAL DATA (WS FORM: F-6)

                                          STATION:   LAS CRUCES
                                          MONTH:     JULY
                                          YEAR:      2015
                                          LATITUDE:   32 17 N
                                          LONGITUDE: 106 46 W

  TEMPERATURE IN F:       :PCPN:    SNOW:  WIND      :SUNSHINE: SKY     :PK WND
================================================================================
1   2   3   4   5  6A  6B    7    8   9   10  11  12  13   14  15   16   17  18
                                     12Z  AVG MX 2MIN
DY MAX MIN AVG DEP HDD CDD  WTR  SNW DPTH SPD SPD DIR MIN PSBL S-S WX    SPD DR
================================================================================

 1  95  64  80   M   0  15 0.00  0.0    0  4.0  8 100   M    M   0         M  M
 2 100  64  82   M   0  17 0.00  0.0    0  4.4 14 130   M    M   1        22 130
 3  92  68  80   M   0  15 0.52  0.0    0  6.3 15 120   M    M   6 3      27 120
 4  93  68  81   M   0  16 0.03  0.0    0  5.1 16 270   M    M   3 3      23 270
 5  90  66  78   M   0  13 0.00  0.0    0  9.1 18 250   M    M   2        28 250
 6  94  69  82   M   0  17 0.00  0.0    0  7.9 14 260   M    M   3        23 300
 7  91  68  80   M   0  15 0.02  0.0    0  7.4 27 340   M    M   4        35 340
 8  91  62  77   M   0  12 0.00  0.0    0  5.4 15 190   M    M   0 3       M  M
 9  87  62  75   M   0  10 1.32  0.0    0  6.1 17  60   M    M   6 3      21 310
10  84  61  73   M   0   8 0.46  0.0    M  5.6 22 350   M    M   5 3      30 350
11  90  63  77   M   0  12    T  0.0    0  4.5 10 160   M    M   3 3      17 190
12  94  69  82   M   0  17 0.00  0.0    0  4.0 12  80   M    M   0         M  M
13  96  80  88   M   0  23 0.00  0.0    0  5.8 12 340   M    M   1         M  M
14  92  68  80   M   0  15    T  0.0    0  9.7 28 280   M    M   1 3      39 280
15  91  69  80   M   0  15 0.00  0.0    0  6.0 12 270   M    M   1        18 280
16  92  70  81   M   0  16 0.03  0.0    0  4.1 13 330   M    M   1         M  M
17  92  71  82   M   0  17    T  0.0    0  7.5 24 270   M    M   4        31 270
18  94  68  81   M   0  16    T  0.0    0  8.7 21 270   M    M   2        27 270
19  93  69  81   M   0  16 0.00  0.0    0  7.5 21 270   M    M   2        33 270
20  96  65  81   M   0  16 0.00  0.0    0  6.1 15 350   M    M   2        24 350
21  94  68  81   M   0  16 0.29  0.0    0  5.9 15 120   M    M   3 3      25 120
22  90  67  79   M   0  14 0.02  0.0    0  4.7 21 360   M    M   2        32 360
23  93  66  80   M   0  15 0.00  0.0    0  5.3 14 270   M    M   1        20 270
24  97  70  84   M   0  19 0.00  0.0    0  5.8 15 260   M    M   1         M  M
25  99  71  85   M   0  20 0.04  0.0    0  6.6 13 280   M    M   1 3      21 280
26  95  69  82   M   0  17 0.00  0.0    0  5.4  9 180   M    M   1 3       M  M
27  96  69  83   M   0  18 0.15  0.0    0  6.5 40 190   M    M   4 3      44 190
28  95  71  83   M   0  18 0.06  0.0    0  7.5 17 220   M    M   3 3      21 220
================================================================================
SM 2606 1895         0 438  2.94     0.0 172.9          M       63
================================================================================
AV 93.1 67.7                               6.2 FASTST   M    M   2    MAX(MPH)
                                 MISC ---->    40   M                 44    M
================================================================================
NOTES:
# LAST OF SEVERAL OCCURRENCES

COLUMN 17 PEAK WIND IN M.P.H.

PRELIMINARY LOCAL CLIMATOLOGICAL DATA (WS FORM: F-6) , PAGE 2

                                          STATION:  LAS CRUCES
                                          MONTH:    JULY
                                          YEAR:     2015
                                          LATITUDE:   32 17 N
                                          LONGITUDE: 106 46 W

[TEMPERATURE DATA]      [PRECIPITATION DATA]       SYMBOLS USED IN COLUMN 16

AVERAGE MONTHLY: 80.4   TOTAL FOR MONTH:   2.94    1 = FOG OR MIST
DPTR FM NORMAL:     M   DPTR FM NORMAL:       M    2 = FOG REDUCING VISIBILITY
HIGHEST:   100 ON  2    GRTST 24HR  1.32 ON  9- 9      TO 1/4 MILE OR LESS
LOWEST:     61 ON 10                               3 = THUNDER
                        SNOW, ICE PELLETS, HAIL    4 = ICE PELLETS
                        TOTAL MONTH:   0.0 INCH    5 = HAIL
                        GRTST 24HR     0.0         6 = FREEZING RAIN OR DRIZZLE
                        GRTST DEPTH:   0           7 = DUSTSTORM OR SANDSTORM:
                                                       VSBY 1/2 MILE OR LESS
                                                   8 = SMOKE OR HAZE
[NO. OF DAYS WITH]      [WEATHER - DAYS WITH]      9 = BLOWING SNOW
                                                   X = TORNADO
MAX 32 OR BELOW:   0    0.01 INCH OR MORE:  11
MAX 90 OR ABOVE:  26    0.10 INCH OR MORE:   5
MIN 32 OR BELOW:   0    0.50 INCH OR MORE:   2
MIN  0 OR BELOW:   0    1.00 INCH OR MORE:   1

[HDD (BASE 65) ]
TOTAL THIS MO.     0    CLEAR  (SCALE 0-3)  22
DPTR FM NORMAL     M    PTCLDY (SCALE 4-7)   6
TOTAL FM JUL 1     0    CLOUDY (SCALE 8-10)  0
DPTR FM NORMAL     M

[CDD (BASE 65) ]
TOTAL THIS MO.   438
DPTR FM NORMAL     M    [PRESSURE DATA]
TOTAL FM JAN 1  1022    HIGHEST SLP M ON M
DPTR FM NORMAL     M    LOWEST  SLP M ON M

[REMARKS]
