000
CXUS54 KHGX 251415
CF6LVJ
PRELIMINARY LOCAL CLIMATOLOGICAL DATA (WS FORM: F-6)

                                          STATION:   HOUSTON/CLOVER_FIELD
                                          MONTH:     AUGUST
                                          YEAR:      2016
                                          LATITUDE:   29 31 N
                                          LONGITUDE:  95 14 W

  TEMPERATURE IN F:       :PCPN:    SNOW:  WIND      :SUNSHINE: SKY     :PK WND
================================================================================
1   2   3   4   5  6A  6B    7    8   9   10  11  12  13   14  15   16   17  18
                                     12Z  AVG MX 2MIN
DY MAX MIN AVG DEP HDD CDD  WTR  SNW DPTH SPD SPD DIR MIN PSBL S-S WX    SPD DR
================================================================================

 1  98  77  88   5   0  23 0.00  0.0    0  4.1 14 160   M    M   1 3      18 150
 2  98  79  89   5   0  24 0.00  0.0    0  3.4 14 140   M    M   1 3      19 180
 3  98  79  89   5   0  24 0.00  0.0    0  2.8 14 180   M    M   1        18 190
 4  97  79  88   4   0  23 0.00  0.0    0  3.5 15 160   M    M   2        20 160
 5  96  79  88   4   0  23 0.00  0.0    0  3.8 17 150   M    M   1        25 140
 6  99  79  89   5   0  24 0.00  0.0    0  5.1 16 140   M    M   1        23 140
 7 100  79  90   6   0  25 0.00  0.0    0  4.4 14 140   M    M   1 18     19 150
 8 100  78  89   5   0  24 0.00  0.0    0  3.1 15 110   M    M   2        18 110
 9  99  78  89   5   0  24 0.49  0.0    0  3.6 14 150   M    M   2        18 150
10  99  80  90   6   0  25 0.00  0.0    0  4.2 14 150   M    M   1 1      18 150
11 100  81  91   7   0  26 0.00  0.0    0  5.3 18 140   M    M   1 3      22 140
12  97  80  89   5   0  24 0.00  0.0    0  5.9 17 180   M    M   1        23 200
13  97  77  87   3   0  22 2.03  0.0    0  6.3 24 360   M    M   4 138    29  10
14  91  78  85   1   0  20 0.10  0.0    0  4.3 15 130   M    M   5 1      19 140
15  90  78  84   0   0  19 0.23  0.0    0  4.3 16  90   M    M   3 138    20  90
16  87  76  82  -2   0  17 1.07  0.0    0  4.8 15 220   M    M   4 13     23 230
17  86  76  81  -3   0  16 0.41  0.0    0  4.4 14 140   M    M   4 13     23 250
18  89  79  84   0   0  19 0.11  0.0    0  1.9 15 110   M    M   2 138    19 130
19  91  78  85   1   0  20 0.31  0.0    0  3.6 16 240   M    M   1 138    23 230
20  93  77  85   2   0  20 0.01  0.0    0  4.4 17 240   M    M   2 13     26 260
21  90  77  84   1   0  19 0.85  0.0    0  3.4 17 330   M    M   2 138    44 210
22  90  77  84   1   0  19 0.50  0.0    0  3.8 24 180   M    M   1 138    30 180
23  94  78  86   3   0  21 0.75  0.0    0  4.6 21 170   M    M   1 13     27 170
24  95  78  87   4   0  22 0.00  0.0    0  4.6 14 160   M    M   2 13     18 150
================================================================================
SM 2274 1877         0 523  6.86     0.0  99.6          M       46
================================================================================
AV 94.8 78.2                               4.2 FASTST   M    M   2    MAX(MPH)
                                 MISC ---->  # 24 360               # 44  210
================================================================================
NOTES:
# LAST OF SEVERAL OCCURRENCES

COLUMN 17 PEAK WIND IN M.P.H.

PRELIMINARY LOCAL CLIMATOLOGICAL DATA (WS FORM: F-6) , PAGE 2

                                          STATION:  HOUSTON/CLOVER_FIELD
                                          MONTH:    AUGUST
                                          YEAR:     2016
                                          LATITUDE:   29 31 N
                                          LONGITUDE:  95 14 W

[TEMPERATURE DATA]      [PRECIPITATION DATA]       SYMBOLS USED IN COLUMN 16

AVERAGE MONTHLY: 86.5   TOTAL FOR MONTH:   6.86    1 = FOG OR MIST
DPTR FM NORMAL:   2.7   DPTR FM NORMAL:    3.65    2 = FOG REDUCING VISIBILITY
HIGHEST:   100 ON 11, 8 GRTST 24HR  2.13 ON 13-14      TO 1/4 MILE OR LESS
LOWEST:     76 ON 17,16                            3 = THUNDER
                        SNOW, ICE PELLETS, HAIL    4 = ICE PELLETS
                        TOTAL MONTH:   0.0 INCH    5 = HAIL
                        GRTST 24HR     0.0         6 = FREEZING RAIN OR DRIZZLE
                        GRTST DEPTH:   0           7 = DUSTSTORM OR SANDSTORM:
                                                       VSBY 1/2 MILE OR LESS
                                                   8 = SMOKE OR HAZE
[NO. OF DAYS WITH]      [WEATHER - DAYS WITH]      9 = BLOWING SNOW
                                                   X = TORNADO
MAX 32 OR BELOW:   0    0.01 INCH OR MORE:  12
MAX 90 OR ABOVE:  21    0.10 INCH OR MORE:  11
MIN 32 OR BELOW:   0    0.50 INCH OR MORE:   5
MIN  0 OR BELOW:   0    1.00 INCH OR MORE:   2

[HDD (BASE 65) ]
TOTAL THIS MO.     0    CLEAR  (SCALE 0-3)  19
DPTR FM NORMAL     0    PTCLDY (SCALE 4-7)   5
TOTAL FM JUL 1     0    CLOUDY (SCALE 8-10)  0
DPTR FM NORMAL     0

[CDD (BASE 65) ]
TOTAL THIS MO.   523
DPTR FM NORMAL    76    [PRESSURE DATA]
TOTAL FM JAN 1  2634    HIGHEST SLP M ON M
DPTR FM NORMAL   543    LOWEST  SLP 29.71 ON 13

[REMARKS]
