000
CXUS56 KMTR 251000
CF6LVK
PRELIMINARY LOCAL CLIMATOLOGICAL DATA (WS FORM: F-6)

                                          STATION:   LIVERMORE AIRPORT
                                          MONTH:     JUNE
                                          YEAR:      2017
                                          LATITUDE:   37 42 N
                                          LONGITUDE: 121 49 W

  TEMPERATURE IN F:       :PCPN:    SNOW:  WIND      :SUNSHINE: SKY     :PK WND
================================================================================
1   2   3   4   5  6A  6B    7    8   9   10  11  12  13   14  15   16   17  18
                                     12Z  AVG MX 2MIN
DY MAX MIN AVG DEP HDD CDD  WTR  SNW DPTH SPD SPD DIR MIN PSBL S-S WX    SPD DR
================================================================================

 1  76  53  65   0   0   0 0.00  0.0    0  9.9 20 280   M    M   3        23 270
 2  87  51  69   4   0   4 0.00  0.0    0  7.1 20 300   M    M   0        23 280
 3  83  54  69   4   0   4 0.00  0.0    0  7.7 20 290   M    M   0        23 300
 4  80  51  66   1   0   1 0.00  0.0    0  9.0 18 290   M    M   0        23 270
 5  89  46  68   3   0   3 0.00  0.0    0  5.8 20 280   M    M   0        22 280
 6  80  51  66   0   0   1 0.00  0.0    0  8.0 21 280   M    M   0 18     23 280
 7  78  52  65  -1   0   0    T  0.0    0  9.3 21 290   M    M   0        24 280
 8  73  59  66   0   0   1    T  0.0    0  4.1 12 190   M    M   8 1      15 190
 9  69  53  61  -5   4   0    T  0.0    0 12.2 23 260   M    M   7 18     28 270
10  70  52  61  -5   4   0 0.00  0.0    0 13.3 23 250   M    M   1        28 260
11  65  51  58  -8   7   0    T  0.0    0 11.9 25 250   M    M   2 3      31 250
12  71  51  61  -6   4   0 0.00  0.0    0  9.2 17 290   M    M   3        24 230
13  80  48  64  -3   1   0 0.00  0.0    0  5.4 18 270   M    M   0 8      22 280
14  89  52  71   4   0   6 0.00  0.0    0  6.1 18 270   M    M   0        23 270
15  88  53  71   4   0   6 0.00  0.0    0  8.4 18 280   M    M   0        21 260
16  94  61  78  10   0  13 0.00  0.0    0  5.1 17 270   M    M   0        21 270
17  97  64  81  13   0  16 0.00  0.0    0  4.3 14 260   M    M   0        17 260
18 105  66  86  18   0  21    T  0.0    0  4.5 17 290   M    M   0 3      21 280
19 104  72  88  20   0  23 0.00  0.0    0  5.9 20 270   M    M   0        22 280
20  98  62  80  11   0  15 0.00  0.0    0  7.2 20 290   M    M   0        24 280
21 103  58  81  12   0  16 0.00  0.0    0  5.4 16 270   M    M   0        20 280
22 106  69  88  19   0  23 0.00  0.0    0  6.7 18 290   M    M   0        23 290
23  94  61  78   9   0  13 0.00  0.0    0  8.7 17 270   M    M   0        22 280
24  85  58  72   2   0   7 0.00  0.0    0  9.9 16 300   M    M   1        20 280
================================================================================
SM 2064 1348        20 173    T      0.0 185.1          M       25
================================================================================
AV 86.0 56.2                               7.7 FASTST   M    M   1    MAX(MPH)
                                 MISC ---->  # 25 250               # 31  250
================================================================================
NOTES:
# LAST OF SEVERAL OCCURRENCES

COLUMN 17 PEAK WIND IN M.P.H.

PRELIMINARY LOCAL CLIMATOLOGICAL DATA (WS FORM: F-6) , PAGE 2

                                          STATION:  LIVERMORE AIRPORT
                                          MONTH:    JUNE
                                          YEAR:     2017
                                          LATITUDE:   37 42 N
                                          LONGITUDE: 121 49 W

[TEMPERATURE DATA]      [PRECIPITATION DATA]       SYMBOLS USED IN COLUMN 16

AVERAGE MONTHLY: 71.1   TOTAL FOR MONTH:      T    1 = FOG OR MIST
DPTR FM NORMAL:   4.1   DPTR FM NORMAL:   -0.04    2 = FOG REDUCING VISIBILITY
HIGHEST:   106 ON 22    GRTST 24HR  0.03 ON 31- 1      TO 1/4 MILE OR LESS
LOWEST:     46 ON  5                               3 = THUNDER
                        SNOW, ICE PELLETS, HAIL    4 = ICE PELLETS
                        TOTAL MONTH:   0.0 INCH    5 = HAIL
                        GRTST 24HR     0.0         6 = FREEZING RAIN OR DRIZZLE
                        GRTST DEPTH:   0           7 = DUSTSTORM OR SANDSTORM:
                                                       VSBY 1/2 MILE OR LESS
                                                   8 = SMOKE OR HAZE
[NO. OF DAYS WITH]      [WEATHER - DAYS WITH]      9 = BLOWING SNOW
                                                   X = TORNADO
MAX 32 OR BELOW:   0    0.01 INCH OR MORE:   0
MAX 90 OR ABOVE:   8    0.10 INCH OR MORE:   0
MIN 32 OR BELOW:   0    0.50 INCH OR MORE:   0
MIN  0 OR BELOW:   0    1.00 INCH OR MORE:   0

[HDD (BASE 65) ]
TOTAL THIS MO.    20    CLEAR  (SCALE 0-3)  20
DPTR FM NORMAL   -11    PTCLDY (SCALE 4-7)   4
TOTAL FM JUL 1  2454    CLOUDY (SCALE 8-10)  0
DPTR FM NORMAL  -325

[CDD (BASE 65) ]
TOTAL THIS MO.   173
DPTR FM NORMAL    97    [PRESSURE DATA]
TOTAL FM JAN 1   248    HIGHEST SLP M ON M
DPTR FM NORMAL   119    LOWEST  SLP 29.66 ON 22

[REMARKS]
