000
CXUS55 KBYZ 171413
CF6LVM
PRELIMINARY LOCAL CLIMATOLOGICAL DATA (WS FORM: F-6)

                                          STATION:   LIVINGSTON MT
                                          MONTH:     DECEMBER
                                          YEAR:      2014
                                          LATITUDE:   45 41 N
                                          LONGITUDE: 110 26 W

  TEMPERATURE IN F:       :PCPN:    SNOW:  WIND      :SUNSHINE: SKY     :PK WND
================================================================================
1   2   3   4   5  6A  6B    7    8   9   10  11  12  13   14  15   16   17  18
                                     12Z  AVG MX 2MIN
DY MAX MIN AVG DEP HDD CDD  WTR  SNW DPTH SPD SPD DIR MIN PSBL S-S WX    SPD DR
================================================================================

 1  40 -18  11 -17  54   0    T    M    M 17.4 33 260   M    M   3 8      46 260
 2  39  14  27  -1  38   0    T    M    M 13.7 32 270   M    M   3        37 270
 3  44   7  26  -2  39   0 0.00    M    M 10.9 28 210   M    M   2        36 210
 4  53  39  46  19  19   0    T    M    M 16.6 37 220   M    M   9        44 210
 5  54  37  46  19  19   0    T    M    M 11.4 24 220   M    M   8        29 210
 6  57  31  44  17  21   0 0.06    M    M 17.1 39 210   M    M   3 1      48 220
 7  51  31  41  14  24   0 0.00    M    M 17.4 30 250   M    M   3        43 220
 8  56  27  42  16  23   0 0.00    M    M 18.0 29 220   M    M   1        36 220
 9  57  38  48  22  17   0 0.00    M    M 23.1 39 220   M    M   1        50 220
10  59  40  50  24  15   0 0.00    M    M 17.7 33 270   M    M   0        46 280
11  58  50  54  28  11   0 0.00    M    M 19.1 33 200   M    M   0        44 210
12  64  34  49  23  16   0 0.00    M    M 10.3 29 240   M    M   0        35 250
13  57  34  46  20  19   0    T    M    M 15.0 31 260   M    M   5        37 250
14  35  26  31   5  34   0 0.02    M    M 11.1 26 320   M    M  10 1      33 320
15  32  13  23  -3  42   0 0.01    M    M  6.2 15 290   M    M   3 18     20 290
16  25  16  21  -5  44   0 0.00    M    M  3.5 13  80   M    M   9 128    15  90
================================================================================
SM  781  419       435   0  0.09    M    228.5          M       60
================================================================================
AV 48.8 26.2                              14.3 FASTST   M    M   4    MAX(MPH)
                                 MISC ---->  # 39 210               # 50  220
================================================================================
NOTES:
# LAST OF SEVERAL OCCURRENCES

COLUMN 17 PEAK WIND IN M.P.H.

PRELIMINARY LOCAL CLIMATOLOGICAL DATA (WS FORM: F-6) , PAGE 2

                                          STATION:  LIVINGSTON MT
                                          MONTH:    DECEMBER
                                          YEAR:     2014
                                          LATITUDE:   45 41 N
                                          LONGITUDE: 110 26 W

[TEMPERATURE DATA]      [PRECIPITATION DATA]       SYMBOLS USED IN COLUMN 16

AVERAGE MONTHLY: 37.5   TOTAL FOR MONTH:   0.09    1 = FOG OR MIST
DPTR FM NORMAL:  10.9   DPTR FM NORMAL:   -0.21    2 = FOG REDUCING VISIBILITY
HIGHEST:    64 ON 12    GRTST 24HR  0.06 ON  5- 6      TO 1/4 MILE OR LESS
LOWEST:    -18 ON  1                               3 = THUNDER
                        SNOW, ICE PELLETS, HAIL    4 = ICE PELLETS
                        TOTAL MONTH:    M          5 = HAIL
                        GRTST 24HR    M  ON   M    6 = FREEZING RAIN OR DRIZZLE
                        GRTST DEPTH:  M  ON   M    7 = DUSTSTORM OR SANDSTORM:
                                                       VSBY 1/2 MILE OR LESS
                                                   8 = SMOKE OR HAZE
[NO. OF DAYS WITH]      [WEATHER - DAYS WITH]      9 = BLOWING SNOW
                                                   X = TORNADO
MAX 32 OR BELOW:   2    0.01 INCH OR MORE:   3
MAX 90 OR ABOVE:   0    0.10 INCH OR MORE:   0
MIN 32 OR BELOW:   9    0.50 INCH OR MORE:   0
MIN  0 OR BELOW:   1    1.00 INCH OR MORE:   0

[HDD (BASE 65) ]
TOTAL THIS MO.   435    CLEAR  (SCALE 0-3)   9
DPTR FM NORMAL  -180    PTCLDY (SCALE 4-7)   4
TOTAL FM JUL 1  2173    CLOUDY (SCALE 8-10)  3
DPTR FM NORMAL  -401

[CDD (BASE 65) ]
TOTAL THIS MO.     0
DPTR FM NORMAL     0    [PRESSURE DATA]
TOTAL FM JAN 1   321    HIGHEST SLP M ON M
DPTR FM NORMAL    91    LOWEST  SLP 29.70 ON 13

[REMARKS]
