000
CXUS53 KTOP 310200
CF6LWC
PRELIMINARY LOCAL CLIMATOLOGICAL DATA (WS FORM: F-6)

                                          STATION:   Lawrence KS
                                          MONTH:     OCTOBER
                                          YEAR:      2014
                                          LATITUDE:   39  0 N
                                          LONGITUDE:  95 13 W

  TEMPERATURE IN F:       :PCPN:    SNOW:  WIND      :SUNSHINE: SKY     :PK WND
================================================================================
1   2   3   4   5  6A  6B    7    8   9   10  11  12  13   14  15   16   17  18
                                     12Z  AVG MX 2MIN
DY MAX MIN AVG DEP HDD CDD  WTR  SNW DPTH SPD SPD DIR MIN PSBL S-S WX    SPD DR
================================================================================

 1  82  63  73  11   0   8 0.87    M    M  8.4 36 300   M    M   7 138    46 300
 2  70  54  62   1   3   0 1.71    M    M 10.3 31 180   M    M   6 138    47 180
 3  57  36  47 -14  18   0 0.04    M    M 12.7 30 330   M    M   3        39 330
 4  62  36  49 -11  16   0 0.00    M    M  7.7 24 320   M    M   0        31 300
 5  75  38  57  -3   8   0 0.04    M    M  6.8 25 300   M    M   2 123    37 330
 6  74  45  60   0   5   0 0.04    M    M  5.4 21 270   M    M   1 128    27 250
 7  78  48  63   4   2   0 0.00    M    M  6.8 20 330   M    M   1 1      25 320
 8  76  44  60   1   5   0 0.00    M    M  6.3 13  50   M    M   2 3      17  60
 9  70  54  62   3   3   0 1.04    M    M 10.7 21 130   M    M  10 13     28  50
10  55  48  52  -6  13   0 0.21    M    M  8.3 20  60   M    M  10 1      28  40
11  64  39  52  -6  13   0 0.00    M    M  4.9 12  50   M    M   2        17  90
12  59  51  55  -3  10   0 0.00    M    M  7.1 15 150   M    M  10 1      18 150
13  58  53  56  -1   9   0 0.80    M    M 15.7 29 340   M    M  10 1      40 340
14  67  44  56  -1   9   0 0.00    M    M 18.1 33 320   M    M   2        42 340
15  69  38  54  -2  11   0 0.00    M    M  6.4 17 300   M    M   0        23 290
16  79  38  59   3   6   0 0.00    M    M  6.7 17 160   M    M   0 1      21 160
17  67  42  55  -1  10   0 0.00    M    M  8.5 22 330   M    M   0 18     27 320
18  63  35  49  -6  16   0 0.00    M    M  4.7 13  50   M    M   0 18     17  50
19  70  34  52  -3  13   0 0.00    M    M  4.5 16 210   M    M   0 12     20 190
20  76  40  58   3   7   0 0.00    M    M  2.8 12 360   M    M   1 128    13  20
21  75  35  55   1  10   0 0.00    M    M  3.2 10 140   M    M   0 128    15 150
22  75  50  63   9   2   0 0.00    M    M  9.3 16 150   M    M   2 8      21 140
23  68  53  61   7   4   0 0.82    M    M  6.1 16 220   M    M   7 18     21 200
24  76  53  65  12   0   0 0.00    M    M  5.5 16 210   M    M   3 128    19 210
25  81  48  65  12   0   0 0.00    M    M  4.1 10  90   M    M   4 128    13  80
26  87  56  72  20   0   7 0.00    M    M 13.7 31 190   M    M   0 18     40 200
27  73  53  63  11   2   0 0.00    M    M 11.0 22 330   M    M   1        34 310
28  64  36  50  -2  15   0    T    M    M  6.2 16 330   M    M   2 8      21 330
29  62  31  47  -4  18   0 0.00    M    M  3.9  8 110   M    M   0 1      10 170
================================================================================
SM 2032 1295       228  15  5.57    M    225.8          M       86
================================================================================
AV 70.1 44.7                               7.8 FASTST   M    M   3    MAX(MPH)
                                 MISC ---->  # 36 300               # 47  180
================================================================================
NOTES:
# LAST OF SEVERAL OCCURRENCES

COLUMN 17 PEAK WIND IN M.P.H.

PRELIMINARY LOCAL CLIMATOLOGICAL DATA (WS FORM: F-6) , PAGE 2

                                          STATION:  Lawrence KS
                                          MONTH:    OCTOBER
                                          YEAR:     2014
                                          LATITUDE:   39  0 N
                                          LONGITUDE:  95 13 W

[TEMPERATURE DATA]      [PRECIPITATION DATA]       SYMBOLS USED IN COLUMN 16

AVERAGE MONTHLY: 57.4   TOTAL FOR MONTH:   5.57    1 = FOG OR MIST
DPTR FM NORMAL:   0.9   DPTR FM NORMAL:    2.82    2 = FOG REDUCING VISIBILITY
HIGHEST:    87 ON 26    GRTST 24HR  2.34 ON  1- 2      TO 1/4 MILE OR LESS
LOWEST:     31 ON 29                               3 = THUNDER
                        SNOW, ICE PELLETS, HAIL    4 = ICE PELLETS
                        TOTAL MONTH:    M          5 = HAIL
                        GRTST 24HR    M  ON   M    6 = FREEZING RAIN OR DRIZZLE
                        GRTST DEPTH:  M  ON   M    7 = DUSTSTORM OR SANDSTORM:
                                                       VSBY 1/2 MILE OR LESS
                                                   8 = SMOKE OR HAZE
[NO. OF DAYS WITH]      [WEATHER - DAYS WITH]      9 = BLOWING SNOW
                                                   X = TORNADO
MAX 32 OR BELOW:   0    0.01 INCH OR MORE:   9
MAX 90 OR ABOVE:   0    0.10 INCH OR MORE:   6
MIN 32 OR BELOW:   1    0.50 INCH OR MORE:   5
MIN  0 OR BELOW:   0    1.00 INCH OR MORE:   2

[HDD (BASE 65) ]
TOTAL THIS MO.   228    CLEAR  (SCALE 0-3)  21
DPTR FM NORMAL   -44    PTCLDY (SCALE 4-7)   4
TOTAL FM JUL 1   300    CLOUDY (SCALE 8-10)  4
DPTR FM NORMAL   -35

[CDD (BASE 65) ]
TOTAL THIS MO.    15
DPTR FM NORMAL    -9    [PRESSURE DATA]
TOTAL FM JAN 1  1426    HIGHEST SLP M ON M
DPTR FM NORMAL    58    LOWEST  SLP 29.52 ON 27

[REMARKS]
