000
CXUS53 KGID 240730
CF6LXN
PRELIMINARY LOCAL CLIMATOLOGICAL DATA (WS FORM: F-6)

                                          STATION:   LEXINGTON
                                          MONTH:     JULY
                                          YEAR:      2017
                                          LATITUDE:   40 47 N
                                          LONGITUDE:  99 46 W

  TEMPERATURE IN F:       :PCPN:    SNOW:  WIND      :SUNSHINE: SKY     :PK WND
================================================================================
1   2   3   4   5  6A  6B    7    8   9   10  11  12  13   14  15   16   17  18
                                     12Z  AVG MX 2MIN
DY MAX MIN AVG DEP HDD CDD  WTR  SNW DPTH SPD SPD DIR MIN PSBL S-S WX    SPD DR
================================================================================

 1  91  52  72   M   0   7 0.00    M    M  8.0 16 230   M    M   0 1      25 230
 2  92  67  80   M   0  15 0.13    M    M 13.3 23  50   M    M   1 3      30 220
 3  85  64  75   M   0  10 0.00    M    M  6.3 12 140   M    M   0         M  M
 4  88  62  75   M   0  10 0.00    M    M  5.5 10 150   M    M   1 1       M  M
 5  91  66  79   M   0  14 0.00    M    M  7.6 13 150   M    M   0 1      17 150
 6 101  65  83   M   0  18 0.00    M    M  7.1 13 270   M    M   0        17 260
 7  83  64  74   M   0   9 0.00    M    M  7.5 13  60   M    M   0        17  60
 8  94  60  77   M   0  12 0.00    M    M  6.3 14 150   M    M   1        17 200
 9 100  60  80   M   0  15 0.00    M    M  5.7  9 200   M    M   0 1      17 240
10  94  67  81   M   0  16 0.00    M    M  8.0 17 230   M    M   0        23 230
11  95  72  84   M   0  19    T    M    M  6.5 13 120   M    M   1 13      M  M
12  83  69  76   M   0  11 0.57    M    M  9.4 18  50   M    M   3 3      27  50
13  84  67  76   M   0  11 0.01    M    M  5.6 10 140   M    M   3 38      M  M
14  87  64  76   M   0  11 0.00    M    M  5.3 12 170   M    M   4 12      M  M
15  92  63  78   M   0  13 0.00    M    M  4.0 12 160   M    M   0 1       M  M
16  92  63  78   M   0  13 0.00    M    M  4.5 14 150   M    M   0         M  M
17  90  68  79   M   0  14 3.44    M    M  9.9 23 120   M    M   5 3      32 110
18  87  67  77   M   0  12 0.01    M    M  7.6 15 130   M    M   2 1      18 160
19  96  71  84   M   0  19 0.00    M    M  6.6 14 170   M    M   3 12     18 170
20  89  72  81   M   0  16 0.00    M    M  7.1 12  90   M    M   0         M  M
21  97  73  85   M   0  20 0.00    M    M  4.9 10 160   M    M   1 3      20 160
22  86  66  76   M   0  11 0.00    M    M  6.2 17 320   M    M   1 1      24 320
23  90  61  76   M   0  11 0.00    M    M  5.2 10 110   M    M   0 1       M  M
================================================================================
SM 2087 1503         0 307  4.16    M    158.1          M       26
================================================================================
AV 90.7 65.4                               6.9 FASTST   M    M   1    MAX(MPH)
                                 MISC ---->  # 23  50               # 32  110
================================================================================
NOTES:
# LAST OF SEVERAL OCCURRENCES

COLUMN 17 PEAK WIND IN M.P.H.

PRELIMINARY LOCAL CLIMATOLOGICAL DATA (WS FORM: F-6) , PAGE 2

                                          STATION:  LEXINGTON
                                          MONTH:    JULY
                                          YEAR:     2017
                                          LATITUDE:   40 47 N
                                          LONGITUDE:  99 46 W

[TEMPERATURE DATA]      [PRECIPITATION DATA]       SYMBOLS USED IN COLUMN 16

AVERAGE MONTHLY: 78.0   TOTAL FOR MONTH:   4.16    1 = FOG OR MIST
DPTR FM NORMAL:     M   DPTR FM NORMAL:       M    2 = FOG REDUCING VISIBILITY
HIGHEST:   101 ON  6    GRTST 24HR  3.44 ON 17-17      TO 1/4 MILE OR LESS
LOWEST:     52 ON  1                               3 = THUNDER
                        SNOW, ICE PELLETS, HAIL    4 = ICE PELLETS
                        TOTAL MONTH:    M          5 = HAIL
                        GRTST 24HR    M  ON   M    6 = FREEZING RAIN OR DRIZZLE
                        GRTST DEPTH:  M  ON   M    7 = DUSTSTORM OR SANDSTORM:
                                                       VSBY 1/2 MILE OR LESS
                                                   8 = SMOKE OR HAZE
[NO. OF DAYS WITH]      [WEATHER - DAYS WITH]      9 = BLOWING SNOW
                                                   X = TORNADO
MAX 32 OR BELOW:   0    0.01 INCH OR MORE:   5
MAX 90 OR ABOVE:  14    0.10 INCH OR MORE:   3
MIN 32 OR BELOW:   0    0.50 INCH OR MORE:   2
MIN  0 OR BELOW:   0    1.00 INCH OR MORE:   1

[HDD (BASE 65) ]
TOTAL THIS MO.     0    CLEAR  (SCALE 0-3)  21
DPTR FM NORMAL     M    PTCLDY (SCALE 4-7)   2
TOTAL FM JUL 1     0    CLOUDY (SCALE 8-10)  0
DPTR FM NORMAL     M

[CDD (BASE 65) ]
TOTAL THIS MO.   307
DPTR FM NORMAL     M    [PRESSURE DATA]
TOTAL FM JAN 1   588    HIGHEST SLP M ON M
DPTR FM NORMAL     M    LOWEST  SLP M ON M

[REMARKS]
