000
CXUS53 KGID 010730
CF6LXN
PRELIMINARY LOCAL CLIMATOLOGICAL DATA (WS FORM: F-6)

                                          STATION:   LEXINGTON
                                          MONTH:     APRIL
                                          YEAR:      2016
                                          LATITUDE:   40 47 N
                                          LONGITUDE:  99 46 W

  TEMPERATURE IN F:       :PCPN:    SNOW:  WIND      :SUNSHINE: SKY     :PK WND
================================================================================
1   2   3   4   5  6A  6B    7    8   9   10  11  12  13   14  15   16   17  18
                                     12Z  AVG MX 2MIN
DY MAX MIN AVG DEP HDD CDD  WTR  SNW DPTH SPD SPD DIR MIN PSBL S-S WX    SPD DR
================================================================================

 1  45  27  36   M  29   0 0.00    M    M 14.5 29 330   M    M   3        37 330
 2  66  23  45   M  20   0 0.00    M    M  8.7 14 200   M    M   2        23 310
 3  78  34  56   M   9   0 0.00    M    M 12.2 20 320   M    M   1        30 320
 4  68  29  49   M  16   0 0.00    M    M  9.6 16 160   M    M   0        23 190
 5  73  46  60   M   5   0    T    M    M 14.0 25 310   M    M   2 8      36 310
 6  67  43  55   M  10   0 0.00    M    M 22.3 37 320   M    M   3        47 320
 7  62  32  47   M  18   0 0.00    M    M 23.0 43 340   M    M   3        54 340
 8  66  26  46   M  19   0 0.00    M    M  8.7 14  30   M    M   1        23 340
 9  71  29  50   M  15   0 0.00    M    M 14.4 23 150   M    M   0        29 180
10  62  43  53   M  12   0    T    M    M 14.7 29  10   M    M   3        35  10
11  60  31  46   M  19   0 0.00    M    M  7.3 13  50   M    M   6         M  M
12  70  39  55   M  10   0 0.00    M    M 15.5 28 210   M    M   0        37 200
13  76  37  57   M   8   0 0.00    M    M 10.3 20 190   M    M   0        25 210
14  73  48  61   M   4   0 0.00    M    M 16.7 27 150   M    M   3 1      35 150
15  71  55  63   M   2   0 0.00    M    M 20.6 27 160   M    M   6 3      37 180
16  62  43  53   M  12   0 2.39    M    M 14.1 24  30   M    M  10 3      32  40
17  44  40  42   M  23   0 1.57    M    M 13.6 22 330   M    M  10        32  30
18  51  39  45   M  20   0 0.04    M    M 10.6 17 320   M    M  10 1      18 340
19  54  36  45   M  20   0 0.02    M    M  5.1 12 200   M    M   8 1       M  M
20  58  37  48   M  17   0    T    M    M  6.6 16 310   M    M   7 1      22 310
21  71  42  57   M   8   0 0.00    M    M 11.6 20 360   M    M   2        27 350
22  71  35  53   M  12   0 0.00    M    M  7.6 15 190   M    M   0        18 160
23  79  51  65   M   0   0 0.00    M    M 20.3 35 190   M    M   0        41 190
24  75  51  63   M   2   0    T    M    M 11.4 30 290   M    M   2        38 290
25  71  41  56   M   9   0 0.00    M    M  9.2 18 310   M    M   0        23 310
26  64  46  55   M  10   0 0.00    M    M 18.2 29 360   M    M   8        33 360
27  50  35  43   M  22   0 2.31    M    M 22.1 33 330   M    M   9        40 320
28  49  34  42   M  23   0 0.10    M    M 10.2 21 300   M    M   8        23 340
29  45  41  43   M  22   0 0.58    M    M 12.0 22  60   M    M   9        30  60
30  42  37  40   M  25   0 0.41    M    M 13.3 17  10   M    M  10 1      22 360
================================================================================
SM 1894 1150       421   0  7.42    M    398.4          M      126
================================================================================
AV 63.1 38.3                              13.3 FASTST   M    M   4    MAX(MPH)
                                 MISC ---->    43   M                 54    M
================================================================================
NOTES:
# LAST OF SEVERAL OCCURRENCES

COLUMN 17 PEAK WIND IN M.P.H.

PRELIMINARY LOCAL CLIMATOLOGICAL DATA (WS FORM: F-6) , PAGE 2

                                          STATION:  LEXINGTON
                                          MONTH:    APRIL
                                          YEAR:     2016
                                          LATITUDE:   40 47 N
                                          LONGITUDE:  99 46 W

[TEMPERATURE DATA]      [PRECIPITATION DATA]       SYMBOLS USED IN COLUMN 16

AVERAGE MONTHLY: 50.7   TOTAL FOR MONTH:   7.42    1 = FOG OR MIST
DPTR FM NORMAL:     M   DPTR FM NORMAL:       M    2 = FOG REDUCING VISIBILITY
HIGHEST:    79 ON 23    GRTST 24HR  2.39 ON 16-16      TO 1/4 MILE OR LESS
LOWEST:     23 ON  2                               3 = THUNDER
                        SNOW, ICE PELLETS, HAIL    4 = ICE PELLETS
                        TOTAL MONTH:    M          5 = HAIL
                        GRTST 24HR    M  ON   M    6 = FREEZING RAIN OR DRIZZLE
                        GRTST DEPTH:  M  ON   M    7 = DUSTSTORM OR SANDSTORM:
                                                       VSBY 1/2 MILE OR LESS
                                                   8 = SMOKE OR HAZE
[NO. OF DAYS WITH]      [WEATHER - DAYS WITH]      9 = BLOWING SNOW
                                                   X = TORNADO
MAX 32 OR BELOW:   0    0.01 INCH OR MORE:   8
MAX 90 OR ABOVE:   0    0.10 INCH OR MORE:   6
MIN 32 OR BELOW:   7    0.50 INCH OR MORE:   4
MIN  0 OR BELOW:   0    1.00 INCH OR MORE:   3

[HDD (BASE 65) ]
TOTAL THIS MO.   421    CLEAR  (SCALE 0-3)  16
DPTR FM NORMAL     M    PTCLDY (SCALE 4-7)   7
TOTAL FM JUL 1  4998    CLOUDY (SCALE 8-10)  7
DPTR FM NORMAL     M

[CDD (BASE 65) ]
TOTAL THIS MO.     0
DPTR FM NORMAL     M    [PRESSURE DATA]
TOTAL FM JAN 1     0    HIGHEST SLP M ON M
DPTR FM NORMAL     M    LOWEST  SLP M ON M

[REMARKS]
#FINAL-04-16#
