000
CXUS54 KLZK 231130
CF6LZK
PRELIMINARY LOCAL CLIMATOLOGICAL DATA (WS FORM: F-6)

                                          STATION:   North Little Rock
                                          MONTH:     JULY
                                          YEAR:      2017
                                          LATITUDE:   34 50 N
                                          LONGITUDE:  92 16 W

  TEMPERATURE IN F:       :PCPN:    SNOW:  WIND      :SUNSHINE: SKY     :PK WND
================================================================================
1   2   3   4   5  6A  6B    7    8   9   10  11  12  13   14  15   16   17  18
                                     12Z  AVG MX 2MIN
DY MAX MIN AVG DEP HDD CDD  WTR  SNW DPTH SPD SPD DIR MIN PSBL S-S WX    SPD DR
================================================================================

 1  89  67  78  -4   0  13 0.05  0.0    M  4.0  9 220   M    M   0         M  M
 2  88  69  79  -3   0  14 0.00  0.0    M  3.9  6 200   M    M   0         M  M
 3  85  70  78  -4   0  13 0.82  0.0    0  3.0  6 270   M    M   0 3       M  M
 4  87  74  81  -1   0  16 0.13  0.0    0  2.8  9 200   M    M   0 3      20 200
 5  83  71  77  -5   0  12 0.61  0.0    0  3.3  7 200   M    M   0 13      M  M
 6  90  73  82   0   0  17 0.23  0.0    0  3.1  7 220   M    M   0 13      M  M
 7  92  74  83   1   0  18 0.00  0.0    0  1.4  5 290   M    M   0         M  M
 8  88  69  79  -3   0  14 0.35  0.0    0  2.3  6 250   M    M   0 13      M  M
 9  89  72  81  -1   0  16 0.00  0.0    0  3.5  8 140   M    M   0         M  M
10  91  71  81  -1   0  16 0.00  0.0    0  3.0  6 220   M    M   0         M  M
11  91  73  82   0   0  17    T  0.0    0  2.5  6 200   M    M   0         M  M
12  92  75  84   2   0  19 0.00  0.0    0  4.3  6 220   M    M   0         M  M
13  93  74  84   2   0  19 0.00  0.0    0  2.1  6 140   M    M   0         M  M
14  92  71  82   0   0  17 2.44    T    0  1.9 10 320   M    M   0 135    30 320
15  90  72  81  -1   0  16 0.02  0.0    0  3.0  8  70   M    M   0         M  M
16  90  74  82  -1   0  17 0.00  0.0    0  2.9  7  70   M    M   0         M  M
17  90  73  82  -1   0  17 0.00  0.0    0  1.1  5  20   M    M   0         M  M
18  92  71  82  -1   0  17 0.00  0.0    M  1.5  6 110   M    M   0         M  M
19  95  76  86   3   0  21 0.00  0.0    M  1.4  6 110   M    M   0         M  M
20  95  78  87   4   0  22 0.04  0.0    0  1.4  6 220   M    M   0         M  M
21  95  79  87   4   0  22 0.01  0.0    0  1.9  6 160   M    M   0         M  M
22  95  78  87   4   0  22 0.00  0.0    0  2.7  6 200   M    M   0         M  M
================================================================================
SM 1992 1604         0 375  4.70    T     57.0          M        0
================================================================================
AV 90.6 72.9                               2.6 FASTST   M    M   0    MAX(MPH)
                                 MISC ---->  # 10 320               # 30  320
================================================================================
NOTES:
# LAST OF SEVERAL OCCURRENCES

COLUMN 17 PEAK WIND IN M.P.H.

PRELIMINARY LOCAL CLIMATOLOGICAL DATA (WS FORM: F-6) , PAGE 2

                                          STATION:  North Little Rock
                                          MONTH:    JULY
                                          YEAR:     2017
                                          LATITUDE:   34 50 N
                                          LONGITUDE:  92 16 W

[TEMPERATURE DATA]      [PRECIPITATION DATA]       SYMBOLS USED IN COLUMN 16

AVERAGE MONTHLY: 81.7   TOTAL FOR MONTH:   4.70    1 = FOG OR MIST
DPTR FM NORMAL:  -0.6   DPTR FM NORMAL:    1.98    2 = FOG REDUCING VISIBILITY
HIGHEST:    95 ON 22,21 GRTST 24HR  2.44 ON 14-14      TO 1/4 MILE OR LESS
LOWEST:     67 ON  1                               3 = THUNDER
                        SNOW, ICE PELLETS, HAIL    4 = ICE PELLETS
                        TOTAL MONTH:    T          5 = HAIL
                        GRTST 24HR    T  ON 14-14  6 = FREEZING RAIN OR DRIZZLE
                        GRTST DEPTH:   0           7 = DUSTSTORM OR SANDSTORM:
                                                       VSBY 1/2 MILE OR LESS
                                                   8 = SMOKE OR HAZE
[NO. OF DAYS WITH]      [WEATHER - DAYS WITH]      9 = BLOWING SNOW
                                                   X = TORNADO
MAX 32 OR BELOW:   0    0.01 INCH OR MORE:  10
MAX 90 OR ABOVE:  15    0.10 INCH OR MORE:   6
MIN 32 OR BELOW:   0    0.50 INCH OR MORE:   3
MIN  0 OR BELOW:   0    1.00 INCH OR MORE:   1

[HDD (BASE 65) ]
TOTAL THIS MO.     0    CLEAR  (SCALE 0-3)  22
DPTR FM NORMAL     0    PTCLDY (SCALE 4-7)   0
TOTAL FM JUL 1     0    CLOUDY (SCALE 8-10)  0
DPTR FM NORMAL     0

[CDD (BASE 65) ]
TOTAL THIS MO.   375
DPTR FM NORMAL    -7    [PRESSURE DATA]
TOTAL FM JAN 1  1032    HIGHEST SLP M ON M
DPTR FM NORMAL   -59    LOWEST  SLP M ON M

[REMARKS]
