000
CXUS54 KLZK 221130
CF6LZK
PRELIMINARY LOCAL CLIMATOLOGICAL DATA (WS FORM: F-6)

                                          STATION:   North Little Rock
                                          MONTH:     SEPTEMBER
                                          YEAR:      2017
                                          LATITUDE:   34 50 N
                                          LONGITUDE:  92 16 W

  TEMPERATURE IN F:       :PCPN:    SNOW:  WIND      :SUNSHINE: SKY     :PK WND
================================================================================
1   2   3   4   5  6A  6B    7    8   9   10  11  12  13   14  15   16   17  18
                                     12Z  AVG MX 2MIN
DY MAX MIN AVG DEP HDD CDD  WTR  SNW DPTH SPD SPD DIR MIN PSBL S-S WX    SPD DR
================================================================================

 1  82  66  74  -6   0   9 0.00  0.0    0  4.4  8 320   M    M   0         M  M
 2  84  65  75  -4   0  10    T  0.0    0  0.5  5 200   M    M   0 1       M  M
 3  89  67  78  -1   0  13 0.00  0.0    0  0.8  6 160   M    M   0         M  M
 4  90  74  82   3   0  17 0.00  0.0    0  4.6 10 200   M    M   0         M  M
 5  78  63  71  -7   0   6 0.21  0.0    0  3.9  9  20   M    M   0         M  M
 6  75  57  66 -12   0   1 0.00  0.0    0  4.3  8 360   M    M   0         M  M
 7  79  55  67 -11   0   2 0.00  0.0    0  2.1  6 110   M    M   0         M  M
 8  81  59  70  -7   0   5 0.00  0.0    0  1.7  6 140   M    M   0         M  M
 9  82  61  72  -5   0   7 0.00  0.0    M  6.0 12  70   M    M   0        18  70
10  83  61  72  -5   0   7 0.00  0.0    0  7.5 15  90   M    M   0        23  90
11  79  58  69  -7   0   4 0.00  0.0    0  6.5 10  50   M    M   0        20  50
12  66  61  64 -12   1   0 0.07  0.0    0  4.5  7 340   M    M   0         M  M
13  81  61  71  -5   0   6 0.00  0.0    0  3.5  6 220   M    M   0         M  M
14  86  64  75   0   0  10 0.00  0.0    0  3.9  8 160   M    M   0         M  M
15  87  67  77   2   0  12 0.00  0.0    0  3.0  9 140   M    M   0         M  M
16  90  67  79   5   0  14 0.00  0.0    0  2.5  8 140   M    M   0         M  M
17  90  70  80   6   0  15 0.00  0.0    0  1.8  6  50   M    M   0         M  M
18  90  71  81   7   0  16 0.00  0.0    0  2.5  6 220   M    M   0         M  M
19  91  71  81   8   0  16 0.00  0.0    0  3.8  7 200   M    M   0 1       M  M
20  92  73  83  10   0  18 0.00  0.0    0  6.4 12 220   M    M   0        23 180
21  91  73  82  10   0  17 0.00  0.0    0  4.5  9 150   M    M   0 1      18 130
================================================================================
SM 1766 1364         1 205  0.28     0.0  78.7          M        0
================================================================================
AV 84.1 65.0                               3.7 FASTST   M    M   0    MAX(MPH)
                                 MISC ---->  # 15  90               # 23   90
================================================================================
NOTES:
# LAST OF SEVERAL OCCURRENCES

COLUMN 17 PEAK WIND IN M.P.H.

PRELIMINARY LOCAL CLIMATOLOGICAL DATA (WS FORM: F-6) , PAGE 2

                                          STATION:  North Little Rock
                                          MONTH:    SEPTEMBER
                                          YEAR:     2017
                                          LATITUDE:   34 50 N
                                          LONGITUDE:  92 16 W

[TEMPERATURE DATA]      [PRECIPITATION DATA]       SYMBOLS USED IN COLUMN 16

AVERAGE MONTHLY: 74.5   TOTAL FOR MONTH:   0.28    1 = FOG OR MIST
DPTR FM NORMAL:  -1.7   DPTR FM NORMAL:   -2.00    2 = FOG REDUCING VISIBILITY
HIGHEST:    92 ON 20    GRTST 24HR  0.21 ON  5- 5      TO 1/4 MILE OR LESS
LOWEST:     55 ON  7                               3 = THUNDER
                        SNOW, ICE PELLETS, HAIL    4 = ICE PELLETS
                        TOTAL MONTH:   0.0 INCH    5 = HAIL
                        GRTST 24HR     0.0         6 = FREEZING RAIN OR DRIZZLE
                        GRTST DEPTH:   0           7 = DUSTSTORM OR SANDSTORM:
                                                       VSBY 1/2 MILE OR LESS
                                                   8 = SMOKE OR HAZE
[NO. OF DAYS WITH]      [WEATHER - DAYS WITH]      9 = BLOWING SNOW
                                                   X = TORNADO
MAX 32 OR BELOW:   0    0.01 INCH OR MORE:   2
MAX 90 OR ABOVE:   7    0.10 INCH OR MORE:   1
MIN 32 OR BELOW:   0    0.50 INCH OR MORE:   0
MIN  0 OR BELOW:   0    1.00 INCH OR MORE:   0

[HDD (BASE 65) ]
TOTAL THIS MO.     1    CLEAR  (SCALE 0-3)  21
DPTR FM NORMAL    -2    PTCLDY (SCALE 4-7)   0
TOTAL FM JUL 1     1    CLOUDY (SCALE 8-10)  0
DPTR FM NORMAL    -2

[CDD (BASE 65) ]
TOTAL THIS MO.   205
DPTR FM NORMAL   -33    [PRESSURE DATA]
TOTAL FM JAN 1  1802    HIGHEST SLP 30.06 ON 21
DPTR FM NORMAL  -213    LOWEST  SLP 29.89 ON 20

[REMARKS]
