000
CXUS54 KLZK 281130
CF6M19
PRELIMINARY LOCAL CLIMATOLOGICAL DATA (WS FORM: F-6)

                                          STATION:   Newport Airport
                                          MONTH:     MAY
                                          YEAR:      2016
                                          LATITUDE:   35 35 N
                                          LONGITUDE:  91 16 W

  TEMPERATURE IN F:       :PCPN:    SNOW:  WIND      :SUNSHINE: SKY     :PK WND
================================================================================
1   2   3   4   5  6A  6B    7    8   9   10  11  12  13   14  15   16   17  18
                                     12Z  AVG MX 2MIN
DY MAX MIN AVG DEP HDD CDD  WTR  SNW DPTH SPD SPD DIR MIN PSBL S-S WX    SPD DR
================================================================================

 1  80  62  71   6   0   6    T    M    M  6.8 13 320   M    M   2         M  M
 2  69  56  63  -3   2   0    T    M    M  9.6 15 330   M    M   6         M  M
 3  69  51  60  -6   5   0 0.00    M    M  6.0 10 360   M    M   7         M  M
 4  79  51  65  -1   0   0 0.00    M    M 12.0 21 290   M    M   1        31 320
 5  74  50  62  -4   3   0 0.00    M    M 10.1 18 340   M    M   0        25 340
 6  78  49  64  -3   1   0 0.00    M    M  3.8  8 310   M    M   0         M  M
 7  87  57  72   5   0   7 0.00    M    M  8.7 18 220   M    M   0         M  M
 8  84  58  71   4   0   6    T    M    M 11.1 20 180   M    M   1        33 200
 9  75  66  71   3   0   6    T    M    M 15.1 22 160   M    M   8 13     31 190
10  85  62  74   6   0   9    T    M    M 13.0 23 200   M    M   5 3      31 190
11  89  70  80  12   0  15 0.00    M    M 12.9 22 190   M    M   1 18     25 190
12  80  58  69   1   0   4    T    M    M  9.5 17 320   M    M   3 13     24 320
13  81  53  67  -2   0   2 0.00    M    M  5.5 10 200   M    M   0         M  M
14  67  53  60  -9   5   0 0.00    M    M 11.4 23 340   M    M   1        32 340
15  69  49  59 -10   6   0 0.00    M    M  7.2 13  80   M    M   3         M  M
16  69  57  63  -6   2   0    T    M    M 10.2 17 110   M    M  10        24 100
17  76  55  66  -4   0   1 0.01    M    M 11.2 20 360   M    M   9         M  M
18  68  54  61  -9   4   0 0.00    M    M 15.4 22  30   M    M   7        27  30
19  76  51  64  -6   1   0 0.13    M    M 10.0 18  50   M    M   2        22  50
20  73  56  65  -6   0   0 0.04    M    M  8.2 13  10   M    M   7         M  M
21  78  56  67  -4   0   2 0.00    M    M  6.6 13  20   M    M   2        16  20
22  83  59  71   0   0   6    T    M    M  4.8 12 100   M    M   0         M  M
23  86  56  71   0   0   6    T    M    M  5.7 13 230   M    M   0        16 230
24  89  64  77   5   0  12 1.33    M    M  9.4 17 190   M    M   4 13      M  M
25  77  64  71  -1   0   6 0.37    M    M  6.8 12 160   M    M   4 13      M  M
26  87  69  78   6   0  13 0.09    M    M  9.9 22 200   M    M   7 3      23 100
27  78  69  74   1   0   9 1.44    M    M 14.8 22 160   M    M   7 13     25 190
================================================================================
SM 2106 1555        29 110  3.41    M    255.7          M       97
================================================================================
AV 78.0 57.6                               9.5 FASTST   M    M   4    MAX(MPH)
                                 MISC ---->  # 23 200                 33    M
================================================================================
NOTES:
# LAST OF SEVERAL OCCURRENCES

COLUMN 17 PEAK WIND IN M.P.H.

PRELIMINARY LOCAL CLIMATOLOGICAL DATA (WS FORM: F-6) , PAGE 2

                                          STATION:  Newport Airport
                                          MONTH:    MAY
                                          YEAR:     2016
                                          LATITUDE:   35 35 N
                                          LONGITUDE:  91 16 W

[TEMPERATURE DATA]      [PRECIPITATION DATA]       SYMBOLS USED IN COLUMN 16

AVERAGE MONTHLY: 67.8   TOTAL FOR MONTH:   3.41    1 = FOG OR MIST
DPTR FM NORMAL:  -1.1   DPTR FM NORMAL:   -0.97    2 = FOG REDUCING VISIBILITY
HIGHEST:    89 ON 24,11 GRTST 24HR  1.44 ON 27-27      TO 1/4 MILE OR LESS
LOWEST:     49 ON 15, 6                            3 = THUNDER
                        SNOW, ICE PELLETS, HAIL    4 = ICE PELLETS
                        TOTAL MONTH:    M          5 = HAIL
                        GRTST 24HR    M  ON   M    6 = FREEZING RAIN OR DRIZZLE
                        GRTST DEPTH:  M  ON   M    7 = DUSTSTORM OR SANDSTORM:
                                                       VSBY 1/2 MILE OR LESS
                                                   8 = SMOKE OR HAZE
[NO. OF DAYS WITH]      [WEATHER - DAYS WITH]      9 = BLOWING SNOW
                                                   X = TORNADO
MAX 32 OR BELOW:   0    0.01 INCH OR MORE:   7
MAX 90 OR ABOVE:   0    0.10 INCH OR MORE:   4
MIN 32 OR BELOW:   0    0.50 INCH OR MORE:   2
MIN  0 OR BELOW:   0    1.00 INCH OR MORE:   2

[HDD (BASE 65) ]
TOTAL THIS MO.    29    CLEAR  (SCALE 0-3)  15
DPTR FM NORMAL    -5    PTCLDY (SCALE 4-7)  10
TOTAL FM JUL 1  2710    CLOUDY (SCALE 8-10)  2
DPTR FM NORMAL  -908

[CDD (BASE 65) ]
TOTAL THIS MO.   110
DPTR FM NORMAL   -29    [PRESSURE DATA]
TOTAL FM JAN 1   179    HIGHEST SLP M ON M
DPTR FM NORMAL   -12    LOWEST  SLP M ON M

[REMARKS]
