840
CXUS52 KTAE 010621
CF6MAI
PRELIMINARY LOCAL CLIMATOLOGICAL DATA (WS FORM: F-6)

                                          STATION:   MARIANNA
                                          MONTH:     APRIL
                                          YEAR:      2015
                                          LATITUDE:   30 50 N
                                          LONGITUDE:  85 11 W

  TEMPERATURE IN F:       :PCPN:    SNOW:  WIND      :SUNSHINE: SKY     :PK WND
================================================================================
1   2   3   4   5  6A  6B    7    8   9   10  11  12  13   14  15   16   17  18
                                     12Z  AVG MX 2MIN
DY MAX MIN AVG DEP HDD CDD  WTR  SNW DPTH SPD SPD DIR MIN PSBL S-S WX    SPD DR
================================================================================

 1  85  60  73  10   0   8    T  0.0    0  5.8 13 230   M    M   1 1      18 240
 2  83  59  71   8   0   6    T  0.0    0  2.9 17 190   M    M   4 123    19 190
 3  84  56  70   6   0   5 0.00  0.0    0  6.8 21 190   M    M   4 12     25 200
 4  78  58  68   4   0   3 0.02  0.0    0  8.5 20 350   M    M   5 1      23 330
 5  79  49  64   0   1   0 0.00    M    0  6.7 14  80   M    M   4        20  80
 6  81  66  74  10   0   9 0.00  0.0    0  4.7 12 200   M    M   8        16 180
 7  88  63  76  12   0  11    T  0.0    0  3.3  9 170   M    M   3 12     16 200
 8  89  62  76  11   0  11 0.00  0.0    0  3.8 13 230   M    M   0        16 240
 9  87  61  74   9   0   9 0.00  0.0    0  6.2 16 230   M    M   4 12     20 190
10  86  66  76  11   0  11 0.22  0.0    0  6.7 16 220   M    M   5 13     21 220
11  79  66  73   8   0   8 0.05  0.0    0  2.8 13 190   M    M   6 1      17 190
12  76  65  71   5   0   6 2.48  0.0    0  4.8 23  60   M    M  10 13     29  60
13  76  69  73   7   0   8 0.23  0.0    0  5.7 10 190   M    M   6        32 270
14  84  69  77  11   0  12 2.73  0.0    0  5.5 23 290   M    M   7 13     31 240
15  83  67  75   9   0  10 0.03  0.0    0  6.6 15 290   M    M   7 13     18 280
16  77  66  72   5   0   7 1.46  0.0    0  8.5 17  90   M    M   9 13     27 140
17  73  65  69   2   0   4 1.14  0.0    0  4.6 16 290   M    M  10 123    20 280
18  81  66  74   7   0   9    T  0.0    0  3.5 12 190   M    M   5 12     14 250
19  76  65  71   4   0   6 1.27  0.0    0  9.0 28 230   M    M   4 13     37 220
20  78  65  72   4   0   7 0.01  0.0    0  8.0 22 180   M    M   2 1      27 190
21  77  54  66  -2   0   1 0.00  0.0    0  3.5 15  30   M    M   0        19  20
22  84  56  70   2   0   5 0.00  0.0    0  3.6 12 190   M    M   0        16 360
23  87  58  73   5   0   8 0.00  0.0    0  1.8 10 320   M    M   1 1      19 280
24  85  63  74   5   0   9 0.00  0.0    0  4.8 15  50   M    M   0        17  50
25  85  64  75   6   0  10 1.31  0.0    0  7.2 30 250   M    M   5 13     40 250
26  88  66  77   8   0  12 0.00  0.0    0  5.8 14 250   M    M   1        17 230
27  70  65  68  -2   0   3    M  0.0    0  5.4 10  50   M    M   3 12     12  50
28  73  64  69  -1   0   4 0.06  0.0    0  7.6 15  70   M    M  10 1      18  60
29  78  57  68  -2   0   3 0.18  0.0    0  7.2 20 330   M    M   7 1      23 350
30  79  53  66  -5   0   1 0.00  0.0    0  5.8 15 280   M    M   0        18 300
================================================================================
SM 2429 1863         1 206 11.19     0.0 167.1          M      131
================================================================================
AV 81.0 62.1                               5.6 FASTST   M    M   4    MAX(MPH)
                                 MISC ---->  # 30 250               # 40  250
================================================================================
NOTES:
# LAST OF SEVERAL OCCURRENCES

COLUMN 17 PEAK WIND IN M.P.H.

PRELIMINARY LOCAL CLIMATOLOGICAL DATA (WS FORM: F-6) , PAGE 2

                                          STATION:  MARIANNA
                                          MONTH:    APRIL
                                          YEAR:     2015
                                          LATITUDE:   30 50 N
                                          LONGITUDE:  85 11 W

[TEMPERATURE DATA]      [PRECIPITATION DATA]       SYMBOLS USED IN COLUMN 16

AVERAGE MONTHLY: 71.5   TOTAL FOR MONTH:  11.19    1 = FOG OR MIST
DPTR FM NORMAL:   4.8   DPTR FM NORMAL:    7.48    2 = FOG REDUCING VISIBILITY
HIGHEST:    89 ON  8    GRTST 24HR  2.76 ON 14-15      TO 1/4 MILE OR LESS
LOWEST:     49 ON  5                               3 = THUNDER
                        SNOW, ICE PELLETS, HAIL    4 = ICE PELLETS
                        TOTAL MONTH:   0.0 INCH    5 = HAIL
                        GRTST 24HR     0.0         6 = FREEZING RAIN OR DRIZZLE
                        GRTST DEPTH:   0           7 = DUSTSTORM OR SANDSTORM:
                                                       VSBY 1/2 MILE OR LESS
                                                   8 = SMOKE OR HAZE
[NO. OF DAYS WITH]      [WEATHER - DAYS WITH]      9 = BLOWING SNOW
                                                   X = TORNADO
MAX 32 OR BELOW:   0    0.01 INCH OR MORE:  14
MAX 90 OR ABOVE:   0    0.10 INCH OR MORE:   9
MIN 32 OR BELOW:   0    0.50 INCH OR MORE:   6
MIN  0 OR BELOW:   0    1.00 INCH OR MORE:   6

[HDD (BASE 65) ]
TOTAL THIS MO.     1    CLEAR  (SCALE 0-3)  10
DPTR FM NORMAL   -60    PTCLDY (SCALE 4-7)  16
TOTAL FM JUL 1  1685    CLOUDY (SCALE 8-10)  4
DPTR FM NORMAL    39

[CDD (BASE 65) ]
TOTAL THIS MO.   206
DPTR FM NORMAL    95    [PRESSURE DATA]
TOTAL FM JAN 1   310    HIGHEST SLP M ON M
DPTR FM NORMAL   152    LOWEST  SLP 29.67 ON 25

[REMARKS]
#FINAL-04-15#
