000
CXUS55 KLIX 010830
CF6MCB
PRELIMINARY LOCAL CLIMATOLOGICAL DATA (WS FORM: F-6)

                                          STATION:   MCCOMB
                                          MONTH:     FEBRUARY
                                          YEAR:      2015
                                          LATITUDE:   31 10 N
                                          LONGITUDE:  90 28 W

  TEMPERATURE IN F:       :PCPN:    SNOW:  WIND      :SUNSHINE: SKY     :PK WND
================================================================================
1   2   3   4   5  6A  6B    7    8   9   10  11  12  13   14  15   16   17  18
                                     12Z  AVG MX 2MIN
DY MAX MIN AVG DEP HDD CDD  WTR  SNW DPTH SPD SPD DIR MIN PSBL S-S WX    SPD DR
================================================================================

 1  66  50  58   9   7   0 0.44  0.0    0 10.0 29 320   M    M  10 13     35 330
 2  51  32  42  -7  23   0 0.00  0.0    0 12.0 26 320   M    M   1        32 320
 3  45  30  38 -12  27   0 0.00  0.0    0  2.3  9  20   M    M   0        14  20
 4  47  38  43  -7  22   0 0.14  0.0    0  2.7 14  70   M    M   9 1      19  80
 5  55  36  46  -4  19   0 0.00  0.0    0  8.8 17 340   M    M   5 1      22 340
 6  61  30  46  -4  19   0 0.00  0.0    0  2.2  9  10   M    M   0        13  10
 7  67  30  49  -1  16   0 0.00  0.0    0  5.1 17 190   M    M   0 18     21 190
 8  73  48  61  11   4   0 0.00  0.0    0  8.1 17 210   M    M   5 1      26 210
 9  75  50  63  13   2   0 0.00  0.0    0 10.8 26 330   M    M   3 1      36 320
10  63  37  50  -1  15   0 0.00  0.0    0  7.3 15  10   M    M   0 8      19  10
11  73  35  54   3  11   0 0.00  0.0    0  3.1  9 350   M    M   0        13  10
12  59  36  48  -3  17   0 0.00  0.0    0 11.2 18 320   M    M   0        26 350
13  56  29  43  -8  22   0 0.00  0.0    0  3.6 12 360   M    M   0        15 360
14  71  30  51  -1  14   0 0.00  0.0    0  4.3 17 260   M    M   0 18     23 310
15  68  44  56   4   9   0    T    M    0  5.4 12 200   M    M   3 128    16 100
16  69  32  51  -1  14   0 0.79    M    0 12.1 32 320   M    M  10 18     41 330
17  45  28  37 -15  28   0 0.00  0.0    0 11.3 21 350   M    M   8        29 340
18  53  27  40 -12  25   0 0.00  0.0    0  9.8 26 320   M    M   1        35 320
19  49  29  39 -14  26   0 0.00  0.0    0  5.8 13 350   M    M   1        18 350
20  62  31  47  -6  18   0 0.02    M    0 11.1 25 160   M    M   8 1      32 160
21  72  55  64  11   1   0 0.02  0.0    0 12.2 25 170   M    M   9 1      32 160
22  63  45  54   1  11   0 0.13    M    0  5.7 15 350   M    M  10 1      19 340
23  45  34  40 -14  25   0 0.18    M    0 10.0 18 360   M    M  10 1      25 360
24  42  32  37 -17  28   0 0.02    M    0  6.9 13 350   M    M  10 1      17 330
25  39  35  37 -17  28   0 0.92  0.0    0  6.8 15 330   M    M  10 18     20 330
26  51  33  42 -12  23   0 0.00  0.0    0 10.7 18 350   M    M   6 1      24 350
27  49  33  41 -14  24   0 0.00  0.0    0  8.2 15 360   M    M   6        20 350
28  68  32  50  -5  15   0 0.00  0.0    0  6.9 14 130   M    M   3 8      20 140
================================================================================
SM 1637 1001       493   0  2.66     0.0 214.4          M      128
================================================================================
AV 58.5 35.8                               7.7 FASTST   M    M   5    MAX(MPH)
                                 MISC ---->  # 32 320               # 41  330
================================================================================
NOTES:
# LAST OF SEVERAL OCCURRENCES

COLUMN 17 PEAK WIND IN M.P.H.

PRELIMINARY LOCAL CLIMATOLOGICAL DATA (WS FORM: F-6) , PAGE 2

                                          STATION:  MCCOMB
                                          MONTH:    FEBRUARY
                                          YEAR:     2015
                                          LATITUDE:   31 10 N
                                          LONGITUDE:  90 28 W

[TEMPERATURE DATA]      [PRECIPITATION DATA]       SYMBOLS USED IN COLUMN 16

AVERAGE MONTHLY: 47.1   TOTAL FOR MONTH:   2.66    1 = FOG OR MIST
DPTR FM NORMAL:  -4.7   DPTR FM NORMAL:   -3.01    2 = FOG REDUCING VISIBILITY
HIGHEST:    75 ON  9    GRTST 24HR  0.92 ON 25-25      TO 1/4 MILE OR LESS
LOWEST:     27 ON 18                               3 = THUNDER
                        SNOW, ICE PELLETS, HAIL    4 = ICE PELLETS
                        TOTAL MONTH:   0.0 INCH    5 = HAIL
                        GRTST 24HR     0.0         6 = FREEZING RAIN OR DRIZZLE
                        GRTST DEPTH:   0           7 = DUSTSTORM OR SANDSTORM:
                                                       VSBY 1/2 MILE OR LESS
                                                   8 = SMOKE OR HAZE
[NO. OF DAYS WITH]      [WEATHER - DAYS WITH]      9 = BLOWING SNOW
                                                   X = TORNADO
MAX 32 OR BELOW:   0    0.01 INCH OR MORE:   9
MAX 90 OR ABOVE:   0    0.10 INCH OR MORE:   6
MIN 32 OR BELOW:  13    0.50 INCH OR MORE:   2
MIN  0 OR BELOW:   0    1.00 INCH OR MORE:   0

[HDD (BASE 65) ]
TOTAL THIS MO.   493    CLEAR  (SCALE 0-3)  14
DPTR FM NORMAL   115    PTCLDY (SCALE 4-7)   6
TOTAL FM JUL 1  1792    CLOUDY (SCALE 8-10)  8
DPTR FM NORMAL    88

[CDD (BASE 65) ]
TOTAL THIS MO.     0
DPTR FM NORMAL    -8    [PRESSURE DATA]
TOTAL FM JAN 1     1    HIGHEST SLP 30.49 ON 19
DPTR FM NORMAL   -13    LOWEST  SLP 29.71 ON 25

[REMARKS]
#FINAL-02-15#
