000
CXUS55 KLIX 280830
CF6MCB
PRELIMINARY LOCAL CLIMATOLOGICAL DATA (WS FORM: F-6)

                                          STATION:   MCCOMB
                                          MONTH:     AUGUST
                                          YEAR:      2014
                                          LATITUDE:   31 10 N
                                          LONGITUDE:  90 28 W

  TEMPERATURE IN F:       :PCPN:    SNOW:  WIND      :SUNSHINE: SKY     :PK WND
================================================================================
1   2   3   4   5  6A  6B    7    8   9   10  11  12  13   14  15   16   17  18
                                     12Z  AVG MX 2MIN
DY MAX MIN AVG DEP HDD CDD  WTR  SNW DPTH SPD SPD DIR MIN PSBL S-S WX    SPD DR
================================================================================

 1  75  70  73  -8   0   8 0.20  0.0    0  2.7  7 100   M    M   8 18     11 110
 2  87  72  80  -1   0  15 0.00  0.0    0  2.8  9 120   M    M   8 18      M  M
 3  92  73  83   2   0  18 0.00  0.0    0  3.9 13 160   M    M   4 138    17 170
 4  90  70  80  -1   0  15 0.05  0.0    0  3.1 13 130   M    M   4 13     18 140
 5  93  70  82   1   0  17 0.00  0.0    0  2.7  9 340   M    M   2 1      13 310
 6  95  73  84   3   0  19 0.00  0.0    0  3.2 14 150   M    M   2 138    18 140
 7  93  73  83   2   0  18 0.00  0.0    0  4.1 14 250   M    M   1 1      18 250
 8  94  74  84   3   0  19    T  0.0    0  4.4 20 260   M    M   1 13     24 270
 9  94  74  84   3   0  19 0.28  0.0    0  5.6 28 310   M    M   2 138    38 310
10  92  72  82   1   0  17 0.20  0.0    0  4.9 21 200   M    M   3 13     30 210
11  90  72  81   0   0  16 0.02  0.0    0  2.8 23 360   M    M   4 3      31 350
12  91  71  81   0   0  16 0.00  0.0    0  5.3 13 310   M    M   1        17 310
13  88  71  80  -1   0  15 0.00  0.0    0  6.0 14 270   M    M   2        19 220
14  88  67  78  -3   0  13 0.00  0.0    0  4.9 12 330   M    M   1 8      14 340
15  90  64  77  -4   0  12 0.00  0.0    0  2.6 13 280   M    M   1 1      17 240
16  94  67  81   0   0  16 0.00  0.0    0  4.2 15 290   M    M   2 138    21 190
17  93  72  83   2   0  18    T  0.0    0  5.8 17 160   M    M   1 13     22 270
18  93  70  82   1   0  17    T  0.0    0  6.2 17 240   M    M   2 13     22 220
19  94  73  84   3   0  19 0.00  0.0    0  5.0 13 260   M    M   3 1      18 240
20  94  73  84   3   0  19 0.00  0.0    0  3.7 16 180   M    M   1 3      21 210
21  94  71  83   2   0  18 0.22  0.0    0  2.3 17  60   M    M   2 38     23  70
22  94  72  83   2   0  18 0.00  0.0    0  2.0 10 340   M    M   1 1      15 300
23  94  74  84   4   0  19 0.14  0.0    0  2.8 12 200   M    M   4 13     14 200
24  95  74  85   5   0  20 0.00  0.0    0  6.0 17 330   M    M   1 1      22 320
25  91  74  83   3   0  18 0.58  0.0    0  5.3 14 110   M    M   4 138    21 120
26  90  71  81   1   0  16 0.00  0.0    0  4.2 12  60   M    M   0        18  60
27  93  71  82   2   0  17 0.00  0.0    0  3.4 13 170   M    M   2        16 170
================================================================================
SM 2471 1928         0 452  1.69     0.0 109.9          M       67
================================================================================
AV 91.5 71.4                               4.1 FASTST   M    M   2    MAX(MPH)
                                 MISC ---->  # 28 310               # 38  310
================================================================================
NOTES:
# LAST OF SEVERAL OCCURRENCES

COLUMN 17 PEAK WIND IN M.P.H.

PRELIMINARY LOCAL CLIMATOLOGICAL DATA (WS FORM: F-6) , PAGE 2

                                          STATION:  MCCOMB
                                          MONTH:    AUGUST
                                          YEAR:     2014
                                          LATITUDE:   31 10 N
                                          LONGITUDE:  90 28 W

[TEMPERATURE DATA]      [PRECIPITATION DATA]       SYMBOLS USED IN COLUMN 16

AVERAGE MONTHLY: 81.5   TOTAL FOR MONTH:   1.69    1 = FOG OR MIST
DPTR FM NORMAL:   0.6   DPTR FM NORMAL:   -3.03    2 = FOG REDUCING VISIBILITY
HIGHEST:    95 ON 24, 6 GRTST 24HR  0.58 ON 24-25      TO 1/4 MILE OR LESS
LOWEST:     64 ON 15                               3 = THUNDER
                        SNOW, ICE PELLETS, HAIL    4 = ICE PELLETS
                        TOTAL MONTH:   0.0 INCH    5 = HAIL
                        GRTST 24HR     0.0         6 = FREEZING RAIN OR DRIZZLE
                        GRTST DEPTH:   0           7 = DUSTSTORM OR SANDSTORM:
                                                       VSBY 1/2 MILE OR LESS
                                                   8 = SMOKE OR HAZE
[NO. OF DAYS WITH]      [WEATHER - DAYS WITH]      9 = BLOWING SNOW
                                                   X = TORNADO
MAX 32 OR BELOW:   0    0.01 INCH OR MORE:   8
MAX 90 OR ABOVE:  23    0.10 INCH OR MORE:   6
MIN 32 OR BELOW:   0    0.50 INCH OR MORE:   1
MIN  0 OR BELOW:   0    1.00 INCH OR MORE:   0

[HDD (BASE 65) ]
TOTAL THIS MO.     0    CLEAR  (SCALE 0-3)  19
DPTR FM NORMAL     0    PTCLDY (SCALE 4-7)   7
TOTAL FM JUL 1     0    CLOUDY (SCALE 8-10)  1
DPTR FM NORMAL     0

[CDD (BASE 65) ]
TOTAL THIS MO.   452
DPTR FM NORMAL    25    [PRESSURE DATA]
TOTAL FM JAN 1  1646    HIGHEST SLP M ON M
DPTR FM NORMAL   -63    LOWEST  SLP 29.86 ON M

[REMARKS]
